{"id":204,"date":"2023-03-24T16:16:31","date_gmt":"2023-03-24T19:16:31","guid":{"rendered":"https:\/\/www.ufsm.br\/pet\/educacao-fisica\/?page_id=204"},"modified":"2023-03-24T16:16:52","modified_gmt":"2023-03-24T19:16:52","slug":"reunioes-semanais-ordinarias-e-extraordinarias","status":"publish","type":"page","link":"https:\/\/www.ufsm.br\/pet\/educacao-fisica\/reunioes-semanais-ordinarias-e-extraordinarias","title":{"rendered":"REUNI\u00d5ES SEMANAIS ORDIN\u00c1RIAS E EXTRAORDIN\u00c1RIAS"},"content":{"rendered":"\t\t<div data-elementor-type=\"wp-page\" data-elementor-id=\"204\" class=\"elementor elementor-204\">\n\t\t\t\t\t\t<section class=\"elementor-section elementor-top-section elementor-element elementor-element-eddc2ee elementor-section-boxed elementor-section-height-default elementor-section-height-default\" data-id=\"eddc2ee\" data-element_type=\"section\">\n\t\t\t\t\t\t<div class=\"elementor-container elementor-column-gap-default\">\n\t\t\t\t\t<div class=\"elementor-column elementor-col-100 elementor-top-column elementor-element elementor-element-f58c9d7\" data-id=\"f58c9d7\" data-element_type=\"column\">\n\t\t\t<div class=\"elementor-widget-wrap elementor-element-populated\">\n\t\t\t\t\t\t<div class=\"elementor-element elementor-element-ca0cdb5 elementor-widget elementor-widget-text-editor\" data-id=\"ca0cdb5\" data-element_type=\"widget\" data-widget_type=\"text-editor.default\">\n\t\t\t\t<div class=\"elementor-widget-container\">\n\t\t\t\t\t\t\t<p><strong>Introdu\u00e7\u00e3o<\/strong><\/p><p>Os encontros semanais re\u00fanem os integrantes do PET EDUCA\u00c7\u00c3O F\u00cdSICA, ou colaboradores, para a discuss\u00e3o de assuntos pr\u00e9-definidos (pautados) ou para assuntos inclu\u00eddos em pauta, em conformidade as necessidades devidamente justificadas, antes do in\u00edcio de cada reuni\u00e3o. A obrigatoriedade da presen\u00e7a para o Tutor e os Petianos, segue as normativas apontadas junto ao Manual de Orienta\u00e7\u00f5es B\u00e1sicas do PET, bem como as normativas existentes no Regimento Interno do Grupo PET Educa\u00e7\u00e3o F\u00edsica, reestruturado em novembro de 2020. Nas reuni\u00f5es s\u00e3o debatidos e definidos diversos assuntos pertinentes ao PET, a exemplo da organiza\u00e7\u00e3o de minicursos, da defini\u00e7\u00e3o dos Petianos respons\u00e1veis por alguma atividade a ser realizada, de altera\u00e7\u00f5es no regimento interno, dos repasses internos, efetiva\u00e7\u00e3o de projetos com a comunidade, entre tantos outros.<\/p><p><strong>Metodologia<\/strong><\/p><p>As reuni\u00f5es ocorrem se observando a dura\u00e7\u00e3o de uma hora, junto \u00e0 sala do PET EDUCA\u00c7\u00c3O F\u00cdSICA. Quando alguma pauta n\u00e3o \u00e9 contemplada, acontece a transfer\u00eancia da mesma para a pr\u00f3xima reuni\u00e3o. A cada reuni\u00e3o, um Petiano ser\u00e1 respons\u00e1vel pela confec\u00e7\u00e3o da ata, em conformidade a uma ordem estabelecida; a ata dever\u00e1 ser entregue para a leitura do grupo, 24 horas antes da pr\u00f3xima reuni\u00e3o, para vota\u00e7\u00e3o e aprova\u00e7\u00e3o no in\u00edcio da reuni\u00e3o seguinte.<\/p><p><strong>Resultados esperados<\/strong><\/p><p>Os resultados estimados com as reuni\u00f5es, dizem respeito a consolida\u00e7\u00e3o do trabalho coletivo e do protagonismo dos Petianos, no sentido de apoiar a proatividade e dar cada vez mais autonomia para o crescimento e o envolvimento junto \u00e0s atividades de ensino, pesquisa e extens\u00e3o. Posicionando os acad\u00eamicos em um contexto de debates e reflex\u00f5es constantes, voltados a melhoria dos cursos de Licenciatura e Bacharelado. O car\u00e1ter agregador das reuni\u00f5es \u00e9 o principal ponto de converg\u00eancia para a apresenta\u00e7\u00e3o de diversos pontos de vista, bem como o estabelecimento de interlocu\u00e7\u00f5es plurais, importantes \u00e0 constru\u00e7\u00e3o do conhecimento na \u00e1rea.<\/p>\t\t\t\t\t\t<\/div>\n\t\t\t\t<\/div>\n\t\t\t\t\t<\/div>\n\t\t<\/div>\n\t\t\t\t\t<\/div>\n\t\t<\/section>\n\t\t\t\t<\/div>\n\t\t","protected":false},"excerpt":{"rendered":"<p>Introdu\u00e7\u00e3o Os encontros semanais re\u00fanem os integrantes do PET EDUCA\u00c7\u00c3O F\u00cdSICA, ou colaboradores, para a discuss\u00e3o de assuntos pr\u00e9-definidos (pautados) ou para assuntos inclu\u00eddos em pauta, em conformidade as necessidades devidamente justificadas, antes do in\u00edcio de cada reuni\u00e3o. A obrigatoriedade da presen\u00e7a para o Tutor e os Petianos, segue as normativas apontadas junto ao Manual [&hellip;]<\/p>\n","protected":false},"author":4287,"featured_media":0,"parent":0,"menu_order":0,"comment_status":"closed","ping_status":"closed","template":"","meta":{"footnotes":""},"categories":[],"tags":[],"class_list":["post-204","page","type-page","status-publish","hentry"],"acf":[],"_links":{"self":[{"href":"https:\/\/www.ufsm.br\/pet\/educacao-fisica\/wp-json\/wp\/v2\/pages\/204","targetHints":{"allow":["GET"]}}],"collection":[{"href":"https:\/\/www.ufsm.br\/pet\/educacao-fisica\/wp-json\/wp\/v2\/pages"}],"about":[{"href":"https:\/\/www.ufsm.br\/pet\/educacao-fisica\/wp-json\/wp\/v2\/types\/page"}],"author":[{"embeddable":true,"href":"https:\/\/www.ufsm.br\/pet\/educacao-fisica\/wp-json\/wp\/v2\/users\/4287"}],"replies":[{"embeddable":true,"href":"https:\/\/www.ufsm.br\/pet\/educacao-fisica\/wp-json\/wp\/v2\/comments?post=204"}],"version-history":[{"count":0,"href":"https:\/\/www.ufsm.br\/pet\/educacao-fisica\/wp-json\/wp\/v2\/pages\/204\/revisions"}],"wp:attachment":[{"href":"https:\/\/www.ufsm.br\/pet\/educacao-fisica\/wp-json\/wp\/v2\/media?parent=204"}],"wp:term":[{"taxonomy":"category","embeddable":true,"href":"https:\/\/www.ufsm.br\/pet\/educacao-fisica\/wp-json\/wp\/v2\/categories?post=204"},{"taxonomy":"post_tag","embeddable":true,"href":"https:\/\/www.ufsm.br\/pet\/educacao-fisica\/wp-json\/wp\/v2\/tags?post=204"}],"curies":[{"name":"wp","href":"https:\/\/api.w.org\/{rel}","templated":true}]}}