{"id":206,"date":"2023-03-24T16:22:29","date_gmt":"2023-03-24T19:22:29","guid":{"rendered":"https:\/\/www.ufsm.br\/pet\/educacao-fisica\/?page_id=206"},"modified":"2023-03-24T16:22:36","modified_gmt":"2023-03-24T19:22:36","slug":"participacao-do-grupo-pet-educacao-fisica-nos-projetos-institucionais-geoparques-quarta-colonia-e-cacapava-do-sul","status":"publish","type":"page","link":"https:\/\/www.ufsm.br\/pet\/educacao-fisica\/participacao-do-grupo-pet-educacao-fisica-nos-projetos-institucionais-geoparques-quarta-colonia-e-cacapava-do-sul","title":{"rendered":"PARTICIPA\u00c7\u00c3O DO GRUPO PET EDUCA\u00c7\u00c3O F\u00cdSICA NOS PROJETOS INSTITUCIONAIS GEOPARQUES QUARTA COL\u00d4NIA E CA\u00c7APAVA DO SUL"},"content":{"rendered":"\t\t<div data-elementor-type=\"wp-page\" data-elementor-id=\"206\" class=\"elementor elementor-206\">\n\t\t\t\t\t\t<section class=\"elementor-section elementor-top-section elementor-element elementor-element-3206f0f elementor-section-boxed elementor-section-height-default elementor-section-height-default\" data-id=\"3206f0f\" data-element_type=\"section\">\n\t\t\t\t\t\t<div class=\"elementor-container elementor-column-gap-default\">\n\t\t\t\t\t<div class=\"elementor-column elementor-col-100 elementor-top-column elementor-element elementor-element-7f5ef1e\" data-id=\"7f5ef1e\" data-element_type=\"column\">\n\t\t\t<div class=\"elementor-widget-wrap elementor-element-populated\">\n\t\t\t\t\t\t<div class=\"elementor-element elementor-element-c93d7a6 elementor-widget elementor-widget-text-editor\" data-id=\"c93d7a6\" data-element_type=\"widget\" data-widget_type=\"text-editor.default\">\n\t\t\t\t<div class=\"elementor-widget-container\">\n\t\t\t\t\t\t\t<p><strong>Introdu\u00e7\u00e3o<\/strong><\/p><p>Os Projetos Estrat\u00e9gicos Geoparques Quarta Col\u00f4nia e Ca\u00e7apava do Sul s\u00e3o vinculados \u00e0 Pr\u00f3 Reitoria de Extens\u00e3o da Universidade Federal de Santa Maria. Suas operacionaliza\u00e7\u00f5es baseiam-se na singularidade geol\u00f3gica e nas possibilidades de contribui\u00e7\u00e3o acad\u00eamica visando novas alternativas de economia para a regi\u00e3o, priorizando aspectos sustent\u00e1veis, mediados na conserva\u00e7\u00e3o do patrim\u00f4nio natural e cultural, na educa\u00e7\u00e3o para o meio ambiente, no incentivo \u00e0 gera\u00e7\u00e3o de renda atrav\u00e9s de iniciativas privadas, estimulando o turismo local. O PET EDUCA\u00c7\u00c3O F\u00cdSICA ingressa como mais um colaborador \u00e0 apropria\u00e7\u00e3o do conhecimento, com vistas a envolver a capacita\u00e7\u00e3o das comunidades e auxiliar na constitui\u00e7\u00e3o de alternativas sustent\u00e1veis para o lazer e a recrea\u00e7\u00e3o, baseados na sustentabilidade ambiental.<\/p><p><strong>Metodologia<\/strong><\/p><p>A atividade ser\u00e1 realizada em acordo aos Projetos Institucionais e as suas diretrizes, observando os atributos existentes junto ao Plano de Desenvolvimento Institucional da UFSM, no que diz respeito ao est\u00edmulo para a autonomia e o desenvolvimento de atitudes empreendedoras, que objetiva a atualiza\u00e7\u00e3o e a participa\u00e7\u00e3o ativa no coletivo, entendendo realidades e avaliando eticamente problemas relevantes, com a respectiva solu\u00e7\u00e3o para mudan\u00e7as sociais significativas.<\/p><p><strong>Resultados esperados<\/strong><\/p><p>Estima-se a participa\u00e7\u00e3o do PET EDUCA\u00c7\u00c3O F\u00cdSICA junto aos Projetos Institucionais citados, ocorra um acr\u00e9scimo significativo na constitui\u00e7\u00e3o e no incremento de atividades de lazer e recrea\u00e7\u00e3o em espa\u00e7os de preserva\u00e7\u00e3o ambiental. No que diz respeito aos processos did\u00e1tico-pedag\u00f3gicos, buscar-se-\u00e1, fundamentalmente, propostas inovadoras ligadas ao movimento, ao brincar e aos jogos.<\/p>\t\t\t\t\t\t<\/div>\n\t\t\t\t<\/div>\n\t\t\t\t\t<\/div>\n\t\t<\/div>\n\t\t\t\t\t<\/div>\n\t\t<\/section>\n\t\t\t\t<\/div>\n\t\t","protected":false},"excerpt":{"rendered":"<p>Introdu\u00e7\u00e3o Os Projetos Estrat\u00e9gicos Geoparques Quarta Col\u00f4nia e Ca\u00e7apava do Sul s\u00e3o vinculados \u00e0 Pr\u00f3 Reitoria de Extens\u00e3o da Universidade Federal de Santa Maria. Suas operacionaliza\u00e7\u00f5es baseiam-se na singularidade geol\u00f3gica e nas possibilidades de contribui\u00e7\u00e3o acad\u00eamica visando novas alternativas de economia para a regi\u00e3o, priorizando aspectos sustent\u00e1veis, mediados na conserva\u00e7\u00e3o do patrim\u00f4nio natural e cultural, [&hellip;]<\/p>\n","protected":false},"author":4287,"featured_media":0,"parent":0,"menu_order":0,"comment_status":"closed","ping_status":"closed","template":"","meta":{"footnotes":""},"categories":[],"tags":[],"class_list":["post-206","page","type-page","status-publish","hentry"],"acf":[],"_links":{"self":[{"href":"https:\/\/www.ufsm.br\/pet\/educacao-fisica\/wp-json\/wp\/v2\/pages\/206","targetHints":{"allow":["GET"]}}],"collection":[{"href":"https:\/\/www.ufsm.br\/pet\/educacao-fisica\/wp-json\/wp\/v2\/pages"}],"about":[{"href":"https:\/\/www.ufsm.br\/pet\/educacao-fisica\/wp-json\/wp\/v2\/types\/page"}],"author":[{"embeddable":true,"href":"https:\/\/www.ufsm.br\/pet\/educacao-fisica\/wp-json\/wp\/v2\/users\/4287"}],"replies":[{"embeddable":true,"href":"https:\/\/www.ufsm.br\/pet\/educacao-fisica\/wp-json\/wp\/v2\/comments?post=206"}],"version-history":[{"count":0,"href":"https:\/\/www.ufsm.br\/pet\/educacao-fisica\/wp-json\/wp\/v2\/pages\/206\/revisions"}],"wp:attachment":[{"href":"https:\/\/www.ufsm.br\/pet\/educacao-fisica\/wp-json\/wp\/v2\/media?parent=206"}],"wp:term":[{"taxonomy":"category","embeddable":true,"href":"https:\/\/www.ufsm.br\/pet\/educacao-fisica\/wp-json\/wp\/v2\/categories?post=206"},{"taxonomy":"post_tag","embeddable":true,"href":"https:\/\/www.ufsm.br\/pet\/educacao-fisica\/wp-json\/wp\/v2\/tags?post=206"}],"curies":[{"name":"wp","href":"https:\/\/api.w.org\/{rel}","templated":true}]}}