{"id":96,"date":"2021-06-24T15:15:35","date_gmt":"2021-06-24T18:15:35","guid":{"rendered":"https:\/\/www.ufsm.br\/pet\/educacao-fisica\/?page_id=96"},"modified":"2021-06-24T15:16:19","modified_gmt":"2021-06-24T18:16:19","slug":"participacao-do-grupo-pet-educacaofisica-no-projeto-institucional-geoparque-quarta-colonia","status":"publish","type":"page","link":"https:\/\/www.ufsm.br\/pet\/educacao-fisica\/participacao-do-grupo-pet-educacaofisica-no-projeto-institucional-geoparque-quarta-colonia","title":{"rendered":"PARTICIPA\u00c7\u00c3O DO GRUPO PET EDUCA\u00c7\u00c3OF\u00cdSICA NO PROJETO INSTITUCIONAL GEOPARQUE QUARTA COL\u00d4NIA"},"content":{"rendered":"\t\t<div data-elementor-type=\"wp-page\" data-elementor-id=\"96\" class=\"elementor elementor-96\">\n\t\t\t\t\t\t<section class=\"elementor-section elementor-top-section elementor-element elementor-element-b7749bd elementor-section-boxed elementor-section-height-default elementor-section-height-default\" data-id=\"b7749bd\" data-element_type=\"section\">\n\t\t\t\t\t\t<div class=\"elementor-container elementor-column-gap-default\">\n\t\t\t\t\t<div class=\"elementor-column elementor-col-100 elementor-top-column elementor-element elementor-element-bae17b2\" data-id=\"bae17b2\" data-element_type=\"column\">\n\t\t\t<div class=\"elementor-widget-wrap elementor-element-populated\">\n\t\t\t\t\t\t<div class=\"elementor-element elementor-element-b8a2436 elementor-widget elementor-widget-heading\" data-id=\"b8a2436\" data-element_type=\"widget\" data-widget_type=\"heading.default\">\n\t\t\t\t<div class=\"elementor-widget-container\">\n\t\t\t<h2 class=\"elementor-heading-title elementor-size-default\">Introdu\u00e7\u00e3o<\/h2>\t\t<\/div>\n\t\t\t\t<\/div>\n\t\t\t\t<div class=\"elementor-element elementor-element-e04e61c elementor-widget elementor-widget-text-editor\" data-id=\"e04e61c\" data-element_type=\"widget\" data-widget_type=\"text-editor.default\">\n\t\t\t\t<div class=\"elementor-widget-container\">\n\t\t\t\t\t\t\t<p>O Projeto Estrat\u00e9gico Geoparque Quarta Col\u00f4nia \u00e9 vinculado \u00e0 Pr\u00f3 Reitoria de Extens\u00e3o da Universidade Federal de Santa Maria. Sua operacionaliza\u00e7\u00e3o se baseia na singularidade geol\u00f3gica e nas possibilidades de contribui\u00e7\u00e3o acad\u00eamica visando novas alternativas de economia para a regi\u00e3o, priorizando aspectos sustent\u00e1veis, mediados na conserva\u00e7\u00e3o do patrim\u00f4nio natural e cultural, na educa\u00e7\u00e3o para o meio ambiente, no incentivo \u00e0 gera\u00e7\u00e3o de renda atrav\u00e9s de iniciativas privadas, com aquecimento ao turismo local. O PET EDUCA\u00c7\u00c3O F\u00cdSICA ingressa como mais um colaborador \u00e0 apropria\u00e7\u00e3o do conhecimento, com vistas a envolver a capacita\u00e7\u00e3o da comunidade e auxiliar na constitui\u00e7\u00e3o de alternativas sustent\u00e1veis para o lazer e a recrea\u00e7\u00e3o, baseados na sustentabilidade ambiental.<\/p>\t\t\t\t\t\t<\/div>\n\t\t\t\t<\/div>\n\t\t\t\t\t<\/div>\n\t\t<\/div>\n\t\t\t\t\t<\/div>\n\t\t<\/section>\n\t\t\t\t<section class=\"elementor-section elementor-top-section elementor-element elementor-element-c533473 elementor-section-boxed elementor-section-height-default elementor-section-height-default\" data-id=\"c533473\" data-element_type=\"section\">\n\t\t\t\t\t\t<div class=\"elementor-container elementor-column-gap-default\">\n\t\t\t\t\t<div class=\"elementor-column elementor-col-100 elementor-top-column elementor-element elementor-element-ceb5d1d\" data-id=\"ceb5d1d\" data-element_type=\"column\">\n\t\t\t<div class=\"elementor-widget-wrap elementor-element-populated\">\n\t\t\t\t\t\t<div class=\"elementor-element elementor-element-3ff0426 elementor-widget elementor-widget-heading\" data-id=\"3ff0426\" data-element_type=\"widget\" data-widget_type=\"heading.default\">\n\t\t\t\t<div class=\"elementor-widget-container\">\n\t\t\t<h2 class=\"elementor-heading-title elementor-size-default\">Metodologia<\/h2>\t\t<\/div>\n\t\t\t\t<\/div>\n\t\t\t\t<div class=\"elementor-element elementor-element-79ad531 elementor-widget elementor-widget-text-editor\" data-id=\"79ad531\" data-element_type=\"widget\" data-widget_type=\"text-editor.default\">\n\t\t\t\t<div class=\"elementor-widget-container\">\n\t\t\t\t\t\t\t<p>A atividade ser\u00e1 realizada em acordo ao Projeto Institucional e as suas diretrizes, observando os atributos existentes junto ao Plano de Desenvolvimento Institucional da UFSM, no que diz respeito ao estimulo para a autonomia e o desenvolvimento de atitudes empreendedoras, objetivando a atualiza\u00e7\u00e3o e a participa\u00e7\u00e3o ativa no coletivo, entendendo realidades e avaliando eticamente problemas relevantes, com a respectiva solu\u00e7\u00e3o para mudan\u00e7as sociais significativas.<\/p>\t\t\t\t\t\t<\/div>\n\t\t\t\t<\/div>\n\t\t\t\t\t<\/div>\n\t\t<\/div>\n\t\t\t\t\t<\/div>\n\t\t<\/section>\n\t\t\t\t<section class=\"elementor-section elementor-top-section elementor-element elementor-element-9c0109b elementor-section-boxed elementor-section-height-default elementor-section-height-default\" data-id=\"9c0109b\" data-element_type=\"section\">\n\t\t\t\t\t\t<div class=\"elementor-container elementor-column-gap-default\">\n\t\t\t\t\t<div class=\"elementor-column elementor-col-100 elementor-top-column elementor-element elementor-element-eee6874\" data-id=\"eee6874\" data-element_type=\"column\">\n\t\t\t<div class=\"elementor-widget-wrap elementor-element-populated\">\n\t\t\t\t\t\t<div class=\"elementor-element elementor-element-ff958b1 elementor-widget elementor-widget-heading\" data-id=\"ff958b1\" data-element_type=\"widget\" data-widget_type=\"heading.default\">\n\t\t\t\t<div class=\"elementor-widget-container\">\n\t\t\t<h2 class=\"elementor-heading-title elementor-size-default\">Resultados esperados<\/h2>\t\t<\/div>\n\t\t\t\t<\/div>\n\t\t\t\t<div class=\"elementor-element elementor-element-4e3cfeb elementor-widget elementor-widget-text-editor\" data-id=\"4e3cfeb\" data-element_type=\"widget\" data-widget_type=\"text-editor.default\">\n\t\t\t\t<div class=\"elementor-widget-container\">\n\t\t\t\t\t\t\t<p>Resultados \/ produtos esperados com a atividade: melhorias para o Curso, para a Educa\u00e7\u00e3o, para a sociedade, meios para a socializa\u00e7\u00e3o dos resultados, publica\u00e7\u00f5es, etc: Se estima que com a participa\u00e7\u00e3o do PET EDUCA\u00c7\u00c3O F\u00cdSICA junto ao PROJETO INSTITUCIONAL GEOPARQUE QUARTA COL\u00d4NIA, ocorra um acr\u00e9scimo significativo na constitui\u00e7\u00e3o e no incremento de atividades de lazer e recrea\u00e7\u00e3o em espa\u00e7os de preserva\u00e7\u00e3o ambiental. Fundamentalmente no que diz respeito \u00e0 processos did\u00e1tico-pedag\u00f3gicos inovadores ligados ao movimento, ao brincar e aos jogos.<\/p>\t\t\t\t\t\t<\/div>\n\t\t\t\t<\/div>\n\t\t\t\t\t<\/div>\n\t\t<\/div>\n\t\t\t\t\t<\/div>\n\t\t<\/section>\n\t\t\t\t<section class=\"elementor-section elementor-top-section elementor-element elementor-element-e629eca elementor-section-boxed elementor-section-height-default elementor-section-height-default\" data-id=\"e629eca\" data-element_type=\"section\">\n\t\t\t\t\t\t<div class=\"elementor-container elementor-column-gap-default\">\n\t\t\t\t\t<div class=\"elementor-column elementor-col-100 elementor-top-column elementor-element elementor-element-f5a808b\" data-id=\"f5a808b\" data-element_type=\"column\">\n\t\t\t<div class=\"elementor-widget-wrap elementor-element-populated\">\n\t\t\t\t\t\t<div class=\"elementor-element elementor-element-faef99d elementor-widget elementor-widget-heading\" data-id=\"faef99d\" data-element_type=\"widget\" data-widget_type=\"heading.default\">\n\t\t\t\t<div class=\"elementor-widget-container\">\n\t\t\t<h2 class=\"elementor-heading-title elementor-size-default\">Resultados obtidos<\/h2>\t\t<\/div>\n\t\t\t\t<\/div>\n\t\t\t\t\t<\/div>\n\t\t<\/div>\n\t\t\t\t\t<\/div>\n\t\t<\/section>\n\t\t\t\t<\/div>\n\t\t","protected":false},"excerpt":{"rendered":"<p>Introdu\u00e7\u00e3o O Projeto Estrat\u00e9gico Geoparque Quarta Col\u00f4nia \u00e9 vinculado \u00e0 Pr\u00f3 Reitoria de Extens\u00e3o da Universidade Federal de Santa Maria. Sua operacionaliza\u00e7\u00e3o se baseia na singularidade geol\u00f3gica e nas possibilidades de contribui\u00e7\u00e3o acad\u00eamica visando novas alternativas de economia para a regi\u00e3o, priorizando aspectos sustent\u00e1veis, mediados na conserva\u00e7\u00e3o do patrim\u00f4nio natural e cultural, na educa\u00e7\u00e3o para [&hellip;]<\/p>\n","protected":false},"author":4287,"featured_media":0,"parent":0,"menu_order":0,"comment_status":"closed","ping_status":"closed","template":"","meta":{"footnotes":""},"categories":[],"tags":[],"class_list":["post-96","page","type-page","status-publish","hentry"],"acf":[],"_links":{"self":[{"href":"https:\/\/www.ufsm.br\/pet\/educacao-fisica\/wp-json\/wp\/v2\/pages\/96","targetHints":{"allow":["GET"]}}],"collection":[{"href":"https:\/\/www.ufsm.br\/pet\/educacao-fisica\/wp-json\/wp\/v2\/pages"}],"about":[{"href":"https:\/\/www.ufsm.br\/pet\/educacao-fisica\/wp-json\/wp\/v2\/types\/page"}],"author":[{"embeddable":true,"href":"https:\/\/www.ufsm.br\/pet\/educacao-fisica\/wp-json\/wp\/v2\/users\/4287"}],"replies":[{"embeddable":true,"href":"https:\/\/www.ufsm.br\/pet\/educacao-fisica\/wp-json\/wp\/v2\/comments?post=96"}],"version-history":[{"count":0,"href":"https:\/\/www.ufsm.br\/pet\/educacao-fisica\/wp-json\/wp\/v2\/pages\/96\/revisions"}],"wp:attachment":[{"href":"https:\/\/www.ufsm.br\/pet\/educacao-fisica\/wp-json\/wp\/v2\/media?parent=96"}],"wp:term":[{"taxonomy":"category","embeddable":true,"href":"https:\/\/www.ufsm.br\/pet\/educacao-fisica\/wp-json\/wp\/v2\/categories?post=96"},{"taxonomy":"post_tag","embeddable":true,"href":"https:\/\/www.ufsm.br\/pet\/educacao-fisica\/wp-json\/wp\/v2\/tags?post=96"}],"curies":[{"name":"wp","href":"https:\/\/api.w.org\/{rel}","templated":true}]}}