{"id":105,"date":"2025-03-25T09:32:51","date_gmt":"2025-03-25T12:32:51","guid":{"rendered":"https:\/\/www.ufsm.br\/pet\/educom-clima\/?page_id=105"},"modified":"2025-03-25T09:34:39","modified_gmt":"2025-03-25T12:34:39","slug":"exposicao","status":"publish","type":"page","link":"https:\/\/www.ufsm.br\/pet\/educom-clima\/exposicao","title":{"rendered":"Exposi\u00e7\u00e3o"},"content":{"rendered":"\t\t<div data-elementor-type=\"wp-page\" data-elementor-id=\"105\" class=\"elementor elementor-105\">\n\t\t\t\t\t\t<section class=\"elementor-section elementor-top-section elementor-element elementor-element-766f9a0 elementor-section-boxed elementor-section-height-default elementor-section-height-default\" data-id=\"766f9a0\" data-element_type=\"section\">\n\t\t\t\t\t\t<div class=\"elementor-container elementor-column-gap-default\">\n\t\t\t\t\t<div class=\"elementor-column elementor-col-100 elementor-top-column elementor-element elementor-element-4fff3b2\" data-id=\"4fff3b2\" data-element_type=\"column\">\n\t\t\t<div class=\"elementor-widget-wrap elementor-element-populated\">\n\t\t\t\t\t\t<div class=\"elementor-element elementor-element-5c27b6d elementor-widget elementor-widget-text-editor\" data-id=\"5c27b6d\" data-element_type=\"widget\" data-widget_type=\"text-editor.default\">\n\t\t\t\t<div class=\"elementor-widget-container\">\n\t\t\t\t\t\t\t<p><span style=\"font-weight: 400\">Ap\u00f3s a apresenta\u00e7\u00e3o de Brasil em Chamas e da Oficina de Fotografia os estudantes ir\u00e3o ter produzido seus cartazes em grupo e suas fotografias individuais. Cada um dos materiais contar\u00e1 com o nome do estudante, idade e escola, junto ao t\u00edtulo dado por eles \u00e0 fotografia. No dia os petianos ir\u00e3o organizar as fotografias reveladas nos expositores emprestados pela UFSM. Os cartazes estar\u00e3o pendurados em um varal feito de barbante que liga os expositores presos em prendedores. Em um dos expositores ter\u00e1 uma breve explica\u00e7\u00e3o sobre o que \u00e9 o PET Educom Clima e como foram realizadas as atividades nas escolas. <\/span><\/p>\t\t\t\t\t\t<\/div>\n\t\t\t\t<\/div>\n\t\t\t\t\t<\/div>\n\t\t<\/div>\n\t\t\t\t\t<\/div>\n\t\t<\/section>\n\t\t\t\t<\/div>\n\t\t","protected":false},"excerpt":{"rendered":"<p>Ap\u00f3s a apresenta\u00e7\u00e3o de Brasil em Chamas e da Oficina de Fotografia os estudantes ir\u00e3o ter produzido seus cartazes em grupo e suas fotografias individuais. Cada um dos materiais contar\u00e1 com o nome do estudante, idade e escola, junto ao t\u00edtulo dado por eles \u00e0 fotografia. No dia os petianos ir\u00e3o organizar as fotografias reveladas [&hellip;]<\/p>\n","protected":false},"author":8455,"featured_media":0,"parent":0,"menu_order":0,"comment_status":"closed","ping_status":"closed","template":"","meta":{"footnotes":""},"categories":[],"tags":[],"class_list":["post-105","page","type-page","status-publish","hentry"],"acf":[],"_links":{"self":[{"href":"https:\/\/www.ufsm.br\/pet\/educom-clima\/wp-json\/wp\/v2\/pages\/105","targetHints":{"allow":["GET"]}}],"collection":[{"href":"https:\/\/www.ufsm.br\/pet\/educom-clima\/wp-json\/wp\/v2\/pages"}],"about":[{"href":"https:\/\/www.ufsm.br\/pet\/educom-clima\/wp-json\/wp\/v2\/types\/page"}],"author":[{"embeddable":true,"href":"https:\/\/www.ufsm.br\/pet\/educom-clima\/wp-json\/wp\/v2\/users\/8455"}],"replies":[{"embeddable":true,"href":"https:\/\/www.ufsm.br\/pet\/educom-clima\/wp-json\/wp\/v2\/comments?post=105"}],"version-history":[{"count":0,"href":"https:\/\/www.ufsm.br\/pet\/educom-clima\/wp-json\/wp\/v2\/pages\/105\/revisions"}],"wp:attachment":[{"href":"https:\/\/www.ufsm.br\/pet\/educom-clima\/wp-json\/wp\/v2\/media?parent=105"}],"wp:term":[{"taxonomy":"category","embeddable":true,"href":"https:\/\/www.ufsm.br\/pet\/educom-clima\/wp-json\/wp\/v2\/categories?post=105"},{"taxonomy":"post_tag","embeddable":true,"href":"https:\/\/www.ufsm.br\/pet\/educom-clima\/wp-json\/wp\/v2\/tags?post=105"}],"curies":[{"name":"wp","href":"https:\/\/api.w.org\/{rel}","templated":true}]}}

Exposição

<div data-elementor-type="wp-page" data-elementor-id="105" class="elementor elementor-105">
						<section class="elementor-section elementor-top-section elementor-element elementor-element-766f9a0 elementor-section-boxed elementor-section-height-default elementor-section-height-default" data-id="766f9a0" data-element_type="section">
						<div class="elementor-container elementor-column-gap-default">
					<div class="elementor-column elementor-col-100 elementor-top-column elementor-element elementor-element-4fff3b2" data-id="4fff3b2" data-element_type="column">
			<div class="elementor-widget-wrap elementor-element-populated">
						<div class="elementor-element elementor-element-5c27b6d elementor-widget elementor-widget-text-editor" data-id="5c27b6d" data-element_type="widget" data-widget_type="text-editor.default">
				<div class="elementor-widget-container">
							<p><span style="font-weight: 400">Após a apresentação de Brasil em Chamas e da Oficina de Fotografia os estudantes irão ter produzido seus cartazes em grupo e suas fotografias individuais. Cada um dos materiais contará com o nome do estudante, idade e escola, junto ao título dado por eles à fotografia. No dia os petianos irão organizar as fotografias reveladas nos expositores emprestados pela UFSM. Os cartazes estarão pendurados em um varal feito de barbante que liga os expositores presos em prendedores. Em um dos expositores terá uma breve explicação sobre o que é o PET Educom Clima e como foram realizadas as atividades nas escolas. </span></p>						</div>
				</div>
					</div>
		</div>
					</div>
		</section>
				</div>

<p>Após a apresentação de Brasil em Chamas e da Oficina de Fotografia os estudantes irão ter produzido seus cartazes em grupo e suas fotografias individuais. Cada um dos materiais contará com o nome do estudante, idade e escola, junto ao título dado por eles à fotografia. No dia os petianos irão organizar as fotografias reveladas [&hellip;]</p>
