{"id":22,"date":"2019-05-14T17:01:42","date_gmt":"2019-05-14T20:01:42","guid":{"rendered":"https:\/\/www.ufsm.br\/template-laboratprio\/?page_id=22"},"modified":"2021-01-18T10:45:02","modified_gmt":"2021-01-18T13:45:02","slug":"informacoes-gerais","status":"publish","type":"page","link":"https:\/\/www.ufsm.br\/pet\/enfermagem\/informacoes-gerais","title":{"rendered":"Sobre"},"content":{"rendered":"\n<h1 class=\"componentheading\">O PET<\/h1>\n<p style=\"text-align: justify\"><span style=\"color: #000000\">Este programa foi criado em 1979 pela Coordena\u00e7\u00e3o de Aperfei\u00e7oamento de Pessoal de N\u00edvel Superior (CAPES) e era denominado Programa Especial de Treinamento. No final de 1999 foi transferido para a Secretaria de Educa\u00e7\u00e3o Superior (SESu) do Minist\u00e9rio da Educa\u00e7\u00e3o, ficando a sua gest\u00e3o sob a responsabilidade do Departamento de Moderniza\u00e7\u00e3o e Programas da Educa\u00e7\u00e3o Superior \u2013 DEPEM. Em 2004 o PET passou a ser identificado como Programa de Educa\u00e7\u00e3o Tutorial.<\/span><\/p>\n<p style=\"text-align: justify\"><span style=\"color: #000000\">O PET \u00e9 formado por alunos que demonstram interesse na aquisi\u00e7\u00e3o de novos conhecimentos. Ao desenvolver a\u00e7\u00f5es de ensino, pesquisa, e extens\u00e3o, o programa permite uma forma\u00e7\u00e3o global do aluno, favorecendo e enriquecendo a sua forma\u00e7\u00e3o acad\u00eamica, preparando melhor o bolsista tanto para o mercado de trabalho quanto para continuar a carreira acad\u00eamica. A multiplicidade de experi\u00eancias contribui para reduzir os riscos de uma especializa\u00e7\u00e3o precoce.<\/span><\/p>\n<p style=\"text-align: justify\"><span style=\"color: #000000\">Al\u00e9m da melhoria na forma\u00e7\u00e3o acad\u00eamica dos bolsistas, o Grupo PET visa tamb\u00e9m o aprimoramento do curso de gradua\u00e7\u00e3o atrav\u00e9s das atividades de ensino, pesquisa e extens\u00e3o, desenvolvendo novas pr\u00e1ticas e experi\u00eancias pedag\u00f3gicas, interagindo positivamente com o corpo discente e docente e, principalmente, transmitindo aos alunos do curso o aprendizado recebido.<\/span><\/p>\n<p style=\"text-align: justify\"><span style=\"color: #000000\">Para tanto, o Grupo tem como caracter\u00edsticas gerais a forma\u00e7\u00e3o acad\u00eamica ampla, a interdisciplinariedade, a atua\u00e7\u00e3o coletiva e o trabalho em equipe entre bolsistas de diferentes n\u00edveis de forma\u00e7\u00e3o. O grupo \u00e9 formado por doze bolsistas, um professor tutor e professores colaboradores, estes \u00faltimos sem v\u00ednculo com o programa.<\/span><\/p>\n<p style=\"text-align: justify\"><span style=\"color: #000000\">Nascido em 2007 o grupo PET-Enfermagem objetiva-se a proporcionar aos alunos uma forma\u00e7\u00e3o integral, com vistas ao desenvolvimento pedag\u00f3gico, \u00e9tico, social, cultural e afetivo estimulando a forma\u00e7\u00e3o de valores para a constru\u00e7\u00e3o de cidadania e consci\u00eancia social, formando assim um profissional diferenciado dentro da sua \u00e1rea.<\/span><\/p>\n<p>\u00a0<\/p>\n","protected":false},"excerpt":{"rendered":"<p>O PET Este programa foi criado em 1979 pela Coordena\u00e7\u00e3o de Aperfei\u00e7oamento de Pessoal de N\u00edvel Superior (CAPES) e era denominado Programa Especial de Treinamento. No final de 1999 foi transferido para a Secretaria de Educa\u00e7\u00e3o Superior (SESu) do Minist\u00e9rio da Educa\u00e7\u00e3o, ficando a sua gest\u00e3o sob a responsabilidade do Departamento de Moderniza\u00e7\u00e3o e Programas [&hellip;]<\/p>\n","protected":false},"author":8,"featured_media":0,"parent":0,"menu_order":0,"comment_status":"closed","ping_status":"closed","template":"","meta":{"footnotes":""},"categories":[],"tags":[],"class_list":["post-22","page","type-page","status-publish","hentry"],"acf":[],"_links":{"self":[{"href":"https:\/\/www.ufsm.br\/pet\/enfermagem\/wp-json\/wp\/v2\/pages\/22","targetHints":{"allow":["GET"]}}],"collection":[{"href":"https:\/\/www.ufsm.br\/pet\/enfermagem\/wp-json\/wp\/v2\/pages"}],"about":[{"href":"https:\/\/www.ufsm.br\/pet\/enfermagem\/wp-json\/wp\/v2\/types\/page"}],"author":[{"embeddable":true,"href":"https:\/\/www.ufsm.br\/pet\/enfermagem\/wp-json\/wp\/v2\/users\/8"}],"replies":[{"embeddable":true,"href":"https:\/\/www.ufsm.br\/pet\/enfermagem\/wp-json\/wp\/v2\/comments?post=22"}],"version-history":[{"count":0,"href":"https:\/\/www.ufsm.br\/pet\/enfermagem\/wp-json\/wp\/v2\/pages\/22\/revisions"}],"wp:attachment":[{"href":"https:\/\/www.ufsm.br\/pet\/enfermagem\/wp-json\/wp\/v2\/media?parent=22"}],"wp:term":[{"taxonomy":"category","embeddable":true,"href":"https:\/\/www.ufsm.br\/pet\/enfermagem\/wp-json\/wp\/v2\/categories?post=22"},{"taxonomy":"post_tag","embeddable":true,"href":"https:\/\/www.ufsm.br\/pet\/enfermagem\/wp-json\/wp\/v2\/tags?post=22"}],"curies":[{"name":"wp","href":"https:\/\/api.w.org\/{rel}","templated":true}]}}