{"id":59,"date":"2020-01-28T09:52:26","date_gmt":"2020-01-28T12:52:26","guid":{"rendered":"https:\/\/www.ufsm.br\/pro-reitorias\/prograd\/pet\/enfermagem\/?page_id=59"},"modified":"2022-11-23T18:44:21","modified_gmt":"2022-11-23T21:44:21","slug":"downloads","status":"publish","type":"page","link":"https:\/\/www.ufsm.br\/pet\/enfermagem\/downloads","title":{"rendered":"Certificados"},"content":{"rendered":"<p><a href=\"https:\/\/drive.google.com\/drive\/u\/1\/folders\/187_0IJRoCuTT2De0qLj5FGJM3tm1SETN\">2019 &#8211; Minicurso Plataforma Lattes<\/a><\/p>\n<p><a href=\"https:\/\/drive.google.com\/drive\/u\/1\/folders\/1Y6II8P5AJP3I0bMiJTvA_D5vBgT96bSm\">2019 &#8211; Minicurso Les\u00f5es por Press\u00e3o e Coberturas<\/a><\/p>\n<p><a href=\"https:\/\/drive.google.com\/drive\/u\/1\/folders\/1JClYdKD3turpWK0Rd1-B8bmv4zLkA0vP\">2018 &#8211; Minicurso Cuidados Paliativos<\/a><\/p>\n<p><a href=\"https:\/\/drive.google.com\/drive\/u\/1\/folders\/1-HeEKr4m9VGiFPeVrWF5IFqQQ3yXUVYi\">2018 &#8211; Minicurso PICS<\/a><\/p>\n<p><a href=\"https:\/\/drive.google.com\/drive\/u\/1\/folders\/1t-l3XJjBiOv84Ip7MX1nozDJ22qNLViG\">2018 &#8211; Minicurso Plataforma Lattes<\/a><\/p>\n<p><a href=\"https:\/\/drive.google.com\/drive\/u\/1\/folders\/1tDO1nk1EmeeUlFwuHqs5uh4jSNew5Y0t\">2018 &#8211; Minicurso Primeiros Socorros<\/a><\/p>\n<p><a href=\"https:\/\/drive.google.com\/drive\/u\/1\/folders\/1ML3nAjTAVvFTLZICYTW3xiQoKbmw2bHN\">2017 &#8211; Curso Exames Laboratoriais<\/a><\/p>\n<p><a href=\"https:\/\/drive.google.com\/drive\/u\/1\/folders\/1TZkxTO0toQOUuW_6ADzMZ0qv-5t2hADi\">2017 &#8211; Minicurso Avalia\u00e7\u00e3o e Tratamento de Les\u00f5es de Pele<\/a><\/p>\n<p><a href=\"https:\/\/drive.google.com\/drive\/u\/1\/folders\/1TPOaGyzD-4rjpCoOFvOzCaX38rzr6uVt\">2017 &#8211; Minicurso Primeiros Socorros<\/a><\/p>\n","protected":false},"excerpt":{"rendered":"<p>2019 &#8211; Minicurso Plataforma Lattes 2019 &#8211; Minicurso Les\u00f5es por Press\u00e3o e Coberturas 2018 &#8211; Minicurso Cuidados Paliativos 2018 &#8211; Minicurso PICS 2018 &#8211; Minicurso Plataforma Lattes 2018 &#8211; Minicurso Primeiros Socorros 2017 &#8211; Curso Exames Laboratoriais 2017 &#8211; Minicurso Avalia\u00e7\u00e3o e Tratamento de Les\u00f5es de Pele 2017 &#8211; Minicurso Primeiros Socorros<\/p>\n","protected":false},"author":2223,"featured_media":0,"parent":0,"menu_order":0,"comment_status":"closed","ping_status":"closed","template":"","meta":{"footnotes":""},"categories":[],"tags":[],"class_list":["post-59","page","type-page","status-publish","hentry"],"acf":[],"_links":{"self":[{"href":"https:\/\/www.ufsm.br\/pet\/enfermagem\/wp-json\/wp\/v2\/pages\/59","targetHints":{"allow":["GET"]}}],"collection":[{"href":"https:\/\/www.ufsm.br\/pet\/enfermagem\/wp-json\/wp\/v2\/pages"}],"about":[{"href":"https:\/\/www.ufsm.br\/pet\/enfermagem\/wp-json\/wp\/v2\/types\/page"}],"author":[{"embeddable":true,"href":"https:\/\/www.ufsm.br\/pet\/enfermagem\/wp-json\/wp\/v2\/users\/2223"}],"replies":[{"embeddable":true,"href":"https:\/\/www.ufsm.br\/pet\/enfermagem\/wp-json\/wp\/v2\/comments?post=59"}],"version-history":[{"count":0,"href":"https:\/\/www.ufsm.br\/pet\/enfermagem\/wp-json\/wp\/v2\/pages\/59\/revisions"}],"wp:attachment":[{"href":"https:\/\/www.ufsm.br\/pet\/enfermagem\/wp-json\/wp\/v2\/media?parent=59"}],"wp:term":[{"taxonomy":"category","embeddable":true,"href":"https:\/\/www.ufsm.br\/pet\/enfermagem\/wp-json\/wp\/v2\/categories?post=59"},{"taxonomy":"post_tag","embeddable":true,"href":"https:\/\/www.ufsm.br\/pet\/enfermagem\/wp-json\/wp\/v2\/tags?post=59"}],"curies":[{"name":"wp","href":"https:\/\/api.w.org\/{rel}","templated":true}]}}