{"id":805,"date":"2024-05-20T15:47:56","date_gmt":"2024-05-20T18:47:56","guid":{"rendered":"https:\/\/www.ufsm.br\/pet\/engenharia-florestal\/?page_id=805"},"modified":"2024-05-20T15:51:28","modified_gmt":"2024-05-20T18:51:28","slug":"pet-news","status":"publish","type":"page","link":"https:\/\/www.ufsm.br\/pet\/engenharia-florestal\/pet-news","title":{"rendered":"PET News"},"content":{"rendered":"\t\t<div data-elementor-type=\"wp-page\" data-elementor-id=\"805\" class=\"elementor elementor-805\">\n\t\t\t\t\t\t<section class=\"elementor-section elementor-top-section elementor-element elementor-element-d623f0c elementor-section-boxed elementor-section-height-default elementor-section-height-default\" data-id=\"d623f0c\" data-element_type=\"section\">\n\t\t\t\t\t\t<div class=\"elementor-container elementor-column-gap-default\">\n\t\t\t\t\t<div class=\"elementor-column elementor-col-100 elementor-top-column elementor-element elementor-element-e139d5f\" data-id=\"e139d5f\" data-element_type=\"column\">\n\t\t\t<div class=\"elementor-widget-wrap elementor-element-populated\">\n\t\t\t\t\t\t<div class=\"elementor-element elementor-element-aa2c611 elementor-widget elementor-widget-text-editor\" data-id=\"aa2c611\" data-element_type=\"widget\" data-widget_type=\"text-editor.default\">\n\t\t\t\t<div class=\"elementor-widget-container\">\n\t\t\t\t\t\t\t<p>Por meio de atividades e a\u00e7\u00f5es, o projeto visa essencialmente contribuir com a forma\u00e7\u00e3o acad\u00eamica, social e de extens\u00e3o dos alunos da UFSM, especialmente alunos da gradua\u00e7\u00e3o de Engenharia Florestal. As atividades foram pensadas e elaboradas de acordo com a demanda dos alunos e comunidade durante os anos de atividades do PET, como tamb\u00e9m foram adaptadas e avaliadas para a sua devida continuidade. J\u00e1 as atividades novas, visam levar o conhecimento tanto virtual, como promover a integra\u00e7\u00e3o presencialmente. O grupo PET procura agrupar as demandas em atividades pr\u00e9 planejadas e outras a serem confirmadas. Como as atividades contemplam a\u00e7\u00f5es para a comunidade acad\u00eamica, espera-se que os petianos desenvolvam potencialidades e habilidades de organiza\u00e7\u00e3o de eventos multidisciplinares, a fim de proporcionar a troca de conhecimento e experi\u00eancias com diferentes p\u00fablicos, buscar o conhecimento atrav\u00e9s da pesquisa de mat\u00e9rias e conte\u00fados interessantes para serem colocados no jornal, e o desenvolvimento da escrita dos alunos PETianos da Engenharia Florestal.\u00a0<\/p><p><b>Objetivos:<\/b> O principal objetivo da atividade \u00e9 fazer com que acad\u00eamicos, professores e engenheiros, conhe\u00e7am quem \u00e9 o grupo PET Engenharia Florestal da UFSM-FW e o que esse grupo realiza. Al\u00e9m de aproximar os integrantes do grupo PET Engenharia Florestal da realiza\u00e7\u00e3o de mat\u00e9rias e pela busca da informa\u00e7\u00e3o correta.<\/p>\t\t\t\t\t\t<\/div>\n\t\t\t\t<\/div>\n\t\t\t\t\t<\/div>\n\t\t<\/div>\n\t\t\t\t\t<\/div>\n\t\t<\/section>\n\t\t\t\t<\/div>\n\t\t","protected":false},"excerpt":{"rendered":"<p>Por meio de atividades e a\u00e7\u00f5es, o projeto visa essencialmente contribuir com a forma\u00e7\u00e3o acad\u00eamica, social e de extens\u00e3o dos alunos da UFSM, especialmente alunos da gradua\u00e7\u00e3o de Engenharia Florestal. As atividades foram pensadas e elaboradas de acordo com a demanda dos alunos e comunidade durante os anos de atividades do PET, como tamb\u00e9m foram [&hellip;]<\/p>\n","protected":false},"author":6275,"featured_media":0,"parent":0,"menu_order":0,"comment_status":"closed","ping_status":"closed","template":"","meta":{"footnotes":""},"categories":[],"tags":[],"class_list":["post-805","page","type-page","status-publish","hentry"],"acf":[],"_links":{"self":[{"href":"https:\/\/www.ufsm.br\/pet\/engenharia-florestal\/wp-json\/wp\/v2\/pages\/805","targetHints":{"allow":["GET"]}}],"collection":[{"href":"https:\/\/www.ufsm.br\/pet\/engenharia-florestal\/wp-json\/wp\/v2\/pages"}],"about":[{"href":"https:\/\/www.ufsm.br\/pet\/engenharia-florestal\/wp-json\/wp\/v2\/types\/page"}],"author":[{"embeddable":true,"href":"https:\/\/www.ufsm.br\/pet\/engenharia-florestal\/wp-json\/wp\/v2\/users\/6275"}],"replies":[{"embeddable":true,"href":"https:\/\/www.ufsm.br\/pet\/engenharia-florestal\/wp-json\/wp\/v2\/comments?post=805"}],"version-history":[{"count":0,"href":"https:\/\/www.ufsm.br\/pet\/engenharia-florestal\/wp-json\/wp\/v2\/pages\/805\/revisions"}],"wp:attachment":[{"href":"https:\/\/www.ufsm.br\/pet\/engenharia-florestal\/wp-json\/wp\/v2\/media?parent=805"}],"wp:term":[{"taxonomy":"category","embeddable":true,"href":"https:\/\/www.ufsm.br\/pet\/engenharia-florestal\/wp-json\/wp\/v2\/categories?post=805"},{"taxonomy":"post_tag","embeddable":true,"href":"https:\/\/www.ufsm.br\/pet\/engenharia-florestal\/wp-json\/wp\/v2\/tags?post=805"}],"curies":[{"name":"wp","href":"https:\/\/api.w.org\/{rel}","templated":true}]}}