{"id":743,"date":"2021-06-07T13:01:25","date_gmt":"2021-06-07T16:01:25","guid":{"rendered":"https:\/\/www.ufsm.br\/pet\/letras\/?page_id=743"},"modified":"2022-06-10T20:51:12","modified_gmt":"2022-06-10T23:51:12","slug":"lembrancas-de-2021","status":"publish","type":"page","link":"https:\/\/www.ufsm.br\/pet\/letras\/lembrancas-de-2021","title":{"rendered":"Lembran\u00e7as de 2022"},"content":{"rendered":"\n<figure id=\"attachment_776\" aria-describedby=\"caption-attachment-776\" style=\"width: 300px\" class=\"wp-caption alignnone\"><img fetchpriority=\"high\" decoding=\"async\" class=\"size-medium wp-image-776\" src=\"https:\/\/www.ufsm.br\/app\/uploads\/sites\/777\/2021\/07\/Grupo-reunido-durante-o-seminario-interno-do-primeiro-semestre-de-2021-300x169.jpeg\" alt=\"Grupo PET LETRAS reunido ap\u00f3s realiza\u00e7\u00e3o do semin\u00e1rio interno do primeiro semestre do ano de 2021. Durante o evento, petianos e petianas apresentaram seus trabalhos de pesquisa e tamb\u00e9m os projetos de extens\u00e3o.&nbsp;\" width=\"300\" height=\"169\" srcset=\"https:\/\/www.ufsm.br\/app\/uploads\/sites\/777\/2021\/07\/Grupo-reunido-durante-o-seminario-interno-do-primeiro-semestre-de-2021-300x169.jpeg 300w, https:\/\/www.ufsm.br\/app\/uploads\/sites\/777\/2021\/07\/Grupo-reunido-durante-o-seminario-interno-do-primeiro-semestre-de-2021-1024x576.jpeg 1024w, https:\/\/www.ufsm.br\/app\/uploads\/sites\/777\/2021\/07\/Grupo-reunido-durante-o-seminario-interno-do-primeiro-semestre-de-2021-768x432.jpeg 768w, https:\/\/www.ufsm.br\/app\/uploads\/sites\/777\/2021\/07\/Grupo-reunido-durante-o-seminario-interno-do-primeiro-semestre-de-2021.jpeg 1280w\" sizes=\"(max-width: 300px) 100vw, 300px\" \/><figcaption id=\"caption-attachment-776\" class=\"wp-caption-text\">Grupo PET LETRAS reunido ap\u00f3s realiza\u00e7\u00e3o do semin\u00e1rio interno do primeiro semestre do ano de 2021. Durante o evento, petianos e petianas apresentaram seus trabalhos de pesquisa e tamb\u00e9m os projetos de extens\u00e3o.<\/figcaption><\/figure>\n<p>&nbsp;<\/p>\n<figure id=\"attachment_774\" aria-describedby=\"caption-attachment-774\" style=\"width: 300px\" class=\"wp-caption alignnone\"><img decoding=\"async\" class=\"size-medium wp-image-774\" src=\"https:\/\/www.ufsm.br\/app\/uploads\/sites\/777\/2021\/07\/Cartaz-aula-Magna-300x300.jpg\" alt=\"No m\u00eas de junho, dia 02, \u00e0s 16h, convidamos a comunidade acad\u00eamica para participar da Aula Magna dos cursos de Licenciatura em Letras do ano de 2021. A atividade, intitulada \u201cL\u00edngua, Discurso e Pol\u00edtica\u201d, ser\u00e1 ministrada pelo Professor Doutor Jos\u00e9 Luiz Fiorin (USP).\u2063\u2063 O pesquisador \u00e9 linguista brasileiro renomado no pa\u00eds e no exterior. Conta com uma ampla gama de publica\u00e7\u00f5es desenvolvidas na \u00e1rea de Teoria e An\u00e1lise Lingu\u00edstica, sobretudo com rela\u00e7\u00e3o \u00e0 tem\u00e1tica da Enuncia\u00e7\u00e3o. Tem doutorado em Lingu\u00edstica pela Universidade de S\u00e3o Paulo e fez p\u00f3s-doutorado na \u00c9cole des Hautes \u00c9tudes en Sciences Sociales (EHESS), em Paris, e na Universidade de Bucareste. Atualmente \u00e9 Professor Associado do Departamento de Lingu\u00edstica da FFLCH da Universidade de S\u00e3o Paulo.\u2063\" width=\"300\" height=\"300\" srcset=\"https:\/\/www.ufsm.br\/app\/uploads\/sites\/777\/2021\/07\/Cartaz-aula-Magna-300x300.jpg 300w, https:\/\/www.ufsm.br\/app\/uploads\/sites\/777\/2021\/07\/Cartaz-aula-Magna-1024x1024.jpg 1024w, https:\/\/www.ufsm.br\/app\/uploads\/sites\/777\/2021\/07\/Cartaz-aula-Magna-150x150.jpg 150w, https:\/\/www.ufsm.br\/app\/uploads\/sites\/777\/2021\/07\/Cartaz-aula-Magna-768x768.jpg 768w, https:\/\/www.ufsm.br\/app\/uploads\/sites\/777\/2021\/07\/Cartaz-aula-Magna.jpg 1080w\" sizes=\"(max-width: 300px) 100vw, 300px\" \/><figcaption id=\"caption-attachment-774\" class=\"wp-caption-text\">No m\u00eas de junho, convidamos a comunidade acad\u00eamica para participar da Aula Magna dos cursos de Licenciatura em Letras do ano de 2021. A atividade, intitulada \u201cL\u00edngua, Discurso e Pol\u00edtica\u201d, ser\u00e1 ministrada pelo Professor Doutor Jos\u00e9 Luiz Fiorin (USP).\u2063\u2063<br>O pesquisador \u00e9 linguista brasileiro renomado no pa\u00eds e no exterior. Conta com uma ampla gama de publica\u00e7\u00f5es desenvolvidas na \u00e1rea de Teoria e An\u00e1lise Lingu\u00edstica, sobretudo com rela\u00e7\u00e3o \u00e0 tem\u00e1tica da Enuncia\u00e7\u00e3o. Tem doutorado em Lingu\u00edstica pela Universidade de S\u00e3o Paulo e fez p\u00f3s-doutorado na \u00c9cole des Hautes \u00c9tudes en Sciences Sociales (EHESS), em Paris, e na Universidade de Bucareste. Atualmente \u00e9 Professor Associado do Departamento de Lingu\u00edstica da FFLCH da Universidade de S\u00e3o Paulo.\u2063<\/figcaption><\/figure>\n\n\n\n<div class=\"wp-block-columns is-layout-flex wp-container-core-columns-is-layout-9d6595d7 wp-block-columns-is-layout-flex\">\n<div class=\"wp-block-column is-layout-flow wp-block-column-is-layout-flow\" style=\"flex-basis:100%\">\n<p>&nbsp;<\/p>\n<figure id=\"attachment_767\" aria-describedby=\"caption-attachment-767\" style=\"width: 300px\" class=\"wp-caption alignnone\"><img decoding=\"async\" class=\"size-medium wp-image-767\" src=\"https:\/\/www.ufsm.br\/app\/uploads\/sites\/777\/2021\/06\/cartaz-do-rodas-300x300.jpg\" alt=\"Cartaz PET \u00e9 Letras: rodas de conversa\" width=\"300\" height=\"300\" srcset=\"https:\/\/www.ufsm.br\/app\/uploads\/sites\/777\/2021\/06\/cartaz-do-rodas-300x300.jpg 300w, https:\/\/www.ufsm.br\/app\/uploads\/sites\/777\/2021\/06\/cartaz-do-rodas-1024x1024.jpg 1024w, https:\/\/www.ufsm.br\/app\/uploads\/sites\/777\/2021\/06\/cartaz-do-rodas-150x150.jpg 150w, https:\/\/www.ufsm.br\/app\/uploads\/sites\/777\/2021\/06\/cartaz-do-rodas-768x768.jpg 768w, https:\/\/www.ufsm.br\/app\/uploads\/sites\/777\/2021\/06\/cartaz-do-rodas.jpg 1080w\" sizes=\"(max-width: 300px) 100vw, 300px\" \/><figcaption id=\"caption-attachment-767\" class=\"wp-caption-text\">O evento organizado por petianos e patianas do projeto PET \u00e9 Letras: rodas e conversa, neste m\u00eas de junho apresenta o evento: &#8220;Ensino permeado pelas ferramentas digitais: perspectivas da carreira do profissional da educa\u00e7\u00e3o&#8221;. Nesse evento, contaremos com a presen\u00e7a da mestranda Bruna Martiolli.<\/figcaption><\/figure>\n<\/div>\n<\/div>\n\n\n\n<div class=\"wp-block-columns is-layout-flex wp-container-core-columns-is-layout-9d6595d7 wp-block-columns-is-layout-flex\"><\/div>\n\n\n\n<figure id=\"attachment_777\" aria-describedby=\"caption-attachment-777\" style=\"width: 300px\" class=\"wp-caption alignnone\"><img loading=\"lazy\" decoding=\"async\" class=\"size-medium wp-image-777\" src=\"https:\/\/www.ufsm.br\/app\/uploads\/sites\/777\/2021\/07\/WhatsApp-Image-2021-05-13-at-21.32.49-300x295.jpeg\" alt=\"\" width=\"300\" height=\"295\" srcset=\"https:\/\/www.ufsm.br\/app\/uploads\/sites\/777\/2021\/07\/WhatsApp-Image-2021-05-13-at-21.32.49-300x295.jpeg 300w, https:\/\/www.ufsm.br\/app\/uploads\/sites\/777\/2021\/07\/WhatsApp-Image-2021-05-13-at-21.32.49.jpeg 750w\" sizes=\"(max-width: 300px) 100vw, 300px\" \/><figcaption id=\"caption-attachment-777\" class=\"wp-caption-text\">Primeiro encontro virtual do ano, intitulado \u201cPerspectivas discentes sobre o ensino em rede\u201d, promovido pelo projeto \u201cPET \u00e9 Letras: rodas de conversa\u201d. \u2063\u2063<br>Nesse encontro, abordamos essa tem\u00e1tica, a fim de conhecer a perspectiva e a realidade de outros acad\u00eamicos e acad\u00eamicas da universidade em ensino remoto,&nbsp;com a presen\u00e7a de alunos de gradua\u00e7\u00e3o e p\u00f3s-gradua\u00e7\u00e3o em Letras.\u2063<\/figcaption><\/figure>\n","protected":false},"excerpt":{"rendered":"<p>&nbsp; &nbsp;<\/p>\n","protected":false},"author":4353,"featured_media":0,"parent":0,"menu_order":0,"comment_status":"closed","ping_status":"closed","template":"","meta":{"footnotes":""},"categories":[],"tags":[],"class_list":["post-743","page","type-page","status-publish","hentry"],"acf":[],"_links":{"self":[{"href":"https:\/\/www.ufsm.br\/pet\/letras\/wp-json\/wp\/v2\/pages\/743","targetHints":{"allow":["GET"]}}],"collection":[{"href":"https:\/\/www.ufsm.br\/pet\/letras\/wp-json\/wp\/v2\/pages"}],"about":[{"href":"https:\/\/www.ufsm.br\/pet\/letras\/wp-json\/wp\/v2\/types\/page"}],"author":[{"embeddable":true,"href":"https:\/\/www.ufsm.br\/pet\/letras\/wp-json\/wp\/v2\/users\/4353"}],"replies":[{"embeddable":true,"href":"https:\/\/www.ufsm.br\/pet\/letras\/wp-json\/wp\/v2\/comments?post=743"}],"version-history":[{"count":0,"href":"https:\/\/www.ufsm.br\/pet\/letras\/wp-json\/wp\/v2\/pages\/743\/revisions"}],"wp:attachment":[{"href":"https:\/\/www.ufsm.br\/pet\/letras\/wp-json\/wp\/v2\/media?parent=743"}],"wp:term":[{"taxonomy":"category","embeddable":true,"href":"https:\/\/www.ufsm.br\/pet\/letras\/wp-json\/wp\/v2\/categories?post=743"},{"taxonomy":"post_tag","embeddable":true,"href":"https:\/\/www.ufsm.br\/pet\/letras\/wp-json\/wp\/v2\/tags?post=743"}],"curies":[{"name":"wp","href":"https:\/\/api.w.org\/{rel}","templated":true}]}}