{"id":74,"date":"2020-01-30T12:00:10","date_gmt":"2020-01-30T15:00:10","guid":{"rendered":"https:\/\/www.ufsm.br\/pro-reitorias\/prograd\/pet\/matematica\/?page_id=74"},"modified":"2026-03-29T18:57:51","modified_gmt":"2026-03-29T21:57:51","slug":"minicursos","status":"publish","type":"page","link":"https:\/\/www.ufsm.br\/pet\/matematica\/minicursos","title":{"rendered":"Minicursos"},"content":{"rendered":"\t\t<div data-elementor-type=\"wp-page\" data-elementor-id=\"74\" class=\"elementor elementor-74\">\n\t\t\t\t\t\t<section class=\"elementor-section elementor-top-section elementor-element elementor-element-429e4146 elementor-section-boxed elementor-section-height-default elementor-section-height-default\" data-id=\"429e4146\" data-element_type=\"section\">\n\t\t\t\t\t\t<div class=\"elementor-container elementor-column-gap-default\">\n\t\t\t\t\t<div class=\"elementor-column elementor-col-100 elementor-top-column elementor-element elementor-element-39c30f2e\" data-id=\"39c30f2e\" data-element_type=\"column\">\n\t\t\t<div class=\"elementor-widget-wrap elementor-element-populated\">\n\t\t\t\t\t\t<div class=\"elementor-element elementor-element-632d4e18 elementor-widget elementor-widget-text-editor\" data-id=\"632d4e18\" data-element_type=\"widget\" data-widget_type=\"text-editor.default\">\n\t\t\t\t<div class=\"elementor-widget-container\">\n\t\t\t\t\t\t\t<!-- wp:tadv\/classic-paragraph -->\n<p style=\"text-align: justify\"><span style=\"font-family: 'times new roman', times, serif\">Desde 2008, o grupo PET Matem\u00e1tica oferta a comunidade acad\u00eamica minicursos baseados em recursos tecnol\u00f3gicos e de apoio acad\u00eamico a toda comunidade da Universidade Federal de Santa Maria. Sendo que para a realiza\u00e7\u00e3o dos minicursos foram desenvolvidas apostilas pelo grupo que est\u00e3o dispon\u00edveis em <a href=\"https:\/\/www.ufsm.br\/pet\/matematica\/downloads-2\/\">Apostilas<\/a>.<\/span><\/p>\n<div>\n<p><span style=\"font-family: times new roman, times, serif\"><b>Minicursos em oferta agora:<\/b><\/span><\/p>\n<ul>\n<li>Neste momento n\u00e3o est\u00e1 sendo ofertado nenhum minicurso.<\/li>\n<\/ul>\n<p><strong>Minicursos j\u00e1 realizados<\/strong>:<\/p>\n<\/div>\n<ul>\n<li style=\"font-size: 16px;color: #000000;text-align: justify\">Minicurso de \u00c1lgebra Linear &#8211; 2025\/2<\/li>\n<li style=\"font-size: 16px;color: #000000;text-align: justify\">Minicurso GeoGebra &#8211; 2023\/2<\/li>\n<li style=\"text-align: justify\">Minicurso T\u00f3picos de Matem\u00e1tica B\u00e1sica &#8211; 2023\/1<\/li>\n<li style=\"color: #000000;font-size: 16px;text-align: justify\">Minicurso\u00a0<span style=\"color: #000000;font-size: 16px\">LaTeX\/Overleaf &#8211; 2023\/1<\/span><\/li>\n<li style=\"color: #000000;font-size: 16px;text-align: justify\">Minicurso Constru\u00e7\u00f5es Geom\u00e9tricas no GeoGebra &#8211; 2022\/2<\/li>\n<li style=\"color: #000000;font-size: 16px;text-align: justify\">Minicurso Matem\u00e1tica B\u00e1sica &#8211; 2022\/1<\/li>\n<li style=\"color: #000000;font-size: 16px;text-align: justify\">Minicurso LaTeX\/Overleaf &#8211; 2022\/1<\/li>\n<li style=\"color: #000000;font-size: 16px;text-align: justify\"><span style=\"color: #000000;font-size: 16px\">Minicurso Desenho Geom\u00e9trico &#8211; 2019\/2<\/span><\/li>\n<li style=\"color: #000000;font-size: 16px;text-align: justify\"><span style=\"color: #000000;font-size: 16px\">Minicurso LaTeX &#8211; 2019\/1<\/span><\/li>\n<li style=\"color: #000000;font-size: 16px;text-align: justify\"><span style=\"color: #000000;font-size: 16px\">Minicurso GeoGebra &#8211; 2018\/2<\/span><\/li>\n<li style=\"color: #000000;font-size: 16px;text-align: justify\"><span style=\"color: #000000;font-size: 16px\">Minicurso LaTeX &#8211; 2018\/1<\/span><\/li>\n<li style=\"color: #000000;font-size: 16px;text-align: justify\">Minicurso LaTeX II &#8211; 2017\/2<\/li>\n<li style=\"color: #000000;font-size: 16px;text-align: justify\">Minicurso LaTeX &#8211; 2017\/2<\/li>\n<li style=\"color: #000000;font-size: 16px;text-align: justify\"><span style=\"color: #000000;font-size: 16px\">Minicurso LaTeX &#8211; 2017\/1<\/span><\/li>\n<li style=\"color: #000000;font-size: 16px;text-align: justify\">Minicurso PET Revisa &#8211; 2016\/2<\/li>\n<li style=\"color: #000000;font-size: 16px;text-align: justify\">Minicurso LaTeX &#8211; 2016\/1<\/li>\n<li style=\"color: #000000;font-size: 16px;text-align: justify\">Minicurso GeoGebra &#8211; 2016\/1<\/li>\n<li style=\"color: #000000;font-size: 16px;text-align: justify\">Minicurso GeoGebra &#8211; 2015\/2<\/li>\n<li style=\"color: #000000;font-size: 16px;text-align: justify\">Minicurso PET Revisa &#8211; 2015\/2<\/li>\n<li style=\"color: #000000;font-size: 16px;text-align: justify\">Minicurso LaTeX &#8211; 2015\/2<\/li>\n<li style=\"color: #000000;font-size: 16px;text-align: justify\">Minicurso LaTeX &#8211; 2015\/1<\/li>\n<\/ul>\n<!-- \/wp:tadv\/classic-paragraph -->\t\t\t\t\t\t<\/div>\n\t\t\t\t<\/div>\n\t\t\t\t\t<\/div>\n\t\t<\/div>\n\t\t\t\t\t<\/div>\n\t\t<\/section>\n\t\t\t\t<\/div>\n\t\t","protected":false},"excerpt":{"rendered":"<p>Desde 2008, o grupo PET Matem\u00e1tica oferta a comunidade acad\u00eamica minicursos baseados em recursos tecnol\u00f3gicos e de apoio acad\u00eamico a toda comunidade da Universidade Federal de Santa Maria. Sendo que para a realiza\u00e7\u00e3o dos minicursos foram desenvolvidas apostilas pelo grupo que est\u00e3o dispon\u00edveis em Apostilas. Minicursos em oferta agora: Neste momento n\u00e3o est\u00e1 sendo ofertado [&hellip;]<\/p>\n","protected":false},"author":2223,"featured_media":0,"parent":0,"menu_order":0,"comment_status":"closed","ping_status":"closed","template":"","meta":{"footnotes":""},"categories":[],"tags":[],"class_list":["post-74","page","type-page","status-publish","hentry"],"acf":[],"_links":{"self":[{"href":"https:\/\/www.ufsm.br\/pet\/matematica\/wp-json\/wp\/v2\/pages\/74","targetHints":{"allow":["GET"]}}],"collection":[{"href":"https:\/\/www.ufsm.br\/pet\/matematica\/wp-json\/wp\/v2\/pages"}],"about":[{"href":"https:\/\/www.ufsm.br\/pet\/matematica\/wp-json\/wp\/v2\/types\/page"}],"author":[{"embeddable":true,"href":"https:\/\/www.ufsm.br\/pet\/matematica\/wp-json\/wp\/v2\/users\/2223"}],"replies":[{"embeddable":true,"href":"https:\/\/www.ufsm.br\/pet\/matematica\/wp-json\/wp\/v2\/comments?post=74"}],"version-history":[{"count":0,"href":"https:\/\/www.ufsm.br\/pet\/matematica\/wp-json\/wp\/v2\/pages\/74\/revisions"}],"wp:attachment":[{"href":"https:\/\/www.ufsm.br\/pet\/matematica\/wp-json\/wp\/v2\/media?parent=74"}],"wp:term":[{"taxonomy":"category","embeddable":true,"href":"https:\/\/www.ufsm.br\/pet\/matematica\/wp-json\/wp\/v2\/categories?post=74"},{"taxonomy":"post_tag","embeddable":true,"href":"https:\/\/www.ufsm.br\/pet\/matematica\/wp-json\/wp\/v2\/tags?post=74"}],"curies":[{"name":"wp","href":"https:\/\/api.w.org\/{rel}","templated":true}]}}