{"id":184,"date":"2020-07-29T23:52:02","date_gmt":"2020-07-30T02:52:02","guid":{"rendered":"https:\/\/www.ufsm.br\/pet\/odontologia\/?page_id=184"},"modified":"2024-08-03T00:20:43","modified_gmt":"2024-08-03T03:20:43","slug":"xerostomia-impacto-sobre-a-qualidade-de-vida-de-idosos","status":"publish","type":"page","link":"https:\/\/www.ufsm.br\/pet\/odontologia\/atividades\/projetos\/xerostomia-impacto-sobre-a-qualidade-de-vida-de-idosos","title":{"rendered":"Xerostomia: Impacto Sobre a Qualidade de Vida de Idosos"},"content":{"rendered":"\t\t<div data-elementor-type=\"wp-page\" data-elementor-id=\"184\" class=\"elementor elementor-184\">\n\t\t\t\t\t\t<section class=\"elementor-section elementor-top-section elementor-element elementor-element-5f842f49 elementor-section-boxed elementor-section-height-default elementor-section-height-default\" data-id=\"5f842f49\" data-element_type=\"section\">\n\t\t\t\t\t\t<div class=\"elementor-container elementor-column-gap-default\">\n\t\t\t\t\t<div class=\"elementor-column elementor-col-100 elementor-top-column elementor-element elementor-element-5d5df90b\" data-id=\"5d5df90b\" data-element_type=\"column\">\n\t\t\t<div class=\"elementor-widget-wrap elementor-element-populated\">\n\t\t\t\t\t\t<div class=\"elementor-element elementor-element-47ab3c7 elementor-widget elementor-widget-text-editor\" data-id=\"47ab3c7\" data-element_type=\"widget\" data-widget_type=\"text-editor.default\">\n\t\t\t\t<div class=\"elementor-widget-container\">\n\t\t\t\t\t\t\t<p><!-- wp:tadv\/classic-paragraph --><\/p>\n<p>Avalia\u00e7\u00e3o do conhecimento e percep\u00e7\u00e3o de idosos quanto \u00e0 xerostomia e o impacto desta na qualidade de vida, al\u00e9m de verificar as condi\u00e7\u00f5es sist\u00eamicas e medicamentos utilizados e as supostas interfer\u00eancias no fluxo salivar. Os question\u00e1rios foram aplicados durante o Projeto Acampavida, logo ap\u00f3s a atividade l\u00fadica teatral apresentada pelos integrantes do PET-Odontologia UFSM.<\/p>\n<p><!-- \/wp:tadv\/classic-paragraph --><\/p>\t\t\t\t\t\t<\/div>\n\t\t\t\t<\/div>\n\t\t\t\t\t<\/div>\n\t\t<\/div>\n\t\t\t\t\t<\/div>\n\t\t<\/section>\n\t\t\t\t<\/div>\n\t\t","protected":false},"excerpt":{"rendered":"<p>Avalia\u00e7\u00e3o do conhecimento e percep\u00e7\u00e3o de idosos quanto \u00e0 xerostomia e o impacto desta na qualidade de vida, al\u00e9m de verificar as condi\u00e7\u00f5es sist\u00eamicas e medicamentos utilizados e as supostas interfer\u00eancias no fluxo salivar. Os question\u00e1rios foram aplicados durante o Projeto Acampavida, logo ap\u00f3s a atividade l\u00fadica teatral apresentada pelos integrantes do PET-Odontologia UFSM.<\/p>\n","protected":false},"author":1035,"featured_media":0,"parent":32,"menu_order":0,"comment_status":"closed","ping_status":"closed","template":"","meta":{"footnotes":""},"categories":[],"tags":[],"class_list":["post-184","page","type-page","status-publish","hentry"],"acf":[],"_links":{"self":[{"href":"https:\/\/www.ufsm.br\/pet\/odontologia\/wp-json\/wp\/v2\/pages\/184","targetHints":{"allow":["GET"]}}],"collection":[{"href":"https:\/\/www.ufsm.br\/pet\/odontologia\/wp-json\/wp\/v2\/pages"}],"about":[{"href":"https:\/\/www.ufsm.br\/pet\/odontologia\/wp-json\/wp\/v2\/types\/page"}],"author":[{"embeddable":true,"href":"https:\/\/www.ufsm.br\/pet\/odontologia\/wp-json\/wp\/v2\/users\/1035"}],"replies":[{"embeddable":true,"href":"https:\/\/www.ufsm.br\/pet\/odontologia\/wp-json\/wp\/v2\/comments?post=184"}],"version-history":[{"count":0,"href":"https:\/\/www.ufsm.br\/pet\/odontologia\/wp-json\/wp\/v2\/pages\/184\/revisions"}],"up":[{"embeddable":true,"href":"https:\/\/www.ufsm.br\/pet\/odontologia\/wp-json\/wp\/v2\/pages\/32"}],"wp:attachment":[{"href":"https:\/\/www.ufsm.br\/pet\/odontologia\/wp-json\/wp\/v2\/media?parent=184"}],"wp:term":[{"taxonomy":"category","embeddable":true,"href":"https:\/\/www.ufsm.br\/pet\/odontologia\/wp-json\/wp\/v2\/categories?post=184"},{"taxonomy":"post_tag","embeddable":true,"href":"https:\/\/www.ufsm.br\/pet\/odontologia\/wp-json\/wp\/v2\/tags?post=184"}],"curies":[{"name":"wp","href":"https:\/\/api.w.org\/{rel}","templated":true}]}}