{"id":201,"date":"2020-07-30T00:18:38","date_gmt":"2020-07-30T03:18:38","guid":{"rendered":"https:\/\/www.ufsm.br\/pet\/odontologia\/?page_id=201"},"modified":"2024-08-02T23:47:54","modified_gmt":"2024-08-03T02:47:54","slug":"pet-odontorienta","status":"publish","type":"page","link":"https:\/\/www.ufsm.br\/pet\/odontologia\/atividades\/projetos\/pet-odontorienta","title":{"rendered":"PET-OdontOrienta"},"content":{"rendered":"\t\t<div data-elementor-type=\"wp-page\" data-elementor-id=\"201\" class=\"elementor elementor-201\">\n\t\t\t\t\t\t<section class=\"elementor-section elementor-top-section elementor-element elementor-element-55a9b98 elementor-section-boxed elementor-section-height-default elementor-section-height-default\" data-id=\"55a9b98\" data-element_type=\"section\">\n\t\t\t\t\t\t<div class=\"elementor-container elementor-column-gap-default\">\n\t\t\t\t\t<div class=\"elementor-column elementor-col-100 elementor-top-column elementor-element elementor-element-7d9ae8e8\" data-id=\"7d9ae8e8\" data-element_type=\"column\">\n\t\t\t<div class=\"elementor-widget-wrap elementor-element-populated\">\n\t\t\t\t\t\t<div class=\"elementor-element elementor-element-39820510 elementor-widget elementor-widget-text-editor\" data-id=\"39820510\" data-element_type=\"widget\" data-widget_type=\"text-editor.default\">\n\t\t\t\t<div class=\"elementor-widget-container\">\n\t\t\t\t\t\t\t<p><!-- wp:tadv\/classic-paragraph --><\/p>\n<p><span style=\", Helvetica, Arial, sans-serif;font-size: 16px\">A taxa de evas\u00e3o acad\u00eamica gera preju\u00edzos significativos para a institui\u00e7\u00e3o, o indiv\u00edduo e a sociedade. Embora o Curso de Odontologia da Universidade Federal de Santa Maria (UFSM) apresente taxas de evas\u00e3o abaixo da m\u00e9dia da universidade, o Grupo PET-Odontologia, em parceria com a Coordena\u00e7\u00e3o do Curso, identificou a necessidade de implementar atividades que reduzam ainda mais esses \u00edndices. Com esse objetivo, o Grupo PET-Odontologia desenvolveu o projeto PET-OdontOrienta, cujo prop\u00f3sito \u00e9 diminuir a evas\u00e3o escolar no Curso de Odontologia da UFSM por meio do acolhimento de calouros e da resolu\u00e7\u00e3o de d\u00favidas que surgirem ao longo de sua trajet\u00f3ria acad\u00eamica. A a\u00e7\u00e3o inicial ocorre durante a Recep\u00e7\u00e3o dos Calouros, organizada pela Coordena\u00e7\u00e3o do Curso, onde o projeto PET-OdontOrienta \u00e9 apresentado. Em um segundo momento, s\u00e3o agendadas palestras ministradas pelos petianos sobre temas que auxiliem na sua trajet\u00f3ria acad\u00eamica. Dessa forma, o projeto visa acolher os alunos do primeiro semestre, transmitir informa\u00e7\u00f5es e orienta\u00e7\u00f5es importantes para sua trajet\u00f3ria acad\u00eamica e sanar d\u00favidas, promovendo uma maior integra\u00e7\u00e3o entre petianos e alunos. Espera-se que, com essa iniciativa, os acad\u00eamicos estabele\u00e7am um v\u00ednculo mais forte com a UFSM e o Curso de Odontologia, cultivando um sentimento de pertencimento ao novo ambiente. Al\u00e9m disso, o projeto PET-OdontOrienta faz parte do Projeto Integra, uma iniciativa da Pr\u00f3-Reitoria de Gradua\u00e7\u00e3o (PROGRAD), Pr\u00f3-Reitoria de Planejamento (PROPLAN) e Centro de Processamento de Dados (CPD) que visa reduzir ou eliminar a evas\u00e3o escolar e estimular a perman\u00eancia dos estudantes nos cursos de gradua\u00e7\u00e3o da UFSM.<\/span><br><\/p>\n<p>O objetivo do presente projeto \u00e9 d<span style=\", Helvetica, Arial, sans-serif;font-size: 16px;font-weight: var( --e-global-typography-text-font-weight );text-align: var(--bs-body-text-align)\">iminuir a evas\u00e3o escolar no Curso de Odontologia da UFSM por meio do acolhimento de calouros e da resolu\u00e7\u00e3o de d\u00favidas que surgirem ao longo de sua trajet\u00f3ria acad\u00eamica.<\/span><\/p>\n<p><!-- \/wp:tadv\/classic-paragraph --><\/p>\t\t\t\t\t\t<\/div>\n\t\t\t\t<\/div>\n\t\t\t\t\t<\/div>\n\t\t<\/div>\n\t\t\t\t\t<\/div>\n\t\t<\/section>\n\t\t\t\t<section class=\"elementor-section elementor-top-section elementor-element elementor-element-f0da169 elementor-section-boxed elementor-section-height-default elementor-section-height-default\" data-id=\"f0da169\" data-element_type=\"section\">\n\t\t\t\t\t\t<div class=\"elementor-container elementor-column-gap-default\">\n\t\t\t\t\t<div class=\"elementor-column elementor-col-100 elementor-top-column elementor-element elementor-element-5eaa34a\" data-id=\"5eaa34a\" data-element_type=\"column\">\n\t\t\t<div class=\"elementor-widget-wrap elementor-element-populated\">\n\t\t\t\t\t\t<div class=\"elementor-element elementor-element-d8dba79 elementor-arrows-position-inside elementor-pagination-position-outside elementor-widget elementor-widget-image-carousel\" data-id=\"d8dba79\" data-element_type=\"widget\" data-settings=\"{&quot;navigation&quot;:&quot;both&quot;,&quot;autoplay&quot;:&quot;yes&quot;,&quot;pause_on_hover&quot;:&quot;yes&quot;,&quot;pause_on_interaction&quot;:&quot;yes&quot;,&quot;autoplay_speed&quot;:5000,&quot;infinite&quot;:&quot;yes&quot;,&quot;speed&quot;:500}\" data-widget_type=\"image-carousel.default\">\n\t\t\t\t<div class=\"elementor-widget-container\">\n\t\t\t\t\t<div class=\"elementor-image-carousel-wrapper swiper\" dir=\"ltr\">\n\t\t\t<div class=\"elementor-image-carousel swiper-wrapper\" aria-live=\"off\">\n\t\t\t\t\t\t\t\t<div class=\"swiper-slide\" role=\"group\" aria-roledescription=\"slide\" aria-label=\"1 of 5\"><figure class=\"swiper-slide-inner\"><img decoding=\"async\" class=\"swiper-slide-image\" src=\"https:\/\/www.ufsm.br\/app\/uploads\/sites\/785\/2024\/08\/IMG_7804-150x150.jpg\" alt=\"IMG_7804\" \/><\/figure><\/div><div class=\"swiper-slide\" role=\"group\" aria-roledescription=\"slide\" aria-label=\"2 of 5\"><figure class=\"swiper-slide-inner\"><img decoding=\"async\" class=\"swiper-slide-image\" src=\"https:\/\/www.ufsm.br\/app\/uploads\/sites\/785\/2024\/08\/IMG_7803-150x150.jpg\" alt=\"IMG_7803\" \/><\/figure><\/div><div class=\"swiper-slide\" role=\"group\" aria-roledescription=\"slide\" aria-label=\"3 of 5\"><figure class=\"swiper-slide-inner\"><img decoding=\"async\" class=\"swiper-slide-image\" src=\"https:\/\/www.ufsm.br\/app\/uploads\/sites\/785\/2024\/08\/IMG_7806-150x150.jpg\" alt=\"IMG_7806\" \/><\/figure><\/div><div class=\"swiper-slide\" role=\"group\" aria-roledescription=\"slide\" aria-label=\"4 of 5\"><figure class=\"swiper-slide-inner\"><img decoding=\"async\" class=\"swiper-slide-image\" src=\"https:\/\/www.ufsm.br\/app\/uploads\/sites\/785\/2024\/08\/IMG_7805-150x150.jpg\" alt=\"IMG_7805\" \/><\/figure><\/div><div class=\"swiper-slide\" role=\"group\" aria-roledescription=\"slide\" aria-label=\"5 of 5\"><figure class=\"swiper-slide-inner\"><img decoding=\"async\" class=\"swiper-slide-image\" src=\"https:\/\/www.ufsm.br\/app\/uploads\/sites\/785\/2024\/08\/IMG_7802-150x150.jpg\" alt=\"IMG_7802\" \/><\/figure><\/div>\t\t\t<\/div>\n\t\t\t\t\t\t\t\t\t\t\t\t<div class=\"elementor-swiper-button elementor-swiper-button-prev\" role=\"button\" tabindex=\"0\">\n\t\t\t\t\t\t<i aria-hidden=\"true\" class=\"eicon-chevron-left\"><\/i>\t\t\t\t\t<\/div>\n\t\t\t\t\t<div class=\"elementor-swiper-button elementor-swiper-button-next\" role=\"button\" tabindex=\"0\">\n\t\t\t\t\t\t<i aria-hidden=\"true\" class=\"eicon-chevron-right\"><\/i>\t\t\t\t\t<\/div>\n\t\t\t\t\n\t\t\t\t\t\t\t\t\t<div class=\"swiper-pagination\"><\/div>\n\t\t\t\t\t\t\t\t\t<\/div>\n\t\t\t\t<\/div>\n\t\t\t\t<\/div>\n\t\t\t\t\t<\/div>\n\t\t<\/div>\n\t\t\t\t\t<\/div>\n\t\t<\/section>\n\t\t\t\t<\/div>\n\t\t","protected":false},"excerpt":{"rendered":"<p>A taxa de evas\u00e3o acad\u00eamica gera preju\u00edzos significativos para a institui\u00e7\u00e3o, o indiv\u00edduo e a sociedade. Embora o Curso de Odontologia da Universidade Federal de Santa Maria (UFSM) apresente taxas de evas\u00e3o abaixo da m\u00e9dia da universidade, o Grupo PET-Odontologia, em parceria com a Coordena\u00e7\u00e3o do Curso, identificou a necessidade de implementar atividades que reduzam [&hellip;]<\/p>\n","protected":false},"author":1035,"featured_media":0,"parent":32,"menu_order":0,"comment_status":"closed","ping_status":"closed","template":"","meta":{"footnotes":""},"categories":[],"tags":[],"class_list":["post-201","page","type-page","status-publish","hentry"],"acf":[],"_links":{"self":[{"href":"https:\/\/www.ufsm.br\/pet\/odontologia\/wp-json\/wp\/v2\/pages\/201","targetHints":{"allow":["GET"]}}],"collection":[{"href":"https:\/\/www.ufsm.br\/pet\/odontologia\/wp-json\/wp\/v2\/pages"}],"about":[{"href":"https:\/\/www.ufsm.br\/pet\/odontologia\/wp-json\/wp\/v2\/types\/page"}],"author":[{"embeddable":true,"href":"https:\/\/www.ufsm.br\/pet\/odontologia\/wp-json\/wp\/v2\/users\/1035"}],"replies":[{"embeddable":true,"href":"https:\/\/www.ufsm.br\/pet\/odontologia\/wp-json\/wp\/v2\/comments?post=201"}],"version-history":[{"count":0,"href":"https:\/\/www.ufsm.br\/pet\/odontologia\/wp-json\/wp\/v2\/pages\/201\/revisions"}],"up":[{"embeddable":true,"href":"https:\/\/www.ufsm.br\/pet\/odontologia\/wp-json\/wp\/v2\/pages\/32"}],"wp:attachment":[{"href":"https:\/\/www.ufsm.br\/pet\/odontologia\/wp-json\/wp\/v2\/media?parent=201"}],"wp:term":[{"taxonomy":"category","embeddable":true,"href":"https:\/\/www.ufsm.br\/pet\/odontologia\/wp-json\/wp\/v2\/categories?post=201"},{"taxonomy":"post_tag","embeddable":true,"href":"https:\/\/www.ufsm.br\/pet\/odontologia\/wp-json\/wp\/v2\/tags?post=201"}],"curies":[{"name":"wp","href":"https:\/\/api.w.org\/{rel}","templated":true}]}}