{"id":22,"date":"2019-05-14T17:01:42","date_gmt":"2019-05-14T20:01:42","guid":{"rendered":"https:\/\/www.ufsm.br\/template-laboratprio\/?page_id=22"},"modified":"2024-04-20T15:16:38","modified_gmt":"2024-04-20T18:16:38","slug":"informacoes-gerais","status":"publish","type":"page","link":"https:\/\/www.ufsm.br\/pet\/odontologia\/informacoes-gerais","title":{"rendered":"Sobre"},"content":{"rendered":"\n<p style=\"text-align: left\" align=\"justify\"><span style=\"font-family: arial;font-size: large\"><strong>\u00a0 \u00a0 \u00a0 \u00a0 \u00a0 \u00a0 \u00a0 \u00a0<\/strong>O PET Odontologia \u00e9 um grupo que se insere no Programa de Educa\u00e7\u00e3o Tutorial. Iniciou sua atividade em junho de 2006 por tutoria de Katia Olmedo Braun e caracteriza-se por ser um PET tem\u00e1tico na \u00e1rea de Pol\u00edticas P\u00fablicas de Sa\u00fade.<\/span><span style=\"font-family: arial;font-size: large\"><br \/>\u00a0 \u00a0 \u00a0 \u00a0 \u00a0 \u00a0 \u00a0 \u00a0<\/span><span style=\"font-family: arial;font-size: large\">Iniciado em 1979 na Coordena\u00e7\u00e3o de Aperfei\u00e7oamento de Pessoal de N\u00edvel Superior \u2013 CAPES, o PET \u2013 Programa de Educa\u00e7\u00e3o Tutorial \u2013 foi transferido em dezembro de 1999 para a Secretaria de Educa\u00e7\u00e3o Superior do Minist\u00e9rio da Educa\u00e7\u00e3o, ficando sob a responsabilidade da Coordena\u00e7\u00e3o de Rela\u00e7\u00f5es Acad\u00eamicas da Gradua\u00e7\u00e3o do Departamento de Moderniza\u00e7\u00e3o e P<\/span><span style=\"font-family: arial;font-size: large\">rogramas da Educa\u00e7\u00e3o Superior \u2013 DEPEM. O PET \u00e9 desenvolvido por grupos de estudantes, com tutoria de um docente, organizados a partir de cursos de gradua\u00e7\u00e3o das Institui\u00e7\u00f5es de Ensino Superior do pa\u00eds, sendo um grupo por curso, orientados pelo princ\u00edpio da indissociabilidade entre ensino, pesquisa e extens\u00e3o e da educa\u00e7\u00e3o tutorial. <\/span><\/p>\n<p style=\"text-align: left\" align=\"justify\"><span style=\"font-family: arial;font-size: large\">S\u00e3o objetivos deste programa:<\/span><\/p>\n<div align=\"justify\">\n<ul>\n<li style=\"text-align: left\">\n<p><span style=\"font-family: arial;font-size: large\">Desenvolver atividades acad\u00eamicas em padr\u00f5es de qualidade de excel\u00eancia, mediante grupos de aprendizagem tutorial de natureza coletiva e interdisciplinar.<\/span><\/p>\n<\/li>\n<li style=\"text-align: left\">\n<p><span style=\"font-family: arial;font-size: large\">Contribuir para a eleva\u00e7\u00e3o da qualidade da forma\u00e7\u00e3o acad\u00eamica dos alunos de gradua\u00e7\u00e3o.<\/span><\/p>\n<\/li>\n<li style=\"text-align: left\">\n<p><span style=\"font-family: arial;font-size: large\">Estimular a forma\u00e7\u00e3o de profissionais e docentes de elevada qualifica\u00e7\u00e3o t\u00e9cnica, cient\u00edfica, tecnol\u00f3gica e acad\u00eamica.<\/span><\/p>\n<\/li>\n<li style=\"text-align: left\">\n<p><span style=\"font-family: arial;font-size: large\">Formular novas estrat\u00e9gias de desenvolvimento e moderniza\u00e7\u00e3o do ensino superior no pa\u00eds.<\/span><\/p>\n<\/li>\n<li>\n<p style=\"text-align: left\"><span style=\"font-family: arial;font-size: large\">Estimular o esp\u00edrito cr\u00edtico, bem como a atua\u00e7\u00e3o profissional pautada pela \u00e9tica, pela cidadania e pela fun\u00e7\u00e3o social da educa\u00e7\u00e3o superior.\u00a0<span style=\"font-family: arial\">\u00a0<\/span><\/span><\/p>\n<\/li>\n<\/ul>\n<\/div>\n","protected":false},"excerpt":{"rendered":"<p>\u00a0 \u00a0 \u00a0 \u00a0 \u00a0 \u00a0 \u00a0 \u00a0O PET Odontologia \u00e9 um grupo que se insere no Programa de Educa\u00e7\u00e3o Tutorial. Iniciou sua atividade em junho de 2006 por tutoria de Katia Olmedo Braun e caracteriza-se por ser um PET tem\u00e1tico na \u00e1rea de Pol\u00edticas P\u00fablicas de Sa\u00fade.\u00a0 \u00a0 \u00a0 \u00a0 \u00a0 \u00a0 \u00a0 \u00a0Iniciado [&hellip;]<\/p>\n","protected":false},"author":8,"featured_media":0,"parent":0,"menu_order":0,"comment_status":"closed","ping_status":"closed","template":"","meta":{"footnotes":""},"categories":[],"tags":[],"class_list":["post-22","page","type-page","status-publish","hentry"],"acf":[],"_links":{"self":[{"href":"https:\/\/www.ufsm.br\/pet\/odontologia\/wp-json\/wp\/v2\/pages\/22","targetHints":{"allow":["GET"]}}],"collection":[{"href":"https:\/\/www.ufsm.br\/pet\/odontologia\/wp-json\/wp\/v2\/pages"}],"about":[{"href":"https:\/\/www.ufsm.br\/pet\/odontologia\/wp-json\/wp\/v2\/types\/page"}],"author":[{"embeddable":true,"href":"https:\/\/www.ufsm.br\/pet\/odontologia\/wp-json\/wp\/v2\/users\/8"}],"replies":[{"embeddable":true,"href":"https:\/\/www.ufsm.br\/pet\/odontologia\/wp-json\/wp\/v2\/comments?post=22"}],"version-history":[{"count":0,"href":"https:\/\/www.ufsm.br\/pet\/odontologia\/wp-json\/wp\/v2\/pages\/22\/revisions"}],"wp:attachment":[{"href":"https:\/\/www.ufsm.br\/pet\/odontologia\/wp-json\/wp\/v2\/media?parent=22"}],"wp:term":[{"taxonomy":"category","embeddable":true,"href":"https:\/\/www.ufsm.br\/pet\/odontologia\/wp-json\/wp\/v2\/categories?post=22"},{"taxonomy":"post_tag","embeddable":true,"href":"https:\/\/www.ufsm.br\/pet\/odontologia\/wp-json\/wp\/v2\/tags?post=22"}],"curies":[{"name":"wp","href":"https:\/\/api.w.org\/{rel}","templated":true}]}}