{"id":804,"date":"2024-08-03T00:52:18","date_gmt":"2024-08-03T03:52:18","guid":{"rendered":"https:\/\/www.ufsm.br\/pet\/odontologia\/?page_id=804"},"modified":"2024-08-03T00:56:37","modified_gmt":"2024-08-03T03:56:37","slug":"a-pandemia-de-covid-19-e-a-formacao-de-profissionais-da-odontologia","status":"publish","type":"page","link":"https:\/\/www.ufsm.br\/pet\/odontologia\/a-pandemia-de-covid-19-e-a-formacao-de-profissionais-da-odontologia","title":{"rendered":"A Pandemia de Covid-19 e a Forma\u00e7\u00e3o de Profissionais da Odontologia"},"content":{"rendered":"\t\t<div data-elementor-type=\"wp-page\" data-elementor-id=\"804\" class=\"elementor elementor-804\">\n\t\t\t\t\t\t<section class=\"elementor-section elementor-top-section elementor-element elementor-element-18a68c5 elementor-section-boxed elementor-section-height-default elementor-section-height-default\" data-id=\"18a68c5\" data-element_type=\"section\">\n\t\t\t\t\t\t<div class=\"elementor-container elementor-column-gap-default\">\n\t\t\t\t\t<div class=\"elementor-column elementor-col-100 elementor-top-column elementor-element elementor-element-c378042\" data-id=\"c378042\" data-element_type=\"column\">\n\t\t\t<div class=\"elementor-widget-wrap elementor-element-populated\">\n\t\t\t\t\t\t<div class=\"elementor-element elementor-element-6f7f713 elementor-widget elementor-widget-text-editor\" data-id=\"6f7f713\" data-element_type=\"widget\" data-widget_type=\"text-editor.default\">\n\t\t\t\t<div class=\"elementor-widget-container\">\n\t\t\t\t\t\t\t<p><span style=\"color: #1c1c1c;font-size: 16px\">Publicado na Edi\u00e7\u00e3o Especial 2022 do Cadernos ESP, o artigo aborda o impacto da educa\u00e7\u00e3o remota emergencial durante a pandemia da COVID-19 na forma\u00e7\u00e3o profissional dos estudantes de odontologia.<\/span><\/p><p><b>Resumo<\/b><\/p><p>\u00a0<\/p><p style=\"line-height: 1.785rem;margin: 1.43rem 0px 0px;font-family: Lato, sans-serif;font-size: 14px\">Verificar a percep\u00e7\u00e3o dos acad\u00eamicos de Odontologia das institui\u00e7\u00f5es federais de ensino do Sul do Brasil, acerca do impacto da educa\u00e7\u00e3o remota emergencial durante a pandemia da COVID-19 na sua forma\u00e7\u00e3o profissional. M\u00e9todos: Neste estudo transversal foram convidados acad\u00eamicos das cinco universidades federais do Sul do Brasil que oferecem cursos de Odontologia. Os dados foram coletados mediante question\u00e1rio eletr\u00f4nico. Resultados: Participaram 276 estudantes, a maioria mulheres (74,6%) e estudantes da Universidade Federal de Santa Maria (38,8%); a m\u00e9dia de idade foi 22,8 anos (\u00b1 3,9). A maioria da amostra (53,6%) relatou ter pensado em desistir do curso durante o per\u00edodo pand\u00eamico e 98,4% dos estudantes sentiu que perdeu habilidade pr\u00e1tica devido ao afastamento das atividades presenciais. Houve associa\u00e7\u00e3o (p&lt;0,001) entre o rendimento dos alunos e a interatividade das aulas. Conclus\u00e3o: Os achados sugerem que as mudan\u00e7as no processo ensino-aprendizagem desenvolvidas na pandemia impactaram na forma\u00e7\u00e3o dos estudantes de Odontologia entrevistados.<\/p><p style=\"line-height: 1.785rem;margin: 1.43rem 0px 0px;font-family: Lato, sans-serif;font-size: 14px\">\u00a0<\/p><p style=\"color: #000000;font-size: 16px\"><a style=\"color: #204c90\" href=\"https:\/\/cadernos.esp.ce.gov.br\/index.php\/cadernos\/article\/view\/867\">Clique aqui<\/a>\u00a0para ler o artigo na \u00edntegra!<\/p><div>\u00a0<\/div>\t\t\t\t\t\t<\/div>\n\t\t\t\t<\/div>\n\t\t\t\t\t<\/div>\n\t\t<\/div>\n\t\t\t\t\t<\/div>\n\t\t<\/section>\n\t\t\t\t<section class=\"elementor-section elementor-top-section elementor-element elementor-element-f34323d elementor-section-boxed elementor-section-height-default elementor-section-height-default\" data-id=\"f34323d\" data-element_type=\"section\">\n\t\t\t\t\t\t<div class=\"elementor-container elementor-column-gap-default\">\n\t\t\t\t\t<div class=\"elementor-column elementor-col-50 elementor-top-column elementor-element elementor-element-1a61bf9\" data-id=\"1a61bf9\" data-element_type=\"column\">\n\t\t\t<div class=\"elementor-widget-wrap elementor-element-populated\">\n\t\t\t\t\t\t<div class=\"elementor-element elementor-element-037823b elementor-widget elementor-widget-image\" data-id=\"037823b\" data-element_type=\"widget\" data-widget_type=\"image.default\">\n\t\t\t\t<div class=\"elementor-widget-container\">\n\t\t\t\t\t\t\t\t\t\t\t\t\t<img fetchpriority=\"high\" decoding=\"async\" width=\"1024\" height=\"1024\" src=\"https:\/\/www.ufsm.br\/app\/uploads\/sites\/785\/2024\/08\/3-1-1024x1024.jpg\" class=\"attachment-large size-large wp-image-808\" alt=\"\" srcset=\"https:\/\/www.ufsm.br\/app\/uploads\/sites\/785\/2024\/08\/3-1-1024x1024.jpg 1024w, https:\/\/www.ufsm.br\/app\/uploads\/sites\/785\/2024\/08\/3-1-300x300.jpg 300w, https:\/\/www.ufsm.br\/app\/uploads\/sites\/785\/2024\/08\/3-1-150x150.jpg 150w, https:\/\/www.ufsm.br\/app\/uploads\/sites\/785\/2024\/08\/3-1-768x768.jpg 768w, https:\/\/www.ufsm.br\/app\/uploads\/sites\/785\/2024\/08\/3-1.jpg 1080w\" sizes=\"(max-width: 1024px) 100vw, 1024px\" \/>\t\t\t\t\t\t\t\t\t\t\t\t\t<\/div>\n\t\t\t\t<\/div>\n\t\t\t\t\t<\/div>\n\t\t<\/div>\n\t\t\t\t<div class=\"elementor-column elementor-col-50 elementor-top-column elementor-element elementor-element-83e0378\" data-id=\"83e0378\" data-element_type=\"column\">\n\t\t\t<div class=\"elementor-widget-wrap elementor-element-populated\">\n\t\t\t\t\t\t<div class=\"elementor-element elementor-element-8ac8a3a elementor-widget elementor-widget-image\" data-id=\"8ac8a3a\" data-element_type=\"widget\" data-widget_type=\"image.default\">\n\t\t\t\t<div class=\"elementor-widget-container\">\n\t\t\t\t\t\t\t\t\t\t\t\t\t<img decoding=\"async\" width=\"1024\" height=\"1024\" src=\"https:\/\/www.ufsm.br\/app\/uploads\/sites\/785\/2024\/08\/4-2-1024x1024-1.jpg\" class=\"attachment-large size-large wp-image-809\" alt=\"\" srcset=\"https:\/\/www.ufsm.br\/app\/uploads\/sites\/785\/2024\/08\/4-2-1024x1024-1.jpg 1024w, https:\/\/www.ufsm.br\/app\/uploads\/sites\/785\/2024\/08\/4-2-1024x1024-1-300x300.jpg 300w, https:\/\/www.ufsm.br\/app\/uploads\/sites\/785\/2024\/08\/4-2-1024x1024-1-150x150.jpg 150w, https:\/\/www.ufsm.br\/app\/uploads\/sites\/785\/2024\/08\/4-2-1024x1024-1-768x768.jpg 768w\" sizes=\"(max-width: 1024px) 100vw, 1024px\" \/>\t\t\t\t\t\t\t\t\t\t\t\t\t<\/div>\n\t\t\t\t<\/div>\n\t\t\t\t\t<\/div>\n\t\t<\/div>\n\t\t\t\t\t<\/div>\n\t\t<\/section>\n\t\t\t\t<\/div>\n\t\t","protected":false},"excerpt":{"rendered":"<p>Publicado na Edi\u00e7\u00e3o Especial 2022 do Cadernos ESP, o artigo aborda o impacto da educa\u00e7\u00e3o remota emergencial durante a pandemia da COVID-19 na forma\u00e7\u00e3o profissional dos estudantes de odontologia. Resumo \u00a0 Verificar a percep\u00e7\u00e3o dos acad\u00eamicos de Odontologia das institui\u00e7\u00f5es federais de ensino do Sul do Brasil, acerca do impacto da educa\u00e7\u00e3o remota emergencial durante [&hellip;]<\/p>\n","protected":false},"author":6677,"featured_media":0,"parent":0,"menu_order":0,"comment_status":"closed","ping_status":"closed","template":"","meta":{"footnotes":""},"categories":[],"tags":[],"class_list":["post-804","page","type-page","status-publish","hentry"],"acf":[],"_links":{"self":[{"href":"https:\/\/www.ufsm.br\/pet\/odontologia\/wp-json\/wp\/v2\/pages\/804","targetHints":{"allow":["GET"]}}],"collection":[{"href":"https:\/\/www.ufsm.br\/pet\/odontologia\/wp-json\/wp\/v2\/pages"}],"about":[{"href":"https:\/\/www.ufsm.br\/pet\/odontologia\/wp-json\/wp\/v2\/types\/page"}],"author":[{"embeddable":true,"href":"https:\/\/www.ufsm.br\/pet\/odontologia\/wp-json\/wp\/v2\/users\/6677"}],"replies":[{"embeddable":true,"href":"https:\/\/www.ufsm.br\/pet\/odontologia\/wp-json\/wp\/v2\/comments?post=804"}],"version-history":[{"count":0,"href":"https:\/\/www.ufsm.br\/pet\/odontologia\/wp-json\/wp\/v2\/pages\/804\/revisions"}],"wp:attachment":[{"href":"https:\/\/www.ufsm.br\/pet\/odontologia\/wp-json\/wp\/v2\/media?parent=804"}],"wp:term":[{"taxonomy":"category","embeddable":true,"href":"https:\/\/www.ufsm.br\/pet\/odontologia\/wp-json\/wp\/v2\/categories?post=804"},{"taxonomy":"post_tag","embeddable":true,"href":"https:\/\/www.ufsm.br\/pet\/odontologia\/wp-json\/wp\/v2\/tags?post=804"}],"curies":[{"name":"wp","href":"https:\/\/api.w.org\/{rel}","templated":true}]}}