{"id":843,"date":"2024-08-03T16:33:33","date_gmt":"2024-08-03T19:33:33","guid":{"rendered":"https:\/\/www.ufsm.br\/pet\/odontologia\/?page_id=843"},"modified":"2024-08-03T16:49:02","modified_gmt":"2024-08-03T19:49:02","slug":"saude-em-conto","status":"publish","type":"page","link":"https:\/\/www.ufsm.br\/pet\/odontologia\/saude-em-conto","title":{"rendered":"Sa\u00fade em Conto"},"content":{"rendered":"\t\t<div data-elementor-type=\"wp-page\" data-elementor-id=\"843\" class=\"elementor elementor-843\">\n\t\t\t\t\t\t<section class=\"elementor-section elementor-top-section elementor-element elementor-element-5e936d8 elementor-section-boxed elementor-section-height-default elementor-section-height-default\" data-id=\"5e936d8\" data-element_type=\"section\">\n\t\t\t\t\t\t<div class=\"elementor-container elementor-column-gap-default\">\n\t\t\t\t\t<div class=\"elementor-column elementor-col-100 elementor-top-column elementor-element elementor-element-baba78f\" data-id=\"baba78f\" data-element_type=\"column\">\n\t\t\t<div class=\"elementor-widget-wrap elementor-element-populated\">\n\t\t\t\t\t\t<div class=\"elementor-element elementor-element-4b06f0b elementor-widget elementor-widget-text-editor\" data-id=\"4b06f0b\" data-element_type=\"widget\" data-widget_type=\"text-editor.default\">\n\t\t\t\t<div class=\"elementor-widget-container\">\n\t\t\t\t\t\t\t<p><span style=\"font-weight: bold;color: #0d0d0d;font-size: 16px\">SA\u00daDE EM CONTO: EDUCA\u00c7\u00c3O EM SA\u00daDE PARA CRIAN\u00c7AS E FAM\u00cdLIAS<\/span><\/p><p>Na atualidade brasileira, no que se concerne \u00e0 sa\u00fade bucal de crian\u00e7as, dois problemas ainda s\u00e3o\u00a0<span style=\"color: #000000;font-size: 1rem;font-weight: var( --e-global-typography-text-font-weight );text-align: var(--bs-body-text-align)\">muito frequentes: a respira\u00e7\u00e3o bucal e o uso de chupetas e suc\u00e7\u00e3o n\u00e3o nutritiva, seja de chupeta ou\u00a0<\/span><span style=\"color: #000000;font-size: 1rem;font-weight: var( --e-global-typography-text-font-weight );text-align: var(--bs-body-text-align)\">do dedo. Tais condi\u00e7\u00f5es podem trazer consequ\u00eancias indesejadas para o futuro da crian\u00e7a, tais como\u00a0<\/span><span style=\"color: #000000;font-size: 1rem;font-weight: var( --e-global-typography-text-font-weight );text-align: var(--bs-body-text-align)\">a dificuldade de falar, respirar e mastigar, problemas de intera\u00e7\u00e3o social e altera\u00e7\u00f5es no\u00a0<\/span><span style=\"color: #000000;font-size: 1rem;font-weight: var( --e-global-typography-text-font-weight );text-align: var(--bs-body-text-align)\">desenvolvimento da face e cavidade oral. Al\u00e9m disso, muitos pais acabam negligenciando essas\u00a0<\/span><span style=\"color: #000000;font-size: 1rem;font-weight: var( --e-global-typography-text-font-weight );text-align: var(--bs-body-text-align)\">condi\u00e7\u00f5es, por n\u00e3o possu\u00edrem o conhecimento necess\u00e1rio sobre o assunto e suas implica\u00e7\u00f5es\u00a0<\/span><span style=\"color: #000000;font-size: 1rem;font-weight: var( --e-global-typography-text-font-weight );text-align: var(--bs-body-text-align)\">negativas na vida de seu filho, levando a uma perpetua\u00e7\u00e3o do problema que pode agravar ainda mais a<\/span><span style=\"color: #000000;font-size: 1rem;font-weight: var( --e-global-typography-text-font-weight );text-align: var(--bs-body-text-align)\">\u00a0condi\u00e7\u00e3o. Desse modo, o Grupo PET Odontologia desenvolve o Programa de extens\u00e3o Sa\u00fade em\u00a0<\/span><span style=\"color: #000000;font-size: 1rem;font-weight: var( --e-global-typography-text-font-weight );text-align: var(--bs-body-text-align)\">Conto, que visa distribuir materiais did\u00e1ticos sobre os dois temas abordados acima e realizar\u00a0<\/span><span style=\"color: #000000;font-size: 1rem;font-weight: var( --e-global-typography-text-font-weight );text-align: var(--bs-body-text-align)\">din\u00e2micas l\u00fadicas e conversas, a fim de levar conhecimento e estimular o autocuidado e percep\u00e7\u00e3o\u00a0<\/span><span style=\"color: #000000;font-size: 1rem;font-weight: var( --e-global-typography-text-font-weight );text-align: var(--bs-body-text-align)\">sobre si mesmos para crian\u00e7as do ensino infantil e s\u00e9ries iniciais do ensino fundamental, e tamb\u00e9m\u00a0<\/span><span style=\"color: #000000;font-size: 1rem;font-weight: var( --e-global-typography-text-font-weight );text-align: var(--bs-body-text-align)\">estimular a transmiss\u00e3o desses saberes para seus respons\u00e1veis.<\/span><\/p><p>Objetivo:\u00a0<span style=\"color: #0d0d0d;font-family: 'Helvetica Neue', Helvetica, Arial, sans-serif;font-size: 16px;font-weight: var( --e-global-typography-text-font-weight );text-align: var(--bs-body-text-align)\">Promover a educa\u00e7\u00e3o em sa\u00fade para crian\u00e7as e suas fam\u00edlias, com foco em Odontologia e Fonoaudiologia, atrav\u00e9s da elabora\u00e7\u00e3o e divulga\u00e7\u00e3o de material did\u00e1tico, informativo, l\u00fadico e multidisciplinar. O material visar\u00e1 orientar crian\u00e7as com necessidade de interven\u00e7\u00e3o odontol\u00f3gica\/ortod\u00f4ntica e\/ou fonoaudiol\u00f3gica e seus respons\u00e1veis quanto ao diagn\u00f3stico, tratamento e poss\u00edveis sequelas dos problemas abordados nos materiais visando despertar o autocuidado e necessidade de engajamento da fam\u00edlia nas terapias propostas.<\/span><\/p>\t\t\t\t\t\t<\/div>\n\t\t\t\t<\/div>\n\t\t\t\t\t<\/div>\n\t\t<\/div>\n\t\t\t\t\t<\/div>\n\t\t<\/section>\n\t\t\t\t<section class=\"elementor-section elementor-top-section elementor-element elementor-element-c7547c8 elementor-section-boxed elementor-section-height-default elementor-section-height-default\" data-id=\"c7547c8\" data-element_type=\"section\">\n\t\t\t\t\t\t<div class=\"elementor-container elementor-column-gap-default\">\n\t\t\t\t\t<div class=\"elementor-column elementor-col-100 elementor-top-column elementor-element elementor-element-f593302\" data-id=\"f593302\" data-element_type=\"column\">\n\t\t\t<div class=\"elementor-widget-wrap elementor-element-populated\">\n\t\t\t\t\t\t<div class=\"elementor-element elementor-element-3d4eaaf elementor-widget__width-initial elementor-widget elementor-widget-image\" data-id=\"3d4eaaf\" data-element_type=\"widget\" data-widget_type=\"image.default\">\n\t\t\t\t<div class=\"elementor-widget-container\">\n\t\t\t\t\t\t\t\t\t\t\t\t\t\t<a href=\"http:\/\/repositorio.ufsm.br\/handle\/1\/20136\">\n\t\t\t\t\t\t\t<img decoding=\"async\" width=\"160\" height=\"135\" src=\"https:\/\/www.ufsm.br\/app\/uploads\/sites\/785\/2024\/08\/Adeus_Bibi_Ebook1-1.pdf.jpg\" class=\"attachment-large size-large wp-image-848\" alt=\"\" \/>\t\t\t\t\t\t\t\t<\/a>\n\t\t\t\t\t\t\t\t\t\t\t\t\t<\/div>\n\t\t\t\t<\/div>\n\t\t\t\t<div class=\"elementor-element elementor-element-2d70cc9 elementor-widget__width-initial elementor-widget elementor-widget-image\" data-id=\"2d70cc9\" data-element_type=\"widget\" data-widget_type=\"image.default\">\n\t\t\t\t<div class=\"elementor-widget-container\">\n\t\t\t\t\t\t\t\t\t\t\t\t\t\t<a href=\"http:\/\/repositorio.ufsm.br\/handle\/1\/20137\">\n\t\t\t\t\t\t\t<img fetchpriority=\"high\" decoding=\"async\" width=\"300\" height=\"252\" src=\"https:\/\/www.ufsm.br\/app\/uploads\/sites\/785\/2024\/08\/A-Corrida-de-Sol-ebook-capa-300x252-1.jpg\" class=\"attachment-large size-large wp-image-849\" alt=\"\" \/>\t\t\t\t\t\t\t\t<\/a>\n\t\t\t\t\t\t\t\t\t\t\t\t\t<\/div>\n\t\t\t\t<\/div>\n\t\t\t\t\t<\/div>\n\t\t<\/div>\n\t\t\t\t\t<\/div>\n\t\t<\/section>\n\t\t\t\t<\/div>\n\t\t","protected":false},"excerpt":{"rendered":"<p>SA\u00daDE EM CONTO: EDUCA\u00c7\u00c3O EM SA\u00daDE PARA CRIAN\u00c7AS E FAM\u00cdLIAS Na atualidade brasileira, no que se concerne \u00e0 sa\u00fade bucal de crian\u00e7as, dois problemas ainda s\u00e3o\u00a0muito frequentes: a respira\u00e7\u00e3o bucal e o uso de chupetas e suc\u00e7\u00e3o n\u00e3o nutritiva, seja de chupeta ou\u00a0do dedo. Tais condi\u00e7\u00f5es podem trazer consequ\u00eancias indesejadas para o futuro da crian\u00e7a, [&hellip;]<\/p>\n","protected":false},"author":6677,"featured_media":0,"parent":0,"menu_order":0,"comment_status":"closed","ping_status":"closed","template":"","meta":{"footnotes":""},"categories":[],"tags":[],"class_list":["post-843","page","type-page","status-publish","hentry"],"acf":[],"_links":{"self":[{"href":"https:\/\/www.ufsm.br\/pet\/odontologia\/wp-json\/wp\/v2\/pages\/843","targetHints":{"allow":["GET"]}}],"collection":[{"href":"https:\/\/www.ufsm.br\/pet\/odontologia\/wp-json\/wp\/v2\/pages"}],"about":[{"href":"https:\/\/www.ufsm.br\/pet\/odontologia\/wp-json\/wp\/v2\/types\/page"}],"author":[{"embeddable":true,"href":"https:\/\/www.ufsm.br\/pet\/odontologia\/wp-json\/wp\/v2\/users\/6677"}],"replies":[{"embeddable":true,"href":"https:\/\/www.ufsm.br\/pet\/odontologia\/wp-json\/wp\/v2\/comments?post=843"}],"version-history":[{"count":0,"href":"https:\/\/www.ufsm.br\/pet\/odontologia\/wp-json\/wp\/v2\/pages\/843\/revisions"}],"wp:attachment":[{"href":"https:\/\/www.ufsm.br\/pet\/odontologia\/wp-json\/wp\/v2\/media?parent=843"}],"wp:term":[{"taxonomy":"category","embeddable":true,"href":"https:\/\/www.ufsm.br\/pet\/odontologia\/wp-json\/wp\/v2\/categories?post=843"},{"taxonomy":"post_tag","embeddable":true,"href":"https:\/\/www.ufsm.br\/pet\/odontologia\/wp-json\/wp\/v2\/tags?post=843"}],"curies":[{"name":"wp","href":"https:\/\/api.w.org\/{rel}","templated":true}]}}