{"id":851,"date":"2024-08-03T16:55:53","date_gmt":"2024-08-03T19:55:53","guid":{"rendered":"https:\/\/www.ufsm.br\/pet\/odontologia\/?page_id=851"},"modified":"2024-08-03T17:01:32","modified_gmt":"2024-08-03T20:01:32","slug":"petcast","status":"publish","type":"page","link":"https:\/\/www.ufsm.br\/pet\/odontologia\/petcast","title":{"rendered":"PETcast"},"content":{"rendered":"\t\t<div data-elementor-type=\"wp-page\" data-elementor-id=\"851\" class=\"elementor elementor-851\">\n\t\t\t\t\t\t<section class=\"elementor-section elementor-top-section elementor-element elementor-element-58c782e elementor-section-boxed elementor-section-height-default elementor-section-height-default\" data-id=\"58c782e\" data-element_type=\"section\">\n\t\t\t\t\t\t<div class=\"elementor-container elementor-column-gap-default\">\n\t\t\t\t\t<div class=\"elementor-column elementor-col-100 elementor-top-column elementor-element elementor-element-0423455\" data-id=\"0423455\" data-element_type=\"column\">\n\t\t\t<div class=\"elementor-widget-wrap elementor-element-populated\">\n\t\t\t\t\t\t<div class=\"elementor-element elementor-element-afd7590 elementor-widget elementor-widget-text-editor\" data-id=\"afd7590\" data-element_type=\"widget\" data-widget_type=\"text-editor.default\">\n\t\t\t\t<div class=\"elementor-widget-container\">\n\t\t\t\t\t\t\t<p>O PETcast \u00e9 um projeto desenvolvido pelos integrantes do grupo do Programa de Educa\u00e7\u00e3o Tutorial do Curso de Odontologia da Universidade Federal de Santa Maria. Este podcast tem como objetivo difundir informa\u00e7\u00f5es sobre a Odontologia atrav\u00e9s de entrevistas com profissionais da \u00e1rea.\u00a0<\/p><p>No quadro \u201cMe formei, e agora?\u201d \u00e9 realizado entrevistas com especialistas das diferentes \u00e1reas da Odontologia com o objetivo de sanar as principais d\u00favidas dos graduandos. J\u00e1 possu\u00edmos dispon\u00edveis no Spotify entrevistas com especialistas em Odontologia do Esporte, Ortodontia, DTM, Odontopediatria, Pr\u00f3tese BucoMaxiloFacial, Estomatologia, Odontologia Legal e Cirurgia e Traumatologia BucoMaxiloFacial.\u00a0<\/p>\t\t\t\t\t\t<\/div>\n\t\t\t\t<\/div>\n\t\t\t\t\t<\/div>\n\t\t<\/div>\n\t\t\t\t\t<\/div>\n\t\t<\/section>\n\t\t\t\t<section class=\"elementor-section elementor-top-section elementor-element elementor-element-b9aee5a elementor-section-boxed elementor-section-height-default elementor-section-height-default\" data-id=\"b9aee5a\" data-element_type=\"section\">\n\t\t\t\t\t\t<div class=\"elementor-container elementor-column-gap-default\">\n\t\t\t\t\t<div class=\"elementor-column elementor-col-100 elementor-top-column elementor-element elementor-element-3f5856e\" data-id=\"3f5856e\" data-element_type=\"column\">\n\t\t\t<div class=\"elementor-widget-wrap elementor-element-populated\">\n\t\t\t\t\t\t<div class=\"elementor-element elementor-element-eeea59a elementor-shape-circle elementor-widget__width-initial elementor-grid-0 e-grid-align-center elementor-widget elementor-widget-social-icons\" data-id=\"eeea59a\" data-element_type=\"widget\" data-widget_type=\"social-icons.default\">\n\t\t\t\t<div class=\"elementor-widget-container\">\n\t\t\t\t\t<div class=\"elementor-social-icons-wrapper elementor-grid\">\n\t\t\t\t\t\t\t<span class=\"elementor-grid-item\">\n\t\t\t\t\t<a class=\"elementor-icon elementor-social-icon elementor-social-icon-spotify elementor-repeater-item-16a8d42\" href=\"https:\/\/open.spotify.com\/show\/43b54bluUYyD3Yw9zX9oHs\" target=\"_blank\">\n\t\t\t\t\t\t<span class=\"elementor-screen-only\">Spotify<\/span>\n\t\t\t\t\t\t<i class=\"fab fa-spotify\"><\/i>\t\t\t\t\t<\/a>\n\t\t\t\t<\/span>\n\t\t\t\t\t<\/div>\n\t\t\t\t<\/div>\n\t\t\t\t<\/div>\n\t\t\t\t\t<\/div>\n\t\t<\/div>\n\t\t\t\t\t<\/div>\n\t\t<\/section>\n\t\t\t\t<\/div>\n\t\t","protected":false},"excerpt":{"rendered":"<p>O PETcast \u00e9 um projeto desenvolvido pelos integrantes do grupo do Programa de Educa\u00e7\u00e3o Tutorial do Curso de Odontologia da Universidade Federal de Santa Maria. Este podcast tem como objetivo difundir informa\u00e7\u00f5es sobre a Odontologia atrav\u00e9s de entrevistas com profissionais da \u00e1rea.\u00a0 No quadro \u201cMe formei, e agora?\u201d \u00e9 realizado entrevistas com especialistas das diferentes [&hellip;]<\/p>\n","protected":false},"author":6677,"featured_media":0,"parent":0,"menu_order":0,"comment_status":"closed","ping_status":"closed","template":"","meta":{"footnotes":""},"categories":[],"tags":[],"class_list":["post-851","page","type-page","status-publish","hentry"],"acf":[],"_links":{"self":[{"href":"https:\/\/www.ufsm.br\/pet\/odontologia\/wp-json\/wp\/v2\/pages\/851","targetHints":{"allow":["GET"]}}],"collection":[{"href":"https:\/\/www.ufsm.br\/pet\/odontologia\/wp-json\/wp\/v2\/pages"}],"about":[{"href":"https:\/\/www.ufsm.br\/pet\/odontologia\/wp-json\/wp\/v2\/types\/page"}],"author":[{"embeddable":true,"href":"https:\/\/www.ufsm.br\/pet\/odontologia\/wp-json\/wp\/v2\/users\/6677"}],"replies":[{"embeddable":true,"href":"https:\/\/www.ufsm.br\/pet\/odontologia\/wp-json\/wp\/v2\/comments?post=851"}],"version-history":[{"count":0,"href":"https:\/\/www.ufsm.br\/pet\/odontologia\/wp-json\/wp\/v2\/pages\/851\/revisions"}],"wp:attachment":[{"href":"https:\/\/www.ufsm.br\/pet\/odontologia\/wp-json\/wp\/v2\/media?parent=851"}],"wp:term":[{"taxonomy":"category","embeddable":true,"href":"https:\/\/www.ufsm.br\/pet\/odontologia\/wp-json\/wp\/v2\/categories?post=851"},{"taxonomy":"post_tag","embeddable":true,"href":"https:\/\/www.ufsm.br\/pet\/odontologia\/wp-json\/wp\/v2\/tags?post=851"}],"curies":[{"name":"wp","href":"https:\/\/api.w.org\/{rel}","templated":true}]}}