{"id":567,"date":"2023-11-24T16:09:46","date_gmt":"2023-11-24T19:09:46","guid":{"rendered":"https:\/\/www.ufsm.br\/pro-reitorias\/prae\/ceu\/?page_id=567"},"modified":"2025-10-13T09:50:05","modified_gmt":"2025-10-13T12:50:05","slug":"alojamento-provisorio-para-visitante-externo","status":"publish","type":"page","link":"https:\/\/www.ufsm.br\/pro-reitorias\/prae\/ceu\/alojamento-provisorio-para-visitante-externo","title":{"rendered":"Alojamento provis\u00f3rio para visitante externo"},"content":{"rendered":"\n<p>A Uni\u00e3o Universit\u00e1ria tem por objetivo alojar os alunos aprovados nos editais de sele\u00e7\u00e3o de moradia estudantil da UFSM de forma provis\u00f3ria, enquanto n\u00e3o se estabelecem em um apartamento permanente. Por\u00e9m, \u00e9 poss\u00edvel tamb\u00e9m a sua utiliza\u00e7\u00e3o por usu\u00e1rios externos ao campus da UFSM Santa Maria <span style=\"background-color: #ffffff;color: #333399\"><strong>em caso de eventos que ocorram na UFSM campus sede<\/strong><\/span>.\u00a0<\/p>\n<p><span style=\"font-weight: 400\">No alojamento provis\u00f3rio os quartos s\u00e3o coletivos, sendo apenas disponibilizadas camas beliches, banheiros coletivos e o espa\u00e7o da cozinha coletiva que disp\u00f5e de fog\u00f5es el\u00e9tricos e geladeira, sem utens\u00edlios de cozinha. <strong><span style=\"color: #333399\">O\/a estudante ingressante no alojamento provis\u00f3rio disponibilizado pela UFSM<\/span> <span style=\"color: #333399\">dever\u00e1 providenciar os materiais de uso pessoal (colch\u00e3o, roupa de cama, travesseiro, cobertores, materiais de higiene, utens\u00edlios de cozinha e ventilador, especialmente em \u00e9pocas de calor).<\/span><\/strong>\u00a0Para a utiliza\u00e7\u00e3o do espa\u00e7o, o usu\u00e1rio deve estar ciente das infra\u00e7\u00f5es previstas na<b> Resolu\u00e7\u00e3o 017\/2018 <\/b>que institui o c\u00f3digo de \u00e9tica e conviv\u00eancia discente da Universidade Federal de Santa Maria, especialmente no que diz respeito \u00e0s infra\u00e7\u00f5es disciplinares discentes leves, m\u00e9dias e graves. Acesse o C\u00f3digo de \u00c9tica <a href=\"https:\/\/www.ufsm.br\/pro-reitorias\/proplan\/codigo-de-etica-e-convivencia-discente-da-universidade-federal-de-santa-maria\">aqui.<\/a><\/span><\/p>\n<p>Para solicita\u00e7\u00e3o de utiliza\u00e7\u00e3o do alojamento provis\u00f3rio (Uni\u00e3o Universit\u00e1ria) por visitantes externos \u00e9 necess\u00e1rio preencher o Formul\u00e1rio de Solicita\u00e7\u00e3o abaixo:<\/p>\n<p><a href=\"https:\/\/www.ufsm.br\/app\/uploads\/sites\/764\/2023\/11\/Formulario-PEN-Solicitacao-para-usuario-externo.docx\">https:\/\/www.ufsm.br\/app\/uploads\/sites\/764\/2023\/11\/Formulario-PEN-Solicitacao-para-usuario-externo.docx<\/a><\/p>\n<p><span style=\"font-weight: 400\">Ap\u00f3s leitura e preenchimento, este formul\u00e1rio deve ser assinado eletronicamente pelo servidor (t\u00e9cnico administrativo ou docente da UFSM) respons\u00e1vel pelo grupo para a hospedagem.<\/span><\/p>\n<p><span style=\"font-weight: 400\"><span style=\"color: #333399\"><strong>A solicita\u00e7\u00e3o dever\u00e1 ser realizada com no m\u00ednimo quinze dias de anteced\u00eancia<\/strong><\/span>, para an\u00e1lise de viabilidade. O quantitativo dispon\u00edvel para estadia no alojamento varia de acordo com a ocupa\u00e7\u00e3o j\u00e1 realizada na data solicitada.<\/span><\/p>\n<p>Ap\u00f3s assinatura, deve-se abrir um processo no Portal de Documentos da UFSM (<a href=\"https:\/\/portal.ufsm.br\/documentos\/mainMenu.html\">https:\/\/portal.ufsm.br\/documentos\/mainMenu.html<\/a>) com Tipo Documental &#8220;Solicita\u00e7\u00e3o de uso de alojamento provis\u00f3rio para visitante externo (521.2)&#8221;. \u00c9 poss\u00edvel tamb\u00e9m preencher o &#8220;Formul\u00e1rio de Solicita\u00e7\u00e3o de uso do alojamento provis\u00f3rio da Uni\u00e3o Universit\u00e1ria&#8221; diretamente no Portal de Documentos, escolhendo a op\u00e7\u00e3o &#8220;Usar Modelo&#8221; no momento de inserir o documento.<\/p>\n<p>Ap\u00f3s a inser\u00e7\u00e3o do documento, basta adicionar o despacho &#8220;Para an\u00e1lise&#8221; e tramitar para o setor de &#8220;VAGAS E ACOMPANHAMENTO DA MORADIA ESTUDANTIL&#8221;.<\/p>\n<p>Em caso de d\u00favidas, entrar em contato pelo e-mail moradia <a href=\"mailto:moradia.estudantil.prae@ufsm.br\">moradia.estudantil.prae@ufsm.br<\/a> ou pelo whatsapp 55991043269.<\/p>\n<p>\u00a0<\/p>\n<p>\u00a0<\/p>\n<p>\u00a0<\/p>\n","protected":false},"excerpt":{"rendered":"<p>A Uni\u00e3o Universit\u00e1ria tem por objetivo alojar os alunos aprovados nos editais de sele\u00e7\u00e3o de moradia estudantil da UFSM de forma provis\u00f3ria, enquanto n\u00e3o se estabelecem em um apartamento permanente. Por\u00e9m, \u00e9 poss\u00edvel tamb\u00e9m a sua utiliza\u00e7\u00e3o por usu\u00e1rios externos ao campus da UFSM Santa Maria em caso de eventos que ocorram na UFSM campus [&hellip;]<\/p>\n","protected":false},"author":452,"featured_media":0,"parent":0,"menu_order":0,"comment_status":"closed","ping_status":"closed","template":"","meta":{"footnotes":""},"categories":[],"tags":[],"class_list":["post-567","page","type-page","status-publish","hentry"],"acf":[],"_links":{"self":[{"href":"https:\/\/www.ufsm.br\/pro-reitorias\/prae\/ceu\/wp-json\/wp\/v2\/pages\/567","targetHints":{"allow":["GET"]}}],"collection":[{"href":"https:\/\/www.ufsm.br\/pro-reitorias\/prae\/ceu\/wp-json\/wp\/v2\/pages"}],"about":[{"href":"https:\/\/www.ufsm.br\/pro-reitorias\/prae\/ceu\/wp-json\/wp\/v2\/types\/page"}],"author":[{"embeddable":true,"href":"https:\/\/www.ufsm.br\/pro-reitorias\/prae\/ceu\/wp-json\/wp\/v2\/users\/452"}],"replies":[{"embeddable":true,"href":"https:\/\/www.ufsm.br\/pro-reitorias\/prae\/ceu\/wp-json\/wp\/v2\/comments?post=567"}],"version-history":[{"count":0,"href":"https:\/\/www.ufsm.br\/pro-reitorias\/prae\/ceu\/wp-json\/wp\/v2\/pages\/567\/revisions"}],"wp:attachment":[{"href":"https:\/\/www.ufsm.br\/pro-reitorias\/prae\/ceu\/wp-json\/wp\/v2\/media?parent=567"}],"wp:term":[{"taxonomy":"category","embeddable":true,"href":"https:\/\/www.ufsm.br\/pro-reitorias\/prae\/ceu\/wp-json\/wp\/v2\/categories?post=567"},{"taxonomy":"post_tag","embeddable":true,"href":"https:\/\/www.ufsm.br\/pro-reitorias\/prae\/ceu\/wp-json\/wp\/v2\/tags?post=567"}],"curies":[{"name":"wp","href":"https:\/\/api.w.org\/{rel}","templated":true}]}}