{"id":584,"date":"2024-06-28T09:26:11","date_gmt":"2024-06-28T12:26:11","guid":{"rendered":"https:\/\/www.ufsm.br\/pro-reitorias\/prae\/ceu\/?page_id=584"},"modified":"2025-12-17T13:07:41","modified_gmt":"2025-12-17T16:07:41","slug":"conselho-do-programa-de-moradia-da-pos-graduacao-cpmpg-prae","status":"publish","type":"page","link":"https:\/\/www.ufsm.br\/pro-reitorias\/prae\/ceu\/conselho-do-programa-de-moradia-da-pos-graduacao-cpmpg-prae","title":{"rendered":"Conselho do Programa de Moradia da P\u00f3s-Gradua\u00e7\u00e3o (CPMPG-PRAE)"},"content":{"rendered":"\t\t<div data-elementor-type=\"wp-page\" data-elementor-id=\"584\" class=\"elementor elementor-584\">\n\t\t\t\t\t\t<section class=\"elementor-section elementor-top-section elementor-element elementor-element-133b3149 elementor-section-boxed elementor-section-height-default elementor-section-height-default\" data-id=\"133b3149\" data-element_type=\"section\">\n\t\t\t\t\t\t<div class=\"elementor-container elementor-column-gap-default\">\n\t\t\t\t\t<div class=\"elementor-column elementor-col-100 elementor-top-column elementor-element elementor-element-67851ef3\" data-id=\"67851ef3\" data-element_type=\"column\">\n\t\t\t<div class=\"elementor-widget-wrap elementor-element-populated\">\n\t\t\t\t\t\t<div class=\"elementor-element elementor-element-a312795 elementor-widget elementor-widget-image\" data-id=\"a312795\" data-element_type=\"widget\" data-widget_type=\"image.default\">\n\t\t\t\t<div class=\"elementor-widget-container\">\n\t\t\t\t\t\t\t\t\t\t\t\t\t<img decoding=\"async\" src=\"https:\/\/www.ufsm.br\/app\/uploads\/sites\/764\/elementor\/thumbs\/capa-site-2-1-qqa8ghfog4pct2wmtmrm79fmekuxu9q7jmtpuit2fu.jpg\" title=\"capa site (2)\" alt=\"capa site (2)\" loading=\"lazy\" \/>\t\t\t\t\t\t\t\t\t\t\t\t\t<\/div>\n\t\t\t\t<\/div>\n\t\t\t\t<div class=\"elementor-element elementor-element-ecccdb6 elementor-widget elementor-widget-spacer\" data-id=\"ecccdb6\" data-element_type=\"widget\" data-widget_type=\"spacer.default\">\n\t\t\t\t<div class=\"elementor-widget-container\">\n\t\t\t\t\t<div class=\"elementor-spacer\">\n\t\t\t<div class=\"elementor-spacer-inner\"><\/div>\n\t\t<\/div>\n\t\t\t\t<\/div>\n\t\t\t\t<\/div>\n\t\t\t\t<div class=\"elementor-element elementor-element-a13ac5c elementor-widget elementor-widget-heading\" data-id=\"a13ac5c\" data-element_type=\"widget\" data-widget_type=\"heading.default\">\n\t\t\t\t<div class=\"elementor-widget-container\">\n\t\t\t<h5 class=\"elementor-heading-title elementor-size-default\">Apresenta\u00e7\u00e3o<\/h5>\t\t<\/div>\n\t\t\t\t<\/div>\n\t\t\t\t<div class=\"elementor-element elementor-element-261bf3d4 elementor-widget elementor-widget-text-editor\" data-id=\"261bf3d4\" data-element_type=\"widget\" data-widget_type=\"text-editor.default\">\n\t\t\t\t<div class=\"elementor-widget-container\">\n\t\t\t\t\t\t\t<p style=\"color: #1c1c1c;font-size: 16px\"><span style=\"line-height: inherit !important\">O Conselho de Moradia da P\u00f3s-Gradua\u00e7\u00e3o previsto na Resolu\u00e7\u00e3o N.23\/2014 que institui o Programa de Moradia Estudantil, no \u00e2mbito da Universidade Federal de Santa Maria, aos alunos da p\u00f3s-gradua\u00e7\u00e3o, foi extinto por meio do Decreto N. 9.759, de 11 de abril de 2019 durante o governo do ex-presidente Jair Messias Bolsonaro. Durante o ano de 2023 a PRAE juntamente com os estudantes integrantes da representa\u00e7\u00e3o estudantil de casa de estudante universit\u00e1rio da p\u00f3s-gradua\u00e7\u00e3o, a Comiss\u00e3o da CEU III, deu in\u00edcio a constru\u00e7\u00e3o de uma nova Minuta de Resolu\u00e7\u00e3o para cria\u00e7\u00e3o do \u201cConselho do Programa de Moradia Estudantil da P\u00f3s-Gradua\u00e7\u00e3o (CPMPG-PRAE)\u201d.<\/span><\/p><p style=\"color: #1c1c1c;font-size: 16px\"><span style=\"line-height: inherit !important\">A minuta de cria\u00e7\u00e3o do CPMPG-PRAE foi submetida e aprovada pelo Conselho Superior Universit\u00e1rio (CONSU) em dezembro de 2023. O Conselho de Moradia \u00e9 um espa\u00e7o fundamental de di\u00e1logo e constru\u00e7\u00e3o conjunta para a qualifica\u00e7\u00e3o do Programa de Moradia Estudantil.\u00a0<\/span><\/p><p style=\"color: #1c1c1c;font-size: 16px\">Clique <a href=\"https:\/\/www.ufsm.br\/pro-reitorias\/proplan\/resolucao-ufsm-n-149-2023\"><b>aqui<\/b><\/a> e confira a <b>Resolu\u00e7\u00e3o completa do CPMPG-PRAE.<\/b><\/p><p style=\"color: #1c1c1c;font-size: 16px\"><b>\u00a0<\/b>Clique\u00a0<a href=\"https:\/\/www.ufsm.br\/app\/uploads\/sites\/764\/2025\/12\/PORT_PES_UFSM_2025_1971-Membros-Conselhos-pos-graduacao.pdf\"><b>aqui\u00a0<\/b><\/a>e confira a<b> Portaria de nomea\u00e7\u00e3o dos conselheiros e conselheiras<\/b><\/p>\t\t\t\t\t\t<\/div>\n\t\t\t\t<\/div>\n\t\t\t\t\t<\/div>\n\t\t<\/div>\n\t\t\t\t\t<\/div>\n\t\t<\/section>\n\t\t\t\t<section class=\"elementor-section elementor-top-section elementor-element elementor-element-7750f05 elementor-section-boxed elementor-section-height-default elementor-section-height-default\" data-id=\"7750f05\" data-element_type=\"section\">\n\t\t\t\t\t\t<div class=\"elementor-container elementor-column-gap-default\">\n\t\t\t\t\t<div class=\"elementor-column elementor-col-100 elementor-top-column elementor-element elementor-element-9268a63\" data-id=\"9268a63\" data-element_type=\"column\">\n\t\t\t<div class=\"elementor-widget-wrap elementor-element-populated\">\n\t\t\t\t\t\t<div class=\"elementor-element elementor-element-b3db76f elementor-widget elementor-widget-heading\" data-id=\"b3db76f\" data-element_type=\"widget\" data-widget_type=\"heading.default\">\n\t\t\t\t<div class=\"elementor-widget-container\">\n\t\t\t<h5 class=\"elementor-heading-title elementor-size-default\">O que \u00e9 o Conselho do Programa de Moradia da P\u00f3s-Gradua\u00e7\u00e3o?<\/h5>\t\t<\/div>\n\t\t\t\t<\/div>\n\t\t\t\t<div class=\"elementor-element elementor-element-d905679 elementor-widget elementor-widget-text-editor\" data-id=\"d905679\" data-element_type=\"widget\" data-widget_type=\"text-editor.default\">\n\t\t\t\t<div class=\"elementor-widget-container\">\n\t\t\t\t\t\t\t<p><span style=\"color: #1c1c1c;font-size: 16px\">O CPMPG-PRAE \u00e9 formado pelas Pr\u00f3-Reitorias de Assuntos Estudantis (PRAE), P\u00f3s-Gradua\u00e7\u00e3o e Pesquisa (PRPGP), moradores(as) representantes da casa de estudante da p\u00f3s-gradua\u00e7\u00e3o (CEU III) e Associa\u00e7\u00e3o de P\u00f3s-Graduandos (APG), tendo por compet\u00eancia:<\/span><\/p>\n<p style=\"color: #1c1c1c;font-size: 16px\"><span style=\"line-height: inherit !important\">I \u2013 acompanhar a execu\u00e7\u00e3o e propor melhorias no Programa de Moradia Estudantil para estudantes de p\u00f3s-gradua\u00e7\u00e3o da Universidade Federal de Santa Maria;<\/span><\/p>\n<p style=\"color: #1c1c1c;font-size: 16px\"><span style=\"line-height: inherit !important\">II \u2013 acompanhar a publicidade e transpar\u00eancia do processo de ingresso e de perman\u00eancia no Programa de Moradia Estudantil;<\/span><\/p>\n<p style=\"color: #1c1c1c;font-size: 16px\"><span style=\"line-height: inherit !important\">III \u2013 orientar e apreciar os editais para processo seletivo de ingresso na casa do estudante da p\u00f3s-gradua\u00e7\u00e3o visando ao adequado preenchimento das vagas; e,<\/span><\/p>\n<p style=\"color: #1c1c1c;font-size: 16px\"><span style=\"line-height: inherit !important\">IV \u2013 acompanhar e auxiliar o processo eleitoral da comiss\u00e3o de moradia estudantil da p\u00f3s-gradua\u00e7\u00e3o, quando necess\u00e1rio.<\/span><\/p>\t\t\t\t\t\t<\/div>\n\t\t\t\t<\/div>\n\t\t\t\t<div class=\"elementor-element elementor-element-e10dc17 elementor-widget elementor-widget-spacer\" data-id=\"e10dc17\" data-element_type=\"widget\" data-widget_type=\"spacer.default\">\n\t\t\t\t<div class=\"elementor-widget-container\">\n\t\t\t\t\t<div class=\"elementor-spacer\">\n\t\t\t<div class=\"elementor-spacer-inner\"><\/div>\n\t\t<\/div>\n\t\t\t\t<\/div>\n\t\t\t\t<\/div>\n\t\t\t\t<div class=\"elementor-element elementor-element-e69e34e elementor-widget elementor-widget-heading\" data-id=\"e69e34e\" data-element_type=\"widget\" data-widget_type=\"heading.default\">\n\t\t\t\t<div class=\"elementor-widget-container\">\n\t\t\t<h5 class=\"elementor-heading-title elementor-size-default\">Equipe do Conselho do Programa de Moradia de P\u00f3s Gradua\u00e7\u00e3o<\/h5>\t\t<\/div>\n\t\t\t\t<\/div>\n\t\t\t\t<div class=\"elementor-element elementor-element-abb6de4 elementor-widget elementor-widget-text-editor\" data-id=\"abb6de4\" data-element_type=\"widget\" data-widget_type=\"text-editor.default\">\n\t\t\t\t<div class=\"elementor-widget-container\">\n\t\t\t\t\t\t\t<ul><li>Gisele Martins Guimar\u00e3es &#8211; SIAPE 2506566 \u2013 Presidente;<\/li><li>Cassiana Marques da Silva &#8211; SIAPE 1796251 \u2013 Vice-presidente;<\/li><li>M\u00e1rcia Naiar Cerdote Pedroso &#8211; SIAPE 1618377 &#8211; Moradia Estudantil;<\/li><li>Thiago Ribas Fenner &#8211; SIAPE 3305870- Suplente &#8211; Moradia Estudantil;<\/li><li>Priscila Sousa Pereira &#8211; Matr\u00edcula 202260268 &#8211; Moradora da casa de estudante;<\/li><li>Lucas Santiago dos Santos &#8211; Matr\u00edcula 202460636 &#8211; Suplente &#8211; Morador da casa de estudante;<\/li><li>Pedro Henrique Silva dos Santos &#8211; Matr\u00edcula 202460354 &#8211; Moradora da casa de estudante;<\/li><li>Sofonias Lopes J\u00f3 &#8211; Matr\u00edcula 202460703 &#8211; Suplente &#8211; Moradora da casa de estudante;<\/li><li>Victor Cesar Rodrigues Carvalho &#8211; Matr\u00edcula 202360511 &#8211; Morador da casa de estudante;<\/li><li>Willian Xavier Lopes &#8211; Matr\u00edcula 202570174 &#8211; Suplente -Morador da casa de estudante;<\/li><li>Isabelle Rossatto Cesa &#8211; Matr\u00edcula 202370179 &#8211; Associa\u00e7\u00e3o de P\u00f3s-Gradua\u00e7\u00e3o;<\/li><li>Kau\u00e3 Arruda Wioppiold &#8211; Matr\u00edcula 202371282 &#8211; Suplente &#8211; Associa\u00e7\u00e3o de P\u00f3s-Gradua\u00e7\u00e3o;<\/li><li>Tatiana Emanuelli &#8211; SIAPE 2087904 &#8211; Pr\u00f3-Reitoria de P\u00f3s-Gradua\u00e7\u00e3o e Pesquisa;<\/li><li>Vanessa Giacomelli &#8211; SIAPE 1975573- Suplente &#8211; Pr\u00f3-Reitoria de P\u00f3s-Gradua\u00e7\u00e3o e Pesquisa.<\/li>\n<\/ul>\t\t\t\t\t\t<\/div>\n\t\t\t\t<\/div>\n\t\t\t\t\t<\/div>\n\t\t<\/div>\n\t\t\t\t\t<\/div>\n\t\t<\/section>\n\t\t\t\t<section class=\"elementor-section elementor-top-section elementor-element elementor-element-3ed2fe8 elementor-section-boxed elementor-section-height-default elementor-section-height-default\" data-id=\"3ed2fe8\" data-element_type=\"section\">\n\t\t\t\t\t\t<div class=\"elementor-container elementor-column-gap-default\">\n\t\t\t\t\t<div class=\"elementor-column elementor-col-100 elementor-top-column elementor-element elementor-element-573baa7\" data-id=\"573baa7\" data-element_type=\"column\">\n\t\t\t<div class=\"elementor-widget-wrap elementor-element-populated\">\n\t\t\t\t\t\t<section class=\"elementor-section elementor-inner-section elementor-element elementor-element-dada485 elementor-section-boxed elementor-section-height-default elementor-section-height-default\" data-id=\"dada485\" data-element_type=\"section\">\n\t\t\t\t\t\t<div class=\"elementor-container elementor-column-gap-default\">\n\t\t\t\t\t<div class=\"elementor-column elementor-col-50 elementor-inner-column elementor-element elementor-element-d60adef\" data-id=\"d60adef\" data-element_type=\"column\">\n\t\t\t<div class=\"elementor-widget-wrap elementor-element-populated\">\n\t\t\t\t\t\t<div class=\"elementor-element elementor-element-3bfb903 elementor-widget elementor-widget-heading\" data-id=\"3bfb903\" data-element_type=\"widget\" data-widget_type=\"heading.default\">\n\t\t\t\t<div class=\"elementor-widget-container\">\n\t\t\t<h5 class=\"elementor-heading-title elementor-size-default\">Agenda de reuni\u00f5es<\/h5>\t\t<\/div>\n\t\t\t\t<\/div>\n\t\t\t\t<div class=\"elementor-element elementor-element-c153f44 elementor-widget elementor-widget-text-editor\" data-id=\"c153f44\" data-element_type=\"widget\" data-widget_type=\"text-editor.default\">\n\t\t\t\t<div class=\"elementor-widget-container\">\n\t\t\t\t\t\t\t<ul><li><span style=\"font-size: 12pt;font-family: 'Times New Roman', serif;color: #000000;background-color: transparent;vertical-align: baseline\"><span style=\"font-size: 12pt;font-family: 'Times New Roman', serif;color: #000000;background-color: transparent;vertical-align: baseline\">16\/01\/2025 (ordin\u00e1ria)<\/span><\/span><\/li><li><span style=\"font-size: 12pt;font-family: 'Times New Roman', serif;color: #000000;background-color: transparent;vertical-align: baseline\"><span style=\"font-size: 12pt;font-family: 'Times New Roman', serif;color: #000000;background-color: transparent;vertical-align: baseline\">29\/01\/2025 (extraordin\u00e1ria)<\/span><\/span><\/li><li><span style=\"font-size: 12pt;font-family: 'Times New Roman', serif;color: #000000;background-color: transparent;vertical-align: baseline\"><span style=\"font-size: 12pt;font-family: 'Times New Roman', serif;color: #000000;background-color: transparent;vertical-align: baseline\"><span style=\"font-size: 12pt;font-family: 'Times New Roman', serif;color: #000000;background-color: transparent;vertical-align: baseline\">20\/02\/2025 <\/span><\/span><\/span><span style=\"color: #000000;font-size: 16px\">(extraordin\u00e1ria)<\/span><\/li><li><span style=\"font-size: 12pt;font-family: 'Times New Roman', serif;color: #000000;background-color: transparent;vertical-align: baseline\">17\/04\/2025 (ordin\u00e1ria)<\/span><\/li><li>29\/05\/2025 (extraordin\u00e1ria)<\/li><li><span style=\"font-size: 12pt;font-family: 'Times New Roman', serif;color: #000000;background-color: transparent;vertical-align: baseline\">18\/07\/2025 (ordin\u00e1ria)<\/span><\/li><li>13\/11\/2025 (ordin\u00e1ria) &#8211; Ata em processo de assinatura<\/li><\/ul>\t\t\t\t\t\t<\/div>\n\t\t\t\t<\/div>\n\t\t\t\t\t<\/div>\n\t\t<\/div>\n\t\t\t\t<div class=\"elementor-column elementor-col-50 elementor-inner-column elementor-element elementor-element-bad5b8e\" data-id=\"bad5b8e\" data-element_type=\"column\">\n\t\t\t<div class=\"elementor-widget-wrap elementor-element-populated\">\n\t\t\t\t\t\t<div class=\"elementor-element elementor-element-5952467 elementor-widget elementor-widget-heading\" data-id=\"5952467\" data-element_type=\"widget\" data-widget_type=\"heading.default\">\n\t\t\t\t<div class=\"elementor-widget-container\">\n\t\t\t<h5 class=\"elementor-heading-title elementor-size-default\">Atas das reuni\u00f5es<\/h5>\t\t<\/div>\n\t\t\t\t<\/div>\n\t\t\t\t<div class=\"elementor-element elementor-element-12c9d87 elementor-widget elementor-widget-text-editor\" data-id=\"12c9d87\" data-element_type=\"widget\" data-widget_type=\"text-editor.default\">\n\t\t\t\t<div class=\"elementor-widget-container\">\n\t\t\t\t\t\t\t<ul><li><a href=\"https:\/\/www.ufsm.br\/app\/uploads\/sites\/764\/2024\/07\/Ata-11_11.07.2024.pdf\" target=\"_blank\" rel=\"noopener\"><strong>Ata da reuni\u00e3o de 11 de julho de 2024<\/strong><\/a><\/li><li><strong><a href=\"https:\/\/www.ufsm.br\/app\/uploads\/sites\/764\/2024\/10\/Ata-12_19.09.2024_assinado.pdf\">Ata da reuni\u00e3o de 19 de setembro de 2024<\/a><br \/><\/strong><\/li><li><a href=\"https:\/\/www.ufsm.br\/app\/uploads\/sites\/764\/2025\/02\/ATA-01-Reunio-Conselho-do-Programa-de-Moradia-Estudantil-da-Ps-Graduao-CPMPG-PRAE-16_01_2025.docx-1.pdf\"><b>Ata da reuni\u00e3o de 16 de janeiro de 2025<\/b><\/a><\/li><li><a href=\"https:\/\/www.ufsm.br\/app\/uploads\/sites\/764\/2025\/03\/ATA-02-Reunio-Conselho-do-Programa-de-Moradia-Estudantil-da-Ps-Graduao-CPMPG-PRAE-29_01_2025.docx.pdf\"><strong>Ata da reuni\u00e3o de 29 de janeiro de 2025<\/strong><\/a><\/li><li><strong><a href=\"https:\/\/www.ufsm.br\/app\/uploads\/sites\/764\/2025\/05\/Ata-04.pdf\">Ata da reuni\u00e3o de 20 de fevereiro de 2025<\/a><\/strong><\/li><li><a href=\"https:\/\/www.ufsm.br\/app\/uploads\/sites\/764\/2025\/07\/ATA-07-Reunio-Conselho-do-Programa-de-Moradia-Estudantil-da-Ps-Graduao-CPMPG-PRAE-17_04_2025.pdf\"><strong>Ata da reuni\u00e3o de 17 de abril de 2025<\/strong><\/a><\/li><li><strong><a href=\"https:\/\/www.ufsm.br\/app\/uploads\/sites\/764\/2025\/07\/ATA-08-Reunio-Conselho-do-Programa-de-Moradia-Estudantil-da-Ps-Graduao-CPMPG-PRAE-17_04_2025.docx.pdf\">Ata da reuni\u00e3o de 29 de maio de 2025<\/a><\/strong><\/li><li><strong><a href=\"https:\/\/www.ufsm.br\/app\/uploads\/sites\/764\/2025\/12\/ATA-09-Reunio-Conselho-do-Programa-de-Moradia-Estudantil-da-Ps-Graduao-CPMPG-PRAE-18_07_2025.docx.pdf\">Ata da reuni\u00e3o de 18 de julho de 2025<\/a><\/strong><\/li><\/ul>\t\t\t\t\t\t<\/div>\n\t\t\t\t<\/div>\n\t\t\t\t\t<\/div>\n\t\t<\/div>\n\t\t\t\t\t<\/div>\n\t\t<\/section>\n\t\t\t\t\t<\/div>\n\t\t<\/div>\n\t\t\t\t\t<\/div>\n\t\t<\/section>\n\t\t\t\t<\/div>\n\t\t","protected":false},"excerpt":{"rendered":"<p>Apresenta\u00e7\u00e3o O Conselho de Moradia da P\u00f3s-Gradua\u00e7\u00e3o previsto na Resolu\u00e7\u00e3o N.23\/2014 que institui o Programa de Moradia Estudantil, no \u00e2mbito da Universidade Federal de Santa Maria, aos alunos da p\u00f3s-gradua\u00e7\u00e3o, foi extinto por meio do Decreto N. 9.759, de 11 de abril de 2019 durante o governo do ex-presidente Jair Messias Bolsonaro. Durante o ano [&hellip;]<\/p>\n","protected":false},"author":2517,"featured_media":0,"parent":0,"menu_order":0,"comment_status":"closed","ping_status":"closed","template":"","meta":{"footnotes":""},"categories":[],"tags":[],"class_list":["post-584","page","type-page","status-publish","hentry"],"acf":[],"_links":{"self":[{"href":"https:\/\/www.ufsm.br\/pro-reitorias\/prae\/ceu\/wp-json\/wp\/v2\/pages\/584","targetHints":{"allow":["GET"]}}],"collection":[{"href":"https:\/\/www.ufsm.br\/pro-reitorias\/prae\/ceu\/wp-json\/wp\/v2\/pages"}],"about":[{"href":"https:\/\/www.ufsm.br\/pro-reitorias\/prae\/ceu\/wp-json\/wp\/v2\/types\/page"}],"author":[{"embeddable":true,"href":"https:\/\/www.ufsm.br\/pro-reitorias\/prae\/ceu\/wp-json\/wp\/v2\/users\/2517"}],"replies":[{"embeddable":true,"href":"https:\/\/www.ufsm.br\/pro-reitorias\/prae\/ceu\/wp-json\/wp\/v2\/comments?post=584"}],"version-history":[{"count":0,"href":"https:\/\/www.ufsm.br\/pro-reitorias\/prae\/ceu\/wp-json\/wp\/v2\/pages\/584\/revisions"}],"wp:attachment":[{"href":"https:\/\/www.ufsm.br\/pro-reitorias\/prae\/ceu\/wp-json\/wp\/v2\/media?parent=584"}],"wp:term":[{"taxonomy":"category","embeddable":true,"href":"https:\/\/www.ufsm.br\/pro-reitorias\/prae\/ceu\/wp-json\/wp\/v2\/categories?post=584"},{"taxonomy":"post_tag","embeddable":true,"href":"https:\/\/www.ufsm.br\/pro-reitorias\/prae\/ceu\/wp-json\/wp\/v2\/tags?post=584"}],"curies":[{"name":"wp","href":"https:\/\/api.w.org\/{rel}","templated":true}]}}