{"id":3543,"date":"2018-08-29T12:37:21","date_gmt":"2018-08-29T15:37:21","guid":{"rendered":"https:\/\/www.ufsm.br\/pro-reitorias\/prae\/?page_id=3543"},"modified":"2022-04-28T09:32:07","modified_gmt":"2022-04-28T12:32:07","slug":"bolsas-prae","status":"publish","type":"page","link":"https:\/\/www.ufsm.br\/pro-reitorias\/prae\/bolsas-prae","title":{"rendered":"Bolsas PRAE"},"content":{"rendered":"<p><strong>FORMUL\u00c1RIOS PARA BOLSAS<\/strong><\/p>\n<p><strong>Bolsa Forma\u00e7\u00e3o<\/strong><\/p>\n<p><a href=\"https:\/\/www.ufsm.br\/pro-reitorias\/prae\/wp-content\/uploads\/sites\/347\/2018\/08\/Ficha-Cadastral-da-Bolsa-de-Forma%C3%A7%C3%A3o-Estudantil-PRAE-DCE-DAs-e-CEUs.pdf\">Ficha Cadastral da Bolsa de Forma\u00e7\u00e3o Estudantil PRAE \u2013 DCE, DA\u2019s e CEU\u2019s<\/a><\/p>\n<p><a href=\"https:\/\/www.ufsm.br\/pro-reitorias\/prae\/wp-content\/uploads\/sites\/347\/2018\/12\/anexo-I-edital-101-2018.pdf\">ANEXO I \u2013 FICHA DE SOLICITA\u00c7\u00c3O \u2013 EDITAL N. 101-2018 BOLSA DE FORMA\u00c7\u00c3O \u2013 2019 PRIMEIRO SEMESTRE<\/a><\/p>\n<p><a href=\"https:\/\/www.ufsm.br\/pro-reitorias\/prae\/wp-content\/uploads\/sites\/347\/2018\/12\/anexo-II-edital-101-2018.pdf\">ANEXO II- TERMO DE COMPROMISSO \u2013 EDITAL N. 101-2018 BOLSA DE FORMA\u00c7\u00c3O \u2013 2019 PRIMEIRO SEMESTRE<\/a><\/p>\n<p><a href=\"https:\/\/www.ufsm.br\/pro-reitorias\/prae\/wp-content\/uploads\/sites\/347\/2018\/12\/anexo-III-edital-101-2018.pdf\">ANEXO III \u2013 PROTOCOLO DE SOLICITA\u00c7\u00c3O DE BOLSAS \u2013 EDITAL N. 101-2018 BOLSA DE FORMA\u00c7\u00c3O \u2013 2019 PRIMEIRO SEMESTRE<\/a><\/p>\n<p><strong>Aux\u00edlio transporte<\/strong><br \/>\nOs formul\u00e1rios necess\u00e1rios est\u00e3o linkados na not\u00edcia de lan\u00e7amento do edital<\/p>\n<p><a href=\"https:\/\/www.ufsm.br\/pro-reitorias\/prae\/wp-content\/uploads\/sites\/347\/2018\/03\/Ordem_de_Servi%C3%A7o_n%C2%BA_4_2017_-_procedimentos__Aux%C3%ADlio-transporte_no_mbito_da_UFSM_em_todos_os_campi.pdf\">Ordem de servi\u00e7o 4\/2017 \u2013 Procedimentos para an\u00e1lises do aux\u00edlio transporte<\/a><\/p>\n<p><strong>Aux\u00edlio para aquisi\u00e7\u00e3o de material pedag\u00f3gico<\/strong><\/p>\n<p><a href=\"http:\/\/w3.ufsm.br\/prae\/images\/Bolsas\/Anexo_I_pedag%C3%B3gico_2_2018.pdf\">ANEXO I: Formul\u00e1rio de inscri\u00e7\u00e3o de Material Pedag\u00f3gico (Via a ser entregue)<\/a><\/p>\n<p><a href=\"http:\/\/w3.ufsm.br\/prae\/images\/Bolsas\/Anexo_II_pedag%C3%B3gico_2_2018.pdf\">ANEXO II: Formul\u00e1rio de inscri\u00e7\u00e3o de Material Pedag\u00f3gico (Via do Discente)<\/a><\/p>\n<p><a href=\"http:\/\/w3.ufsm.br\/prae\/images\/Bolsas\/Anexo_III_pedag%C3%B3gico_2_2018.pdf\">ANEXO III: Termo de compromisso<\/a><\/p>\n<p><a href=\"http:\/\/w3.ufsm.br\/prae\/images\/Bolsas\/Anexo_IV_pedag%C3%B3gico_2_2018.pdf\">ANEXO IV:\u00a0Declara\u00e7\u00e3o de carga hor\u00e1ria compat\u00edvel coma situa\u00e7\u00e3o acad\u00eamica<\/a><\/p>\n<p><strong>Formul\u00e1rios bolsas Recursos Pr\u00f3prios<\/strong><\/p>\n<p><a href=\"https:\/\/www.ufsm.br\/pro-reitorias\/prae\/wp-content\/uploads\/sites\/347\/2018\/03\/Modelo-Memorando_Bolsistas_da_CEU.doc\">MODELO DE MEMORANDO PARA SOLICITA\u00c7\u00c3O DE BOLSISTA \u2013 DIRE\u00c7\u00d5ES CEU<\/a><\/p>\n<p><a href=\"https:\/\/www.ufsm.br\/pro-reitorias\/prae\/wp-content\/uploads\/sites\/347\/2018\/03\/PLANO_SEMESTRAL_DE_ATIVIDADE.doc\">PLANO SEMESTRAL DE ATIVIDADE<\/a><\/p>\n<p><a href=\"https:\/\/www.ufsm.br\/pro-reitorias\/prae\/wp-content\/uploads\/sites\/347\/2018\/03\/RELAT%C3%93RIO_SEMESTRAL_DE_ATIVIDADE.doc\">RELAT\u00d3RIO_SEMESTRAL_DE_ATIVIDADE<\/a><\/p>\n<p><a href=\"https:\/\/www.ufsm.br\/pro-reitorias\/prae\/wp-content\/uploads\/sites\/347\/2018\/03\/MODELO_DE_EDITAL_PARA_SELE%C3%87%C3%83O_DE_BOLSISTA_-_BAE_RECURSOS_PR%C3%93PRIOS_2A.doc\">MODELO OPCIONAL DE EDITAL PARA SELE\u00c7\u00c3O DE BOLSISTA \u2013 BAE RECURSOS PR\u00d3PRIOS (2A)<\/a><\/p>\n<p><strong>Formul\u00e1rios bolsas Programa Aux\u00edlio Moradia<\/strong><\/p>\n<p><a href=\"https:\/\/www.ufsm.br\/app\/uploads\/sites\/347\/2022\/04\/Modelo-de-Recibo-de-Despesas-de-Moradia-PM.pdf\" target=\"_blank\" rel=\"noopener\">Modelo de Recibo de Despesas de Moradia PM<\/a><\/p>\n<p><a href=\"https:\/\/www.ufsm.br\/pro-reitorias\/prae\/wp-content\/uploads\/sites\/347\/2018\/03\/Declara%C3%A7%C3%A3o-de-Despesas-Compartilhadas-Bolsa-PAM-CACHOEIRA-DO-SUL.pdf\">Declara\u00e7\u00e3o de Despesas Compartilhadas \u2013 Bolsa PAM CACHOEIRA DO SUL<\/a><\/p>\n<p><a href=\"https:\/\/www.ufsm.br\/pro-reitorias\/prae\/wp-content\/uploads\/sites\/347\/2018\/03\/Declara%C3%A7%C3%A3o-de-Despesas-Compartilhadas-Bolsa-PAM-PM.pdf\">Declara\u00e7\u00e3o de Despesas Compartilhadas \u2013 Bolsa PAM PM<\/a><\/p>\n<p><a href=\"https:\/\/www.ufsm.br\/pro-reitorias\/prae\/wp-content\/uploads\/sites\/347\/2018\/03\/Declara%C3%A7%C3%A3o-de-Despesas-Compartilhadas-Bolsa-PAM-SANTA-MARIA.pdf\">Declara\u00e7\u00e3o de Despesas Compartilhadas \u2013 Bolsa PAM SANTA MARIA<\/a><\/p>\n<p><a href=\"https:\/\/www.ufsm.br\/pro-reitorias\/prae\/wp-content\/uploads\/sites\/347\/2018\/03\/Declara%C3%A7%C3%A3o-de-Moradia-Compartilhada-Bolsa-PAM-CACHOEIRA-DO-SUL.pdf\">Declara\u00e7\u00e3o de Moradia Compartilhada \u2013 Bolsa PAM \u2013 CACHOEIRA DO SUL<\/a><\/p>\n<p><a href=\"https:\/\/www.ufsm.br\/pro-reitorias\/prae\/wp-content\/uploads\/sites\/347\/2018\/03\/Declara%C3%A7%C3%A3o-de-Moradia-Compartilhada-Bolsa-PAM-PM.pdf\">Declara\u00e7\u00e3o de Moradia Compartilhada \u2013 Bolsa PAM \u2013 PM<\/a><\/p>\n<p><a href=\"https:\/\/www.ufsm.br\/pro-reitorias\/prae\/wp-content\/uploads\/sites\/347\/2018\/03\/Declara%C3%A7%C3%A3o-de-Moradia-Compartilhada-Bolsa-PAM-SANTA-MARIA.pdf\">Declara\u00e7\u00e3o de Moradia Compartilhada \u2013 Bolsa PAM \u2013 SANTA MARIA<\/a><\/p>\n<p><a href=\"https:\/\/www.ufsm.br\/pro-reitorias\/prae\/wp-content\/uploads\/sites\/347\/2018\/12\/TERMO-DE-COMPROMISSO-BOLSA-PAM-FORA-DE-SEDE.pdf\">TERMO DE COMPROMISSO BOLSA PAM \u2013 FORA DE SEDE<\/a><\/p>\n<p><a href=\"https:\/\/www.ufsm.br\/pro-reitorias\/prae\/wp-content\/uploads\/sites\/347\/2018\/03\/TERMO-DE-COMPROMISSO-BOLSA-PAM-SANTA-MARIA.pdf\">TERMO DE COMPROMISSO BOLSA PAM \u2013 SANTA MARIA<\/a><\/p>\n<p><a href=\"https:\/\/www.ufsm.br\/pro-reitorias\/prae\/wp-content\/uploads\/sites\/347\/2019\/10\/Declara\u00e7\u00e3o-de-Responsabilidade-pela-moradia-im\u00f3vel-FW.pdf\">Declara\u00e7\u00e3o de Responsabilidade pela moradia- im\u00f3vel FW<\/a><\/p>\n<p><a href=\"https:\/\/www.ufsm.br\/pro-reitorias\/prae\/wp-content\/uploads\/sites\/347\/2019\/10\/Declara\u00e7\u00e3o-de-que-n\u00e3o-compartilha-despesas-de-moradia-FW.pdf\">Declara\u00e7\u00e3o de que n\u00e3o compartilha despesas de moradia &#8211; FW<\/a><\/p>\n<p><a href=\"https:\/\/www.ufsm.br\/pro-reitorias\/prae\/wp-content\/uploads\/sites\/347\/2019\/10\/Declara\u00e7\u00e3o-de-despesas-compartilhadas-de-moradia-PDF.pdf\">Declara\u00e7\u00e3o de despesas compartilhadas de moradia &#8211; FW<\/a><\/p>\n<p><a href=\"https:\/\/www.ufsm.br\/pro-reitorias\/prae\/wp-content\/uploads\/sites\/347\/2019\/10\/Recibo-de-despesas-de-moradia-FW.pdf\">Recibo de despesas de moradia &#8211; FW<\/a><\/p>\n<p><strong>Bolsas geral<\/strong><\/p>\n<p><a href=\"https:\/\/www.ufsm.br\/pro-reitorias\/prae\/wp-content\/uploads\/sites\/347\/2019\/05\/PLANO_SEMESTRAL_DE_ATIVIDADES.doc\">PLANO_SEMESTRAL_DE_ATIVIDADES<\/a><\/p>\n<p><a href=\"https:\/\/www.ufsm.br\/pro-reitorias\/prae\/wp-content\/uploads\/sites\/347\/2019\/05\/RELAT\u00d3RIO_SEMESTRAL_DE_ATIVIDADES.doc\">RELAT\u00d3RIO_SEMESTRAL_DE_ATIVIDADES<\/a><\/p>\n","protected":false},"excerpt":{"rendered":"<p>FORMUL\u00c1RIOS PARA BOLSAS Bolsa Forma\u00e7\u00e3o Ficha Cadastral da Bolsa de Forma\u00e7\u00e3o Estudantil PRAE \u2013 DCE, DA\u2019s e CEU\u2019s ANEXO I \u2013 FICHA DE SOLICITA\u00c7\u00c3O \u2013 EDITAL N. 101-2018 BOLSA DE FORMA\u00c7\u00c3O \u2013 2019 PRIMEIRO SEMESTRE ANEXO II- TERMO DE COMPROMISSO \u2013 EDITAL N. 101-2018 BOLSA DE FORMA\u00c7\u00c3O \u2013 2019 PRIMEIRO SEMESTRE ANEXO III \u2013 PROTOCOLO [&hellip;]<\/p>\n","protected":false},"author":118,"featured_media":0,"parent":0,"menu_order":0,"comment_status":"closed","ping_status":"closed","template":"","meta":{"footnotes":""},"categories":[],"tags":[],"class_list":["post-3543","page","type-page","status-publish","hentry"],"acf":[],"_links":{"self":[{"href":"https:\/\/www.ufsm.br\/pro-reitorias\/prae\/wp-json\/wp\/v2\/pages\/3543","targetHints":{"allow":["GET"]}}],"collection":[{"href":"https:\/\/www.ufsm.br\/pro-reitorias\/prae\/wp-json\/wp\/v2\/pages"}],"about":[{"href":"https:\/\/www.ufsm.br\/pro-reitorias\/prae\/wp-json\/wp\/v2\/types\/page"}],"author":[{"embeddable":true,"href":"https:\/\/www.ufsm.br\/pro-reitorias\/prae\/wp-json\/wp\/v2\/users\/118"}],"replies":[{"embeddable":true,"href":"https:\/\/www.ufsm.br\/pro-reitorias\/prae\/wp-json\/wp\/v2\/comments?post=3543"}],"version-history":[{"count":0,"href":"https:\/\/www.ufsm.br\/pro-reitorias\/prae\/wp-json\/wp\/v2\/pages\/3543\/revisions"}],"wp:attachment":[{"href":"https:\/\/www.ufsm.br\/pro-reitorias\/prae\/wp-json\/wp\/v2\/media?parent=3543"}],"wp:term":[{"taxonomy":"category","embeddable":true,"href":"https:\/\/www.ufsm.br\/pro-reitorias\/prae\/wp-json\/wp\/v2\/categories?post=3543"},{"taxonomy":"post_tag","embeddable":true,"href":"https:\/\/www.ufsm.br\/pro-reitorias\/prae\/wp-json\/wp\/v2\/tags?post=3543"}],"curies":[{"name":"wp","href":"https:\/\/api.w.org\/{rel}","templated":true}]}}