{"id":200,"date":"2019-02-19T10:11:32","date_gmt":"2019-02-19T13:11:32","guid":{"rendered":"https:\/\/www.ufsm.br\/pro-reitorias\/pre\/incubadora-social\/?page_id=200"},"modified":"2026-08-28T11:03:36","modified_gmt":"2026-08-28T14:03:36","slug":"identidade-visual","status":"publish","type":"page","link":"https:\/\/www.ufsm.br\/pro-reitorias\/pre\/incubadora-social\/identidade-visual","title":{"rendered":"Identidade Visual"},"content":{"rendered":"\t\t<div data-elementor-type=\"wp-post\" data-elementor-id=\"200\" class=\"elementor elementor-200\">\n\t\t\t\t\t\t<section class=\"elementor-section elementor-top-section elementor-element elementor-element-0dffe88 elementor-section-boxed elementor-section-height-default elementor-section-height-default\" data-id=\"0dffe88\" data-element_type=\"section\">\n\t\t\t\t\t\t<div class=\"elementor-container elementor-column-gap-default\">\n\t\t\t\t\t<div class=\"elementor-column elementor-col-100 elementor-top-column elementor-element elementor-element-16ada3a\" data-id=\"16ada3a\" data-element_type=\"column\">\n\t\t\t<div class=\"elementor-widget-wrap elementor-element-populated\">\n\t\t\t\t\t\t<div class=\"elementor-element elementor-element-6b26aa3 elementor-widget elementor-widget-heading\" data-id=\"6b26aa3\" data-element_type=\"widget\" data-widget_type=\"heading.default\">\n\t\t\t\t<div class=\"elementor-widget-container\">\n\t\t\t<h2 class=\"elementor-heading-title elementor-size-default\">Marca - Incubadora Social UFSM <\/h2>\t\t<\/div>\n\t\t\t\t<\/div>\n\t\t\t\t<div class=\"elementor-element elementor-element-1a9e353 elementor-widget elementor-widget-text-editor\" data-id=\"1a9e353\" data-element_type=\"widget\" data-widget_type=\"text-editor.default\">\n\t\t\t\t<div class=\"elementor-widget-container\">\n\t\t\t\t\t\t\t<p><img decoding=\"async\" class=\"alignleft wp-image-213 size-medium\" src=\"https:\/\/www.ufsm.br\/app\/uploads\/sites\/570\/2019\/02\/LOGO-IS-HORIZONTAL-e1787925028435-300x109.png\" alt=\"\" width=\"300\" height=\"109\" srcset=\"https:\/\/www.ufsm.br\/app\/uploads\/sites\/570\/2019\/02\/LOGO-IS-HORIZONTAL-e1787925028435-300x109.png 300w, https:\/\/www.ufsm.br\/app\/uploads\/sites\/570\/2019\/02\/LOGO-IS-HORIZONTAL-e1787925028435.png 535w\" sizes=\"(max-width: 300px) 100vw, 300px\" \/><\/p><p class=\"isSelectedEnd\">A primeira identidade visual da Incubadora Social da UFSM foi desenvolvida em 2014, dois anos ap\u00f3s sua cria\u00e7\u00e3o, por Victor Scholz Moreno, ent\u00e3o bolsista do projeto e estudante do Curso de Publicidade e Propaganda. A proposta buscou representar a diversidade de \u00e1reas e p\u00fablicos atendidos sem recorrer a s\u00edmbolos tradicionais da assist\u00eancia social, resultando em uma marca baseada nas iniciais <strong>IS<\/strong>, com est\u00e9tica que transmite solidez, estabilidade e car\u00e1ter institucional.<\/p><p>Em 2018, a identidade visual foi atualizada por Mikael Flores Queiroz, estudante de Engenharia de Produ\u00e7\u00e3o e bolsista da Incubadora Social. A reformula\u00e7\u00e3o preservou a marca original, valorizando sua trajet\u00f3ria, e promoveu ajustes nas cores e na tipografia, conferindo uma linguagem mais din\u00e2mica, representativa e tecnol\u00f3gica.<\/p><p style=\"text-align: left\">A marca possui normas de utiliza\u00e7\u00e3o descritas em\u00a0<a href=\"https:\/\/www.ufsm.br\/pro-reitorias\/pre\/incubadora-social\/wp-content\/uploads\/sites\/570\/2019\/02\/Manual-da-Identidade-Visual-Incubadora-Social-da-UFSM.pdf\">Manual da Identidade Visual &#8211; Incubadora Social da UFSM<\/a><\/p><p><a href=\"https:\/\/www.ufsm.br\/pro-reitorias\/pre\/incubadora-social\/wp-content\/uploads\/sites\/570\/2019\/02\/Marca-Incubadora-Social-Arquivo-PNG..zip\">Marca Incubadora Social &#8211; Arquivos PNG.<\/a><\/p><p><a href=\"https:\/\/www.ufsm.br\/pro-reitorias\/pre\/incubadora-social\/wp-content\/uploads\/sites\/570\/2019\/02\/Marca-Incubadora-Social-Arquivos-AI.zip\">Marca Incubadora Social &#8211; Arquivos AI<\/a><\/p>\t\t\t\t\t\t<\/div>\n\t\t\t\t<\/div>\n\t\t\t\t\t<\/div>\n\t\t<\/div>\n\t\t\t\t\t<\/div>\n\t\t<\/section>\n\t\t\t\t<section class=\"elementor-section elementor-top-section elementor-element elementor-element-069dfe2 elementor-section-boxed elementor-section-height-default elementor-section-height-default\" data-id=\"069dfe2\" data-element_type=\"section\">\n\t\t\t\t\t\t<div class=\"elementor-container elementor-column-gap-default\">\n\t\t\t\t\t<div class=\"elementor-column elementor-col-100 elementor-top-column elementor-element elementor-element-4f578a3\" data-id=\"4f578a3\" data-element_type=\"column\">\n\t\t\t<div class=\"elementor-widget-wrap elementor-element-populated\">\n\t\t\t\t\t\t<div class=\"elementor-element elementor-element-25ecb9a elementor-widget elementor-widget-heading\" data-id=\"25ecb9a\" data-element_type=\"widget\" data-widget_type=\"heading.default\">\n\t\t\t\t<div class=\"elementor-widget-container\">\n\t\t\t<h2 class=\"elementor-heading-title elementor-size-default\">Marca - Hub IS UFSM<\/h2>\t\t<\/div>\n\t\t\t\t<\/div>\n\t\t\t\t<div class=\"elementor-element elementor-element-f5fa8bf elementor-widget elementor-widget-text-editor\" data-id=\"f5fa8bf\" data-element_type=\"widget\" data-widget_type=\"text-editor.default\">\n\t\t\t\t<div class=\"elementor-widget-container\">\n\t\t\t\t\t\t\t<p><img fetchpriority=\"high\" decoding=\"async\" class=\"alignleft\" src=\"https:\/\/www.ufsm.br\/app\/uploads\/sites\/570\/2026\/08\/9-300x169.jpg\" alt=\"\" width=\"334\" height=\"188\" \/>A Identidade visual do HUB de Inova\u00e7\u00e3o Social da UFSM foi projetada com o intuito de criar um maior reconhecimento do espa\u00e7o criativo da Incubadora Social, juntamente \u00e0 Pr\u00f3-Reitoria de Extens\u00e3o da UFSM, que fora preparado para receber convidados, sediar reuni\u00f5es e promover o co-working. As palavras chaves para o desenvolvimento da marca foram: espa\u00e7o, acess\u00edvel e coletivo.\u00a0<\/p><p><br \/>O s\u00edmbolo foi desenvolvido a partir de uma s\u00edntese de elementos que representam a ideia principal da marca. Representamos o conceito Social a partir da letra H (inicial de HUB), mesclada com a silhueta de uma pessoa. Ao multiplicarmos a figura, formamos um s\u00edmbolo que retrata a coletividade e a express\u00e3o de ideias. O trabalho foi realizado por Julia Rabello Cezar, do curso de Desenho Industrial, na \u00e9poca bolsista da Incubadora Social do Hub de Inova\u00e7\u00e3o Social da UFSM.\u00a0<\/p><p>A marca possui normas de utiliza\u00e7\u00e3o descritas em <a href=\"https:\/\/drive.google.com\/file\/d\/1QpZoUmQJ2NRfqfA1lLRDCIwKyMgwCYHo\/view?usp=drive_link\">Manual de Identidade Visual &#8211; Hub IS UFSM<\/a><\/p><p><a href=\"https:\/\/drive.google.com\/file\/d\/1ZXc7vblUeQ4cM9HiZGVtZ-ncqNxM4MdU\/view?usp=drive_link\" target=\"_blank\" rel=\"noopener\">Marca Hub IS UFSM &#8211; Arquivo PDF.<\/a><\/p><p>\u00a0<\/p>\t\t\t\t\t\t<\/div>\n\t\t\t\t<\/div>\n\t\t\t\t\t<\/div>\n\t\t<\/div>\n\t\t\t\t\t<\/div>\n\t\t<\/section>\n\t\t\t\t<\/div>\n\t\t","protected":false},"excerpt":{"rendered":"<p>Marca &#8211; Incubadora Social UFSM A primeira identidade visual da Incubadora Social da UFSM foi desenvolvida em 2014, dois anos ap\u00f3s sua cria\u00e7\u00e3o, por Victor Scholz Moreno, ent\u00e3o bolsista do projeto e estudante do Curso de Publicidade e Propaganda. A proposta buscou representar a diversidade de \u00e1reas e p\u00fablicos atendidos sem recorrer a s\u00edmbolos tradicionais [&hellip;]<\/p>\n","protected":false},"author":159,"featured_media":0,"parent":0,"menu_order":0,"comment_status":"closed","ping_status":"closed","template":"","meta":{"footnotes":""},"categories":[],"tags":[],"class_list":["post-200","page","type-page","status-publish","hentry"],"acf":[],"_links":{"self":[{"href":"https:\/\/www.ufsm.br\/pro-reitorias\/pre\/incubadora-social\/wp-json\/wp\/v2\/pages\/200","targetHints":{"allow":["GET"]}}],"collection":[{"href":"https:\/\/www.ufsm.br\/pro-reitorias\/pre\/incubadora-social\/wp-json\/wp\/v2\/pages"}],"about":[{"href":"https:\/\/www.ufsm.br\/pro-reitorias\/pre\/incubadora-social\/wp-json\/wp\/v2\/types\/page"}],"author":[{"embeddable":true,"href":"https:\/\/www.ufsm.br\/pro-reitorias\/pre\/incubadora-social\/wp-json\/wp\/v2\/users\/159"}],"replies":[{"embeddable":true,"href":"https:\/\/www.ufsm.br\/pro-reitorias\/pre\/incubadora-social\/wp-json\/wp\/v2\/comments?post=200"}],"version-history":[{"count":0,"href":"https:\/\/www.ufsm.br\/pro-reitorias\/pre\/incubadora-social\/wp-json\/wp\/v2\/pages\/200\/revisions"}],"wp:attachment":[{"href":"https:\/\/www.ufsm.br\/pro-reitorias\/pre\/incubadora-social\/wp-json\/wp\/v2\/media?parent=200"}],"wp:term":[{"taxonomy":"category","embeddable":true,"href":"https:\/\/www.ufsm.br\/pro-reitorias\/pre\/incubadora-social\/wp-json\/wp\/v2\/categories?post=200"},{"taxonomy":"post_tag","embeddable":true,"href":"https:\/\/www.ufsm.br\/pro-reitorias\/pre\/incubadora-social\/wp-json\/wp\/v2\/tags?post=200"}],"curies":[{"name":"wp","href":"https:\/\/api.w.org\/{rel}","templated":true}]}}

<div data-elementor-type="wp-post" data-elementor-id="200" class="elementor elementor-200">
						<section class="elementor-section elementor-top-section elementor-element elementor-element-0dffe88 elementor-section-boxed elementor-section-height-default elementor-section-height-default" data-id="0dffe88" data-element_type="section">
						<div class="elementor-container elementor-column-gap-default">
					<div class="elementor-column elementor-col-100 elementor-top-column elementor-element elementor-element-16ada3a" data-id="16ada3a" data-element_type="column">
			<div class="elementor-widget-wrap elementor-element-populated">
						<div class="elementor-element elementor-element-6b26aa3 elementor-widget elementor-widget-heading" data-id="6b26aa3" data-element_type="widget" data-widget_type="heading.default">
				<div class="elementor-widget-container">
			<h2 class="elementor-heading-title elementor-size-default">Marca - Incubadora Social UFSM </h2>		</div>
				</div>
				<div class="elementor-element elementor-element-1a9e353 elementor-widget elementor-widget-text-editor" data-id="1a9e353" data-element_type="widget" data-widget_type="text-editor.default">
				<div class="elementor-widget-container">
							<p><img decoding="async" class="alignleft wp-image-213 size-medium" src="https://www.ufsm.br/app/uploads/sites/570/2019/02/LOGO-IS-HORIZONTAL-e1787925028435-300x109.png" alt="" width="300" height="109" srcset="https://www.ufsm.br/app/uploads/sites/570/2019/02/LOGO-IS-HORIZONTAL-e1787925028435-300x109.png 300w, https://www.ufsm.br/app/uploads/sites/570/2019/02/LOGO-IS-HORIZONTAL-e1787925028435.png 535w" sizes="(max-width: 300px) 100vw, 300px" /></p><p class="isSelectedEnd">A primeira identidade visual da Incubadora Social da UFSM foi desenvolvida em 2014, dois anos após sua criação, por Victor Scholz Moreno, então bolsista do projeto e estudante do Curso de Publicidade e Propaganda. A proposta buscou representar a diversidade de áreas e públicos atendidos sem recorrer a símbolos tradicionais da assistência social, resultando em uma marca baseada nas iniciais <strong>IS</strong>, com estética que transmite solidez, estabilidade e caráter institucional.</p><p>Em 2018, a identidade visual foi atualizada por Mikael Flores Queiroz, estudante de Engenharia de Produção e bolsista da Incubadora Social. A reformulação preservou a marca original, valorizando sua trajetória, e promoveu ajustes nas cores e na tipografia, conferindo uma linguagem mais dinâmica, representativa e tecnológica.</p><p style="text-align: left">A marca possui normas de utilização descritas em <a href="https://www.ufsm.br/pro-reitorias/pre/incubadora-social/wp-content/uploads/sites/570/2019/02/Manual-da-Identidade-Visual-Incubadora-Social-da-UFSM.pdf">Manual da Identidade Visual &#8211; Incubadora Social da UFSM</a></p><p><a href="https://www.ufsm.br/pro-reitorias/pre/incubadora-social/wp-content/uploads/sites/570/2019/02/Marca-Incubadora-Social-Arquivo-PNG..zip">Marca Incubadora Social &#8211; Arquivos PNG.</a></p><p><a href="https://www.ufsm.br/pro-reitorias/pre/incubadora-social/wp-content/uploads/sites/570/2019/02/Marca-Incubadora-Social-Arquivos-AI.zip">Marca Incubadora Social &#8211; Arquivos AI</a></p>						</div>
				</div>
					</div>
		</div>
					</div>
		</section>
				<section class="elementor-section elementor-top-section elementor-element elementor-element-069dfe2 elementor-section-boxed elementor-section-height-default elementor-section-height-default" data-id="069dfe2" data-element_type="section">
						<div class="elementor-container elementor-column-gap-default">
					<div class="elementor-column elementor-col-100 elementor-top-column elementor-element elementor-element-4f578a3" data-id="4f578a3" data-element_type="column">
			<div class="elementor-widget-wrap elementor-element-populated">
						<div class="elementor-element elementor-element-25ecb9a elementor-widget elementor-widget-heading" data-id="25ecb9a" data-element_type="widget" data-widget_type="heading.default">
				<div class="elementor-widget-container">
			<h2 class="elementor-heading-title elementor-size-default">Marca - Hub IS UFSM</h2>		</div>
				</div>
				<div class="elementor-element elementor-element-f5fa8bf elementor-widget elementor-widget-text-editor" data-id="f5fa8bf" data-element_type="widget" data-widget_type="text-editor.default">
				<div class="elementor-widget-container">
							<p><img fetchpriority="high" decoding="async" class="alignleft" src="https://www.ufsm.br/app/uploads/sites/570/2026/08/9-300x169.jpg" alt="" width="334" height="188" />A Identidade visual do HUB de Inovação Social da UFSM foi projetada com o intuito de criar um maior reconhecimento do espaço criativo da Incubadora Social, juntamente à Pró-Reitoria de Extensão da UFSM, que fora preparado para receber convidados, sediar reuniões e promover o co-working. As palavras chaves para o desenvolvimento da marca foram: espaço, acessível e coletivo. </p><p><br />O símbolo foi desenvolvido a partir de uma síntese de elementos que representam a ideia principal da marca. Representamos o conceito Social a partir da letra H (inicial de HUB), mesclada com a silhueta de uma pessoa. Ao multiplicarmos a figura, formamos um símbolo que retrata a coletividade e a expressão de ideias. O trabalho foi realizado por Julia Rabello Cezar, do curso de Desenho Industrial, na época bolsista da Incubadora Social do Hub de Inovação Social da UFSM. </p><p>A marca possui normas de utilização descritas em <a href="https://drive.google.com/file/d/1QpZoUmQJ2NRfqfA1lLRDCIwKyMgwCYHo/view?usp=drive_link">Manual de Identidade Visual &#8211; Hub IS UFSM</a></p><p><a href="https://drive.google.com/file/d/1ZXc7vblUeQ4cM9HiZGVtZ-ncqNxM4MdU/view?usp=drive_link" target="_blank" rel="noopener">Marca Hub IS UFSM &#8211; Arquivo PDF.</a></p><p> </p>						</div>
				</div>
					</div>
		</div>
					</div>
		</section>
				</div>

<p>Marca &#8211; Incubadora Social UFSM A primeira identidade visual da Incubadora Social da UFSM foi desenvolvida em 2014, dois anos após sua criação, por Victor Scholz Moreno, então bolsista do projeto e estudante do Curso de Publicidade e Propaganda. A proposta buscou representar a diversidade de áreas e públicos atendidos sem recorrer a símbolos tradicionais [&hellip;]</p>
