{"id":1554,"date":"2021-07-26T15:48:11","date_gmt":"2021-07-26T18:48:11","guid":{"rendered":"https:\/\/www.ufsm.br\/pro-reitorias\/pre\/observatorio-de-direitos-humanos\/?page_id=1554"},"modified":"2021-07-26T15:48:12","modified_gmt":"2021-07-26T18:48:12","slug":"indigenas-do-rio-grande-do-sul-a-valorizacao-da-natureza-pelo-olhar-do-povo-da-floresta","status":"publish","type":"page","link":"https:\/\/www.ufsm.br\/pro-reitorias\/pre\/observatorio-de-direitos-humanos\/indigenas-do-rio-grande-do-sul-a-valorizacao-da-natureza-pelo-olhar-do-povo-da-floresta","title":{"rendered":"Ind\u00edgenas do Rio Grande do Sul: a valoriza\u00e7\u00e3o da natureza pelo olhar do povo da floresta"},"content":{"rendered":"\n<p>Coordenadora: Suzane Bevilacqua Marcuzzo<\/p>\n\n\n\n<p>No Rio Grande do Sul temos um total de 32.989 ind\u00edge\u00acnas divididos entre as tribos, Guarani, Guarani Mbya e Kaingang. Em face desse cen\u00e1rio, a etnoconserva\u00e7\u00e3o \u00e9 hoje considerada uma das solu\u00e7\u00f5es capazes de interromper, ou menos minimizar a perda da biodiversidade, pois gera a possibilidade da associa\u00e7\u00e3o entre a conserva\u00e7\u00e3o de alguns recursos naturais com os conhecimentos e pr\u00e1ticas dessas popula\u00e7\u00f5es. Por essa raz\u00e3o torna-se necess\u00e1rio difundir a narrativa ind\u00edgena para a sociedade como um todo como instrumento de interpreta\u00e7\u00e3o da natureza e educa\u00e7\u00e3o ambiental, pois ela envolve a imagina\u00e7\u00e3o criativa incorporando fatos em valores e cren\u00e7as. O atual projeto prop\u00f5e elaborar oportunidades de interpreta\u00e7\u00e3o ambiental para visita\u00e7\u00e3o em terras ind\u00edgenas visando o resgate e valoriza\u00e7\u00e3o dos saberes das etnias Guarani e Kaingang na Terra Ind\u00edgena do Guarita e na aldeia Guarani Mbya Guavitaty Por\u00e3. Para tal, a metodologia aplicada ser\u00e1 baseada em diagn\u00f3sticos participativos, tais como mapas presente\/futuro e a t\u00e9cnica da travessia. O projeto tem por expectativa que as novas gera\u00e7\u00f5es ind\u00edgenas percebam a riqueza de sua cultura e a oportunidade que se tem por meio da visita\u00e7\u00e3o desenvolvendo um senso de pertencimento e gerando o fortalecimento de seu territ\u00f3rio e identidade.<\/p>\n\n\n\n<p>Para saber mais sobre o projeto, <a href=\"https:\/\/portal.ufsm.br\/projetos\/publico\/projetos\/view.html?idProjeto=66226\" target=\"_blank\" rel=\"noreferrer noopener\">clique aqui<\/a>.<\/p>\n","protected":false},"excerpt":{"rendered":"<p>Coordenadora: Suzane Bevilacqua Marcuzzo No Rio Grande do Sul temos um total de 32.989 ind\u00edge\u00acnas divididos entre as tribos, Guarani, Guarani Mbya e Kaingang. Em face desse cen\u00e1rio, a etnoconserva\u00e7\u00e3o \u00e9 hoje considerada uma das solu\u00e7\u00f5es capazes de interromper, ou menos minimizar a perda da biodiversidade, pois gera a possibilidade da associa\u00e7\u00e3o entre a conserva\u00e7\u00e3o [&hellip;]<\/p>\n","protected":false},"author":3848,"featured_media":0,"parent":0,"menu_order":0,"comment_status":"closed","ping_status":"closed","template":"","meta":{"footnotes":""},"categories":[],"tags":[],"class_list":["post-1554","page","type-page","status-publish","hentry"],"acf":[],"_links":{"self":[{"href":"https:\/\/www.ufsm.br\/pro-reitorias\/pre\/observatorio-de-direitos-humanos\/wp-json\/wp\/v2\/pages\/1554","targetHints":{"allow":["GET"]}}],"collection":[{"href":"https:\/\/www.ufsm.br\/pro-reitorias\/pre\/observatorio-de-direitos-humanos\/wp-json\/wp\/v2\/pages"}],"about":[{"href":"https:\/\/www.ufsm.br\/pro-reitorias\/pre\/observatorio-de-direitos-humanos\/wp-json\/wp\/v2\/types\/page"}],"author":[{"embeddable":true,"href":"https:\/\/www.ufsm.br\/pro-reitorias\/pre\/observatorio-de-direitos-humanos\/wp-json\/wp\/v2\/users\/3848"}],"replies":[{"embeddable":true,"href":"https:\/\/www.ufsm.br\/pro-reitorias\/pre\/observatorio-de-direitos-humanos\/wp-json\/wp\/v2\/comments?post=1554"}],"version-history":[{"count":0,"href":"https:\/\/www.ufsm.br\/pro-reitorias\/pre\/observatorio-de-direitos-humanos\/wp-json\/wp\/v2\/pages\/1554\/revisions"}],"wp:attachment":[{"href":"https:\/\/www.ufsm.br\/pro-reitorias\/pre\/observatorio-de-direitos-humanos\/wp-json\/wp\/v2\/media?parent=1554"}],"wp:term":[{"taxonomy":"category","embeddable":true,"href":"https:\/\/www.ufsm.br\/pro-reitorias\/pre\/observatorio-de-direitos-humanos\/wp-json\/wp\/v2\/categories?post=1554"},{"taxonomy":"post_tag","embeddable":true,"href":"https:\/\/www.ufsm.br\/pro-reitorias\/pre\/observatorio-de-direitos-humanos\/wp-json\/wp\/v2\/tags?post=1554"}],"curies":[{"name":"wp","href":"https:\/\/api.w.org\/{rel}","templated":true}]}}