{"id":2907,"date":"2024-04-19T13:51:43","date_gmt":"2024-04-19T16:51:43","guid":{"rendered":"https:\/\/www.ufsm.br\/pro-reitorias\/pre\/observatorio-de-direitos-humanos\/?page_id=2907"},"modified":"2025-05-19T16:26:16","modified_gmt":"2025-05-19T19:26:16","slug":"bolsa-de-extencao-odh-cv","status":"publish","type":"page","link":"https:\/\/www.ufsm.br\/pro-reitorias\/pre\/observatorio-de-direitos-humanos\/bolsa-de-extencao-odh-cv","title":{"rendered":"Bolsa de Extens\u00e3o ODH\/CV"},"content":{"rendered":"\t\t<div data-elementor-type=\"wp-page\" data-elementor-id=\"2907\" class=\"elementor elementor-2907\">\n\t\t\t\t\t\t<section class=\"elementor-section elementor-top-section elementor-element elementor-element-e21237c elementor-section-boxed elementor-section-height-default elementor-section-height-default\" data-id=\"e21237c\" data-element_type=\"section\">\n\t\t\t\t\t\t<div class=\"elementor-container elementor-column-gap-default\">\n\t\t\t\t\t<div class=\"elementor-column elementor-col-100 elementor-top-column elementor-element elementor-element-28dc035\" data-id=\"28dc035\" data-element_type=\"column\">\n\t\t\t<div class=\"elementor-widget-wrap elementor-element-populated\">\n\t\t\t\t\t\t<div class=\"elementor-element elementor-element-b4dd33f elementor-widget elementor-widget-text-editor\" data-id=\"b4dd33f\" data-element_type=\"widget\" data-widget_type=\"text-editor.default\">\n\t\t\t\t<div class=\"elementor-widget-container\">\n\t\t\t\t\t\t\t<table style=\"border-collapse: collapse;width: 100%\">\n<tbody>\n<tr>\n<td style=\"width: 38.4413%\"><strong>&nbsp;N\u00ba e NOME DO PROJETO:<\/strong><\/td>\n<td style=\"width: 4.9232%\"><strong>COORDENADOR\/A:<\/strong>&nbsp;<\/td>\n<td style=\"width: 13.8318%\"><strong>BOLSAS<\/strong>:&nbsp;<\/td>\n<td style=\"width: 22.8037%\">&nbsp;<strong>EDITAL<\/strong>:<\/td>\n<td style=\"width: 20%\"><strong>RESULTADO<\/strong>:&nbsp;<\/td>\n<\/tr>\n<tr>\n<td style=\"width: 38.4413%\"><a>059877 &#8211; Discutindo g\u00eanero: do \u201cazul \u00e9 de menino\u201d e \u201crosa \u00e9 de menina\u201d at\u00e9 o \u201cem briga de marido e mulher se mete a colher sim!\u201d<\/a><\/td>\n<td style=\"width: 4.9232%\"><span style=\"color: #000000\">PHILLIP VILANOVA ILHA<\/span><\/td>\n<td style=\"width: 13.8318%\">&nbsp;01<\/td>\n<td style=\"width: 22.8037%\">&nbsp;Link<\/td>\n<td style=\"width: 20%\"><a href=\"https:\/\/www.ufsm.br\/app\/uploads\/sites\/414\/2024\/02\/Resultado_Preliminar_-_Casa_Veronica_assinado.pdf\">Link<\/a><\/td>\n<\/tr>\n<tr>\n<td style=\"width: 38.4413%\">&nbsp;0<span style=\"color: #000000;font-size: 16px\">61528 &#8211;&nbsp;<\/span><span style=\"font-family: 'Helvetica Neue', Helvetica, Arial, sans-serif;color: #0d0d0d;font-size: 16px\">ITINER\u00c3NCIAS PEDAG\u00d3GICAS: EXPERI\u00caNCIAS FORMATIVAS PARA A DOC\u00caNCIA<\/span><\/td>\n<td style=\"width: 4.9232%\">&nbsp;<span style=\"color: #000000;font-size: 16px\">SUELI SALVA<\/span><\/td>\n<td style=\"width: 13.8318%\">&nbsp;01<\/td>\n<td style=\"width: 22.8037%\">&nbsp;<a href=\"https:\/\/www.ufsm.br\/app\/uploads\/sites\/414\/2024\/02\/ANEXO-III-Edital-Selecao-de-Bolsistas_assinadoSueli-Salva.pdf\" target=\"_blank\" rel=\"noopener\">Link<\/a><\/td>\n<td style=\"width: 20%\">&nbsp;<a href=\"https:\/\/www.ufsm.br\/app\/uploads\/sites\/414\/2024\/02\/resultado_bolsistas_classificados_assinado.pdf\" target=\"_blank\" rel=\"noopener\">Link<\/a><\/td>\n<\/tr>\n<tr>\n<td style=\"width: 38.4413%\">&nbsp;058281 &#8211;&nbsp;<span style=\"color: #1f1f1f;font-family: 'Google Sans', Roboto, sans-serif;font-size: 12px\">TPM: TRANQUILIDADE PARA MENSTRUAR &#8211; PROJETO DE COMBATE \u00c0 POBREZA MENSTRUAL<\/span><\/td>\n<td style=\"width: 4.9232%\">&nbsp;MELISSA MEDEIROS BRAZ<\/td>\n<td style=\"width: 13.8318%\">&nbsp;01<\/td>\n<td style=\"width: 22.8037%\">&nbsp;<a href=\"https:\/\/www.ufsm.br\/app\/uploads\/sites\/414\/2024\/02\/ANEXO-III-Modelo-Edital-Selecao-de-Bolsistas.pdf\">Link<\/a><\/td>\n<td style=\"width: 20%\"><a href=\"https:\/\/www.ufsm.br\/app\/uploads\/sites\/414\/2024\/02\/resultado_veronica2-1.pdf\">Link<\/a><\/td>\n<\/tr>\n<tr>\n<td style=\"width: 38.4413%\">061942&nbsp; &#8211; Exposi\u00e7\u00e3o Coletiva: O Sal\u00e3o Imposs\u00edvel<\/td>\n<td style=\"width: 4.9232%\"><span style=\"color: #1f1f1f;font-family: 'Google Sans', Roboto, sans-serif;font-size: 12px\">THAYS TONIN<\/span><\/td>\n<td style=\"width: 13.8318%\">01<\/td>\n<td style=\"width: 22.8037%\"><a href=\"https:\/\/www.ufsm.br\/app\/uploads\/sites\/414\/2024\/02\/EDITAL-003-EXT-LEEDA.pdf\">Link<\/a><\/td>\n<td style=\"width: 20%\">&nbsp;<\/td>\n<\/tr>\n<tr>\n<td style=\"width: 38.4413%\">061949 &#8211; CORPOS, POL\u00cdTICA E AUTONOMIA (enCorpA): JUSTI\u00c7A DE G\u00caNERO, ESTRAT\u00c9GIAS FEMINISTAS E EXPERI\u00caNCIAS TRANSNACIONAIS NO ENFRENTAMENTO \u00c0 VIOL\u00caNCIA&nbsp;<\/td>\n<td style=\"width: 4.9232%\">FERNANDA MARTINS<\/td>\n<td style=\"width: 13.8318%\">01<\/td>\n<td style=\"width: 22.8037%\"><a href=\"https:\/\/www.ufsm.br\/app\/uploads\/sites\/414\/2024\/02\/Edital_Bolsista_EnCorPA.pdf\">Link<\/a><\/td>\n<td style=\"width: 20%\"><a href=\"https:\/\/www.ufsm.br\/app\/uploads\/sites\/414\/2024\/02\/Resultado_Bolsista_EnCorPA_assinado.pdf\" target=\"_blank\">&nbsp;Link<\/a><br><\/td>\n<\/tr>\n<tr>\n<td style=\"width: 38.4413%\">058709 &#8211; O AMOR N\u00c3O MACHUCA: PRECISAMOS FALAR DE VIOL\u00caNCIA CONTRA MULHERES<\/td>\n<td style=\"width: 4.9232%\">D\u00c9BORA ORTIZ DE LE\u00c3O<\/td>\n<td style=\"width: 13.8318%\">01<\/td>\n<td style=\"width: 22.8037%\"><a href=\"https:\/\/www.ufsm.br\/app\/uploads\/sites\/414\/2024\/02\/ANEXO-III-Modelo-Edital-Selecao-de-Bolsistas_assinado-1.pdf\">Link<\/a><\/td>\n<td style=\"width: 20%\"><a href=\"https:\/\/www.ufsm.br\/app\/uploads\/sites\/414\/2024\/02\/resultado_edital_bolsista_casa_veronica_assinado-1.pdf\">Link<\/a><\/td>\n<\/tr>\n<tr>\n<td style=\"width: 38.4413%\"><span style=\"color: #000000;font-family: Arial;font-size: 13px\">045576 &#8211; <\/span>GEEUM@ \u2013 Grupo de Estudos e Extens\u00e3o Universidade das Mulheres<\/td>\n<td style=\"width: 4.9232%\"><span data-sheets-root=\"1\" data-sheets-value=\"{&quot;1&quot;:2,&quot;2&quot;:&quot;NIKELEN ACOSTA WITTER&quot;}\" data-sheets-userformat=\"{&quot;2&quot;:14785,&quot;3&quot;:{&quot;1&quot;:0,&quot;3&quot;:1},&quot;9&quot;:0,&quot;10&quot;:1,&quot;11&quot;:4,&quot;14&quot;:{&quot;1&quot;:2,&quot;2&quot;:0},&quot;15&quot;:&quot;sansserif&quot;,&quot;16&quot;:10}\">NIKELEN ACOSTA WITTER<\/span><\/td>\n<td style=\"width: 13.8318%\">01<\/td>\n<td style=\"width: 22.8037%\"><a href=\"https:\/\/www.ufsm.br\/app\/uploads\/sites\/414\/2024\/02\/ANEXO-III_Edital-Selecao-de-Bolsistas_ODH_CV_assinado-1.pdf\">Link<\/a><\/td>\n<td style=\"width: 20%\">&nbsp;<a href=\"https:\/\/www.ufsm.br\/app\/uploads\/sites\/414\/2024\/02\/Resultado-da-Selecao-de-Bolsista.pdf\" target=\"_blank\" rel=\"noopener\">Link<\/a><\/td>\n<\/tr>\n<tr>\n<td style=\"width: 38.4413%\">&nbsp;<span style=\"color: #1f1f1f;font-family: 'Google Sans', Roboto, sans-serif;font-size: 12px\">61667 &#8211; <\/span><span style=\"color: #1f1f1f;font-family: 'Google Sans', Roboto, sans-serif;font-size: 12px\">TRANSVER: A\u00e7\u00f5es Perform\u00e1ticas junto da comunidade Transg\u00eanero de Santa Maria<\/span><\/td>\n<td style=\"width: 4.9232%\"><span data-sheets-root=\"1\" data-sheets-value=\"{&quot;1&quot;:2,&quot;2&quot;:&quot;NIKELEN ACOSTA WITTER&quot;}\" data-sheets-userformat=\"{&quot;2&quot;:14785,&quot;3&quot;:{&quot;1&quot;:0,&quot;3&quot;:1},&quot;9&quot;:0,&quot;10&quot;:1,&quot;11&quot;:4,&quot;14&quot;:{&quot;1&quot;:2,&quot;2&quot;:0},&quot;15&quot;:&quot;sansserif&quot;,&quot;16&quot;:10}\">&nbsp;<\/span><span style=\"color: #1f1f1f;font-family: 'Google Sans', Roboto, sans-serif;font-size: 12px\">DANIEL REIS PLA<\/span><\/td>\n<td style=\"width: 13.8318%\">01&nbsp;<\/td>\n<td style=\"width: 22.8037%\"><a href=\"https:\/\/www.ufsm.br\/app\/uploads\/sites\/414\/2024\/02\/Edital-Casa-Veronica-Selecao-de-Bolsistas.pdf\" target=\"_blank\" rel=\"noopener\">Link&nbsp;<\/a><\/td>\n<td style=\"width: 20%\"><a href=\"https:\/\/www.ufsm.br\/app\/uploads\/sites\/414\/2024\/02\/RESULTADO-FINAL-EDITAL-BOLSISTA-02-2024-ODH.pdf\" target=\"_blank\">&nbsp;Link<\/a><br><\/td>\n<\/tr>\n<tr>\n<td style=\"width: 38.4413%\">&nbsp;<span style=\"font-family: Arial;font-size: 13px\">56354 &#8211; <\/span><span style=\", roboto, sans-serif;font-size: 12px\">PR\u00c1TICAS EDUCATIVAS EM G\u00caNERO, VULNERABILIDADE E CUIDADOS EM SA\u00daDE DE POPULA\u00c7\u00d5ES EM CONTEXTOS DE VULNERABILIDADE EM TERRIT\u00d3RIOS URBANO E RURAL<\/span><\/td>\n<td style=\"width: 4.9232%\"><span data-sheets-root=\"1\" data-sheets-value=\"{&quot;1&quot;:2,&quot;2&quot;:&quot;NIKELEN ACOSTA WITTER&quot;}\" data-sheets-userformat=\"{&quot;2&quot;:14785,&quot;3&quot;:{&quot;1&quot;:0,&quot;3&quot;:1},&quot;9&quot;:0,&quot;10&quot;:1,&quot;11&quot;:4,&quot;14&quot;:{&quot;1&quot;:2,&quot;2&quot;:0},&quot;15&quot;:&quot;sansserif&quot;,&quot;16&quot;:10}\">&nbsp;<\/span><span style=\", roboto, sans-serif;font-size: 12px\">FERNANDA BEHEREGARAY CABRAL<\/span><\/td>\n<td style=\"width: 13.8318%\">&nbsp;01<\/td>\n<td style=\"width: 22.8037%\"><a href=\"https:\/\/www.ufsm.br\/app\/uploads\/sites\/414\/2024\/02\/Fernanda-Beheregaray-Cabral.pdf\" target=\"_blank\" rel=\"noopener\">Link&nbsp;&nbsp;<\/a><\/td>\n<td style=\"width: 20%\"><a href=\"https:\/\/www.ufsm.br\/app\/uploads\/sites\/414\/2024\/02\/2024_Resultado_chamada_bolsistas.pdf\" target=\"_blank\">&nbsp;Link<\/a><br><\/td>\n<\/tr>\n<tr>\n<td style=\"width: 38.4413%\">&nbsp;<span style=\", roboto, sans-serif;font-size: 12px\">59876 &#8211; Conex\u00f5es Maternas<\/span><\/td>\n<td style=\"width: 4.9232%\"><span data-sheets-root=\"1\" data-sheets-value=\"{&quot;1&quot;:2,&quot;2&quot;:&quot;NIKELEN ACOSTA WITTER&quot;}\" data-sheets-userformat=\"{&quot;2&quot;:14785,&quot;3&quot;:{&quot;1&quot;:0,&quot;3&quot;:1},&quot;9&quot;:0,&quot;10&quot;:1,&quot;11&quot;:4,&quot;14&quot;:{&quot;1&quot;:2,&quot;2&quot;:0},&quot;15&quot;:&quot;sansserif&quot;,&quot;16&quot;:10}\">&nbsp;<\/span><span style=\", roboto, sans-serif;font-size: 12px\">MILENA CARVALHO BEZERRA FREIRE DE OLIVEIRA-CRUZ<\/span><\/td>\n<td style=\"width: 13.8318%\">&nbsp;01<\/td>\n<td style=\"width: 22.8037%\"><a href=\"https:\/\/www.ufsm.br\/app\/uploads\/sites\/414\/2024\/02\/Milena-Freire-de-Oliveira-Cruz.pdf\" target=\"_blank\" rel=\"noopener\">Link&nbsp;<\/a><\/td>\n<td style=\"width: 20%\">&nbsp;<\/td>\n<\/tr>\n<tr>\n<td style=\"width: 38.4413%\"><span style=\", roboto, sans-serif;font-size: 12px\">051335 &#8211; <\/span><span style=\", roboto, sans-serif;font-size: 12px\">F\u00f3rum de enfrentamento \u00e0 viol\u00eancia por parceiro \u00edntimo contra as mulheres do Munic\u00edpio de Santa Maria: promo\u00e7\u00e3o da cultura de paz e supera\u00e7\u00e3o da viol\u00eancia<\/span><\/td>\n<td style=\"width: 4.9232%\"><span data-sheets-root=\"1\" data-sheets-value=\"{&quot;1&quot;:2,&quot;2&quot;:&quot;NIKELEN ACOSTA WITTER&quot;}\" data-sheets-userformat=\"{&quot;2&quot;:14785,&quot;3&quot;:{&quot;1&quot;:0,&quot;3&quot;:1},&quot;9&quot;:0,&quot;10&quot;:1,&quot;11&quot;:4,&quot;14&quot;:{&quot;1&quot;:2,&quot;2&quot;:0},&quot;15&quot;:&quot;sansserif&quot;,&quot;16&quot;:10}\">&nbsp;<\/span><span style=\", roboto, sans-serif;font-size: 12px\">LAURA FERREIRA CORTES<\/span><\/td>\n<td style=\"width: 13.8318%\">&nbsp;01<\/td>\n<td style=\"width: 22.8037%\"><a href=\"https:\/\/www.ufsm.br\/app\/uploads\/sites\/414\/2024\/02\/Edital-Selecao-de-Bolsistas_ODH_Profa._Laura_Cortes_assinado.pdf\" target=\"_blank\" rel=\"noopener\">Link&nbsp;<\/a><\/td>\n<td style=\"width: 20%\">&nbsp;<\/td>\n<\/tr>\n<tr>\n<td style=\"width: 38.4413%\"><span style=\", roboto, sans-serif;font-size: 12px\">&nbsp;<\/span><span style=\"color: #1f1f1f;font-family: 'Google Sans', Roboto, sans-serif;font-size: 12px\">056992 &#8211; <\/span><span style=\"color: #1f1f1f;font-family: 'Google Sans', Roboto, sans-serif;font-size: 12px\">PROMO\u00c7\u00c3O DE JUSTI\u00c7A DE G\u00caNERO NA UFSM &#8211; CAMPUS DE FREDERICO WESTPHALEN: UMA ABORDAGEM INSTITUCIONAL PARA REFLEX\u00d5ES E PR\u00c1TICAS INDIVIDUAIS E COLETIVAS<\/span><\/td>\n<td style=\"width: 4.9232%\"><span data-sheets-root=\"1\" data-sheets-value=\"{&quot;1&quot;:2,&quot;2&quot;:&quot;NIKELEN ACOSTA WITTER&quot;}\" data-sheets-userformat=\"{&quot;2&quot;:14785,&quot;3&quot;:{&quot;1&quot;:0,&quot;3&quot;:1},&quot;9&quot;:0,&quot;10&quot;:1,&quot;11&quot;:4,&quot;14&quot;:{&quot;1&quot;:2,&quot;2&quot;:0},&quot;15&quot;:&quot;sansserif&quot;,&quot;16&quot;:10}\">&nbsp;<\/span><span style=\"color: #1f1f1f;font-family: 'Google Sans', Roboto, sans-serif;font-size: 12px\">VERA SIRLEI MARTINS<\/span><\/td>\n<td style=\"width: 13.8318%\">&nbsp;01<\/td>\n<td style=\"width: 22.8037%\"><a href=\"https:\/\/www.ufsm.br\/app\/uploads\/sites\/414\/2024\/02\/Edital-Selecao-de-Bolsistas_Justica_de_Genero_assinado.pdf\" target=\"_blank\" rel=\"noopener\">Link&nbsp;<\/a><\/td>\n<td style=\"width: 20%\"><a href=\"https:\/\/www.ufsm.br\/app\/uploads\/sites\/414\/2024\/02\/ANEXO-III-Resulado_-Edital-Selecao-de-Bolsistas_assinado.pdf\" target=\"_blank\">&nbsp;Link<\/a><br><\/td>\n<\/tr>\n<tr>\n<td style=\"width: 38.4413%\"><span style=\", roboto, sans-serif;font-size: 12px\">&nbsp;<\/span><span style=\", Roboto, sans-serif;font-size: 12px\">059467 &#8211; <\/span><span style=\", Roboto, sans-serif;font-size: 12px\">ESCUTa-me? Psicologia Cl\u00ednica Social<\/span><\/td>\n<td style=\"width: 4.9232%\"><span data-sheets-root=\"1\" data-sheets-value=\"{&quot;1&quot;:2,&quot;2&quot;:&quot;NIKELEN ACOSTA WITTER&quot;}\" data-sheets-userformat=\"{&quot;2&quot;:14785,&quot;3&quot;:{&quot;1&quot;:0,&quot;3&quot;:1},&quot;9&quot;:0,&quot;10&quot;:1,&quot;11&quot;:4,&quot;14&quot;:{&quot;1&quot;:2,&quot;2&quot;:0},&quot;15&quot;:&quot;sansserif&quot;,&quot;16&quot;:10}\">&nbsp;<\/span><span style=\", Roboto, sans-serif;font-size: 12px\">ADRIANE RUBIO ROSO<\/span><\/td>\n<td style=\"width: 13.8318%\">&nbsp;01<\/td>\n<td style=\"width: 22.8037%\">&nbsp;<a href=\"https:\/\/www.ufsm.br\/app\/uploads\/sites\/414\/2024\/02\/ROSO_ANEXO-III-Edital-Selecao-de-Bolsistas.docx-ROSO_ANEXO-III-Edital-Selecao-de-Bolsistas.docx.pdf\" target=\"_blank\">Link<\/a><\/td>\n<td style=\"width: 20%\">&nbsp;<a href=\"https:\/\/www.ufsm.br\/app\/uploads\/sites\/414\/2024\/02\/Resultado_selecao_bolsista_Casa_V_2024_assinado.pdf\" target=\"_blank\">Link<\/a><\/td>\n<\/tr>\n<\/tbody>\n<\/table>\t\t\t\t\t\t<\/div>\n\t\t\t\t<\/div>\n\t\t\t\t\t<\/div>\n\t\t<\/div>\n\t\t\t\t\t<\/div>\n\t\t<\/section>\n\t\t\t\t<\/div>\n\t\t","protected":false},"excerpt":{"rendered":"<p>&nbsp;N\u00ba e NOME DO PROJETO: COORDENADOR\/A:&nbsp; BOLSAS:&nbsp; &nbsp;EDITAL: RESULTADO:&nbsp; 059877 &#8211; Discutindo g\u00eanero: do \u201cazul \u00e9 de menino\u201d e \u201crosa \u00e9 de menina\u201d at\u00e9 o \u201cem briga de marido e mulher se mete a colher sim!\u201d PHILLIP VILANOVA ILHA &nbsp;01 &nbsp;Link Link &nbsp;061528 &#8211;&nbsp;ITINER\u00c3NCIAS PEDAG\u00d3GICAS: EXPERI\u00caNCIAS FORMATIVAS PARA A DOC\u00caNCIA &nbsp;SUELI SALVA &nbsp;01 &nbsp;Link &nbsp;Link [&hellip;]<\/p>\n","protected":false},"author":6820,"featured_media":0,"parent":0,"menu_order":0,"comment_status":"closed","ping_status":"closed","template":"","meta":{"footnotes":""},"categories":[],"tags":[],"class_list":["post-2907","page","type-page","status-publish","hentry"],"acf":[],"_links":{"self":[{"href":"https:\/\/www.ufsm.br\/pro-reitorias\/pre\/observatorio-de-direitos-humanos\/wp-json\/wp\/v2\/pages\/2907","targetHints":{"allow":["GET"]}}],"collection":[{"href":"https:\/\/www.ufsm.br\/pro-reitorias\/pre\/observatorio-de-direitos-humanos\/wp-json\/wp\/v2\/pages"}],"about":[{"href":"https:\/\/www.ufsm.br\/pro-reitorias\/pre\/observatorio-de-direitos-humanos\/wp-json\/wp\/v2\/types\/page"}],"author":[{"embeddable":true,"href":"https:\/\/www.ufsm.br\/pro-reitorias\/pre\/observatorio-de-direitos-humanos\/wp-json\/wp\/v2\/users\/6820"}],"replies":[{"embeddable":true,"href":"https:\/\/www.ufsm.br\/pro-reitorias\/pre\/observatorio-de-direitos-humanos\/wp-json\/wp\/v2\/comments?post=2907"}],"version-history":[{"count":0,"href":"https:\/\/www.ufsm.br\/pro-reitorias\/pre\/observatorio-de-direitos-humanos\/wp-json\/wp\/v2\/pages\/2907\/revisions"}],"wp:attachment":[{"href":"https:\/\/www.ufsm.br\/pro-reitorias\/pre\/observatorio-de-direitos-humanos\/wp-json\/wp\/v2\/media?parent=2907"}],"wp:term":[{"taxonomy":"category","embeddable":true,"href":"https:\/\/www.ufsm.br\/pro-reitorias\/pre\/observatorio-de-direitos-humanos\/wp-json\/wp\/v2\/categories?post=2907"},{"taxonomy":"post_tag","embeddable":true,"href":"https:\/\/www.ufsm.br\/pro-reitorias\/pre\/observatorio-de-direitos-humanos\/wp-json\/wp\/v2\/tags?post=2907"}],"curies":[{"name":"wp","href":"https:\/\/api.w.org\/{rel}","templated":true}]}}