{"id":469,"date":"2018-10-17T18:51:42","date_gmt":"2018-10-17T21:51:42","guid":{"rendered":"https:\/\/www.ufsm.br\/pro-reitorias\/pre\/observatorio-de-direitos-humanos\/?page_id=469"},"modified":"2018-10-17T18:57:42","modified_gmt":"2018-10-17T21:57:42","slug":"legislacao-2","status":"publish","type":"page","link":"https:\/\/www.ufsm.br\/pro-reitorias\/pre\/observatorio-de-direitos-humanos\/legislacao-2","title":{"rendered":"Legisla\u00e7\u00e3o"},"content":{"rendered":"<p><a href=\"http:\/\/www.planalto.gov.br\/ccivil_03\/leis\/L4898.htm\" target=\"_blank\" rel=\"noopener\">Abuso de autoridade<\/a><\/p>\n<p><a href=\"http:\/\/www.planalto.gov.br\/ccivil_03\/leis\/L6683.htm\" target=\"_blank\" rel=\"noopener\">Anistia<\/a><\/p>\n<p><a href=\"http:\/\/www.planalto.gov.br\/ccivil_03\/leis\/L7853.htm\" target=\"_blank\" rel=\"noopener\">Apoio \u00e0s pessoas portadoras de defici\u00eancia<\/a><\/p>\n<p><a href=\"http:\/\/www.planalto.gov.br\/ccivil_03\/leis\/L7716.htm\" target=\"_blank\" rel=\"noopener\">Crimes resultantes de preconceito de ra\u00e7a e cor<\/a><\/p>\n<p><a href=\"http:\/\/www.planalto.gov.br\/ccivil_03\/leis\/L9459.htm\">Crimes resultantes de preconceito de ra\u00e7a e cor (altera\u00e7\u00e3o)<\/a><\/p>\n<p><a href=\"http:\/\/www.planalto.gov.br\/ccivil_03\/_ato2011-2014\/2011\/lei\/l12528.htm\" target=\"_blank\" rel=\"noopener\">Comiss\u00e3o Nacional da Verdade<\/a><\/p>\n<p><a href=\"http:\/\/www.planalto.gov.br\/ccivil_03\/leis\/L9140compilada.htm\" target=\"_blank\" rel=\"noopener\">Defini\u00e7\u00e3o de mortos de desaparecidos pol\u00edticos<\/a><\/p>\n<p><a href=\"http:\/\/www.planalto.gov.br\/ccivil_03\/leis\/LEIS_2001\/L10216.htm\" target=\"_blank\" rel=\"noopener\">Direitos das pessoas portadoras de transtornos mentais<\/a><\/p>\n<p><a href=\"http:\/\/www.planalto.gov.br\/ccivil_03\/dnn\/2003\/Dnn9943.htm\" target=\"_blank\" rel=\"noopener\">Erradica\u00e7\u00e3o do trabalho escravo<\/a><\/p>\n<p><a href=\"http:\/\/www.planalto.gov.br\/ccivil_03\/leis\/L8069.htm\" target=\"_blank\" rel=\"noopener\">Estatuto da Crian\u00e7a e do Adolescente<\/a><\/p>\n<p><a href=\"http:\/\/www.planalto.gov.br\/ccivil_03\/leis\/L6001.htm\" target=\"_blank\" rel=\"noopener\">Estatuto do \u00cdndio<\/a><\/p>\n<p><a href=\"http:\/\/www.planalto.gov.br\/ccivil_03\/leis\/2003\/L10.741.htm\" target=\"_blank\" rel=\"noopener\">Estatuto do Idoso<\/a><\/p>\n<p><a href=\"http:\/\/www.planalto.gov.br\/ccivil_03\/leis\/L7437.htm\" target=\"_blank\" rel=\"noopener\">Lei Afonso Arino<\/a><\/p>\n<p><a href=\"http:\/\/www.planalto.gov.br\/ccivil_03\/leis\/L7437.htm\" target=\"_blank\" rel=\"noopener\">Lei Ca\u00f3<\/a><\/p>\n<p><a href=\"http:\/\/www.planalto.gov.br\/ccivil_03\/_ato2004-2006\/2006\/lei\/l11340.htm\" target=\"_blank\" rel=\"noopener\">Lei Maria da Penha<\/a><\/p>\n<p><a href=\"http:\/\/www.planalto.gov.br\/ccivil_03\/leis\/2002\/L10436.htm\" target=\"_blank\" rel=\"noopener\">L\u00edngua brasileira de sinais<\/a><\/p>\n<p><a href=\"http:\/\/www.planalto.gov.br\/ccivil_03\/leis\/L10048.htm\" target=\"_blank\" rel=\"noopener\">Prioridade de atendimento<\/a><\/p>\n<p><a href=\"http:\/\/www.planalto.gov.br\/ccivil_03\/leis\/L9807.htm\" target=\"_blank\" rel=\"noopener\">Prote\u00e7\u00e3o \u00e0 v\u00edtimas e pessoas amea\u00e7adas<\/a><\/p>\n<p><a href=\"http:\/\/www.planalto.gov.br\/ccivil_03\/leis\/L9455.htm\" target=\"_blank\" rel=\"noopener\">Torturas<\/a><\/p>\n<p><span style=\"font-size: 14pt\"><strong>Legisla\u00e7\u00e3o na UFSM<\/strong><\/span><\/p>\n<p><a href=\"https:\/\/www.ufsm.br\/pro-reitorias\/pre\/observatorio-de-direitos-humanos\/wp-content\/uploads\/sites\/414\/2018\/10\/PORT_GR_2017_86990.pdf\" target=\"_blank\" rel=\"noopener\">PORTARIA N. 86.990<\/a><\/p>\n","protected":false},"excerpt":{"rendered":"<p>Abuso de autoridade Anistia Apoio \u00e0s pessoas portadoras de defici\u00eancia Crimes resultantes de preconceito de ra\u00e7a e cor Crimes resultantes de preconceito de ra\u00e7a e cor (altera\u00e7\u00e3o) Comiss\u00e3o Nacional da Verdade Defini\u00e7\u00e3o de mortos de desaparecidos pol\u00edticos Direitos das pessoas portadoras de transtornos mentais Erradica\u00e7\u00e3o do trabalho escravo Estatuto da Crian\u00e7a e do Adolescente Estatuto [&hellip;]<\/p>\n","protected":false},"author":118,"featured_media":0,"parent":0,"menu_order":0,"comment_status":"closed","ping_status":"closed","template":"","meta":{"footnotes":""},"categories":[],"tags":[],"class_list":["post-469","page","type-page","status-publish","hentry"],"acf":[],"_links":{"self":[{"href":"https:\/\/www.ufsm.br\/pro-reitorias\/pre\/observatorio-de-direitos-humanos\/wp-json\/wp\/v2\/pages\/469","targetHints":{"allow":["GET"]}}],"collection":[{"href":"https:\/\/www.ufsm.br\/pro-reitorias\/pre\/observatorio-de-direitos-humanos\/wp-json\/wp\/v2\/pages"}],"about":[{"href":"https:\/\/www.ufsm.br\/pro-reitorias\/pre\/observatorio-de-direitos-humanos\/wp-json\/wp\/v2\/types\/page"}],"author":[{"embeddable":true,"href":"https:\/\/www.ufsm.br\/pro-reitorias\/pre\/observatorio-de-direitos-humanos\/wp-json\/wp\/v2\/users\/118"}],"replies":[{"embeddable":true,"href":"https:\/\/www.ufsm.br\/pro-reitorias\/pre\/observatorio-de-direitos-humanos\/wp-json\/wp\/v2\/comments?post=469"}],"version-history":[{"count":0,"href":"https:\/\/www.ufsm.br\/pro-reitorias\/pre\/observatorio-de-direitos-humanos\/wp-json\/wp\/v2\/pages\/469\/revisions"}],"wp:attachment":[{"href":"https:\/\/www.ufsm.br\/pro-reitorias\/pre\/observatorio-de-direitos-humanos\/wp-json\/wp\/v2\/media?parent=469"}],"wp:term":[{"taxonomy":"category","embeddable":true,"href":"https:\/\/www.ufsm.br\/pro-reitorias\/pre\/observatorio-de-direitos-humanos\/wp-json\/wp\/v2\/categories?post=469"},{"taxonomy":"post_tag","embeddable":true,"href":"https:\/\/www.ufsm.br\/pro-reitorias\/pre\/observatorio-de-direitos-humanos\/wp-json\/wp\/v2\/tags?post=469"}],"curies":[{"name":"wp","href":"https:\/\/api.w.org\/{rel}","templated":true}]}}