{"id":5216,"date":"2026-08-18T16:26:17","date_gmt":"2026-08-18T19:26:17","guid":{"rendered":"https:\/\/www.ufsm.br\/pro-reitorias\/pre\/observatorio-de-direitos-humanos\/?page_id=5216"},"modified":"2026-08-18T16:26:18","modified_gmt":"2026-08-18T19:26:18","slug":"artes-e-oficios-dos-saberes-tradicionais-populares-e-culturais","status":"publish","type":"page","link":"https:\/\/www.ufsm.br\/pro-reitorias\/pre\/observatorio-de-direitos-humanos\/notorios-saberes\/artes-e-oficios-dos-saberes-tradicionais-populares-e-culturais","title":{"rendered":"Artes e Of\u00edcios dos Saberes Tradicionais, Populares e Culturais"},"content":{"rendered":"\t\t<div data-elementor-type=\"wp-page\" data-elementor-id=\"5216\" class=\"elementor elementor-5216\">\n\t\t\t\t\t\t<section class=\"elementor-section elementor-top-section elementor-element elementor-element-a213986 elementor-section-boxed elementor-section-height-default elementor-section-height-default\" data-id=\"a213986\" data-element_type=\"section\">\n\t\t\t\t\t\t<div class=\"elementor-container elementor-column-gap-default\">\n\t\t\t\t\t<div class=\"elementor-column elementor-col-100 elementor-top-column elementor-element elementor-element-e289f97\" data-id=\"e289f97\" data-element_type=\"column\">\n\t\t\t<div class=\"elementor-widget-wrap elementor-element-populated\">\n\t\t\t\t\t\t<div class=\"elementor-element elementor-element-f33d1c6 elementor-arrows-position-inside elementor-pagination-position-outside elementor-widget elementor-widget-image-carousel\" data-id=\"f33d1c6\" data-element_type=\"widget\" data-settings=\"{&quot;slides_to_show&quot;:&quot;1&quot;,&quot;navigation&quot;:&quot;both&quot;,&quot;autoplay&quot;:&quot;yes&quot;,&quot;pause_on_hover&quot;:&quot;yes&quot;,&quot;pause_on_interaction&quot;:&quot;yes&quot;,&quot;autoplay_speed&quot;:5000,&quot;infinite&quot;:&quot;yes&quot;,&quot;effect&quot;:&quot;slide&quot;,&quot;speed&quot;:500}\" data-widget_type=\"image-carousel.default\">\n\t\t\t\t<div class=\"elementor-widget-container\">\n\t\t\t\t\t<div class=\"elementor-image-carousel-wrapper swiper\" dir=\"ltr\">\n\t\t\t<div class=\"elementor-image-carousel swiper-wrapper\" aria-live=\"off\">\n\t\t\t\t\t\t\t\t<div class=\"swiper-slide\" role=\"group\" aria-roledescription=\"slide\" aria-label=\"1 of 1\"><figure class=\"swiper-slide-inner\"><img decoding=\"async\" class=\"swiper-slide-image\" src=\"https:\/\/www.ufsm.br\/app\/uploads\/sites\/414\/2026\/08\/Banner-site-UFSM.jpg\" alt=\"Banner site UFSM\" \/><\/figure><\/div>\t\t\t<\/div>\n\t\t\t\t\t<\/div>\n\t\t\t\t<\/div>\n\t\t\t\t<\/div>\n\t\t\t\t\t<\/div>\n\t\t<\/div>\n\t\t\t\t\t<\/div>\n\t\t<\/section>\n\t\t\t\t<section class=\"elementor-section elementor-top-section elementor-element elementor-element-1a868a28 elementor-section-boxed elementor-section-height-default elementor-section-height-default\" data-id=\"1a868a28\" data-element_type=\"section\">\n\t\t\t\t\t\t<div class=\"elementor-container elementor-column-gap-default\">\n\t\t\t\t\t<div class=\"elementor-column elementor-col-100 elementor-top-column elementor-element elementor-element-1280b0ec\" data-id=\"1280b0ec\" data-element_type=\"column\">\n\t\t\t<div class=\"elementor-widget-wrap elementor-element-populated\">\n\t\t\t\t\t\t<div class=\"elementor-element elementor-element-24d2be9 elementor-widget elementor-widget-text-editor\" data-id=\"24d2be9\" data-element_type=\"widget\" data-widget_type=\"text-editor.default\">\n\t\t\t\t<div class=\"elementor-widget-container\">\n\t\t\t\t\t\t\t<!-- wp:paragraph -->\n<p>A disciplina \u201cArtes e Of\u00edcios dos Saberes Tradicionais, Populares e Culturais\u201d, baseada nas diretrizes do Projeto \u201cEncontro de Saberes\u201d, tem car\u00e1ter interdisciplinar e est\u00e1 organizada em cinco m\u00f3dulos, totalizando 45 horas-aula. As atividades s\u00e3o ministradas por professores da UFSM e por mestres e mestras da cultura tradicional convidados.<\/p>\n<!-- \/wp:paragraph -->\n\n<!-- wp:paragraph -->\n<p>A proposta valoriza diferentes formas de transmiss\u00e3o do conhecimento, com atividades presenciais, transmiss\u00e3o oral e performance. A avalia\u00e7\u00e3o considera a presen\u00e7a, a participa\u00e7\u00e3o nos di\u00e1logos e o desenvolvimento de um projeto final.<\/p>\n<!-- \/wp:paragraph -->\n\n<!-- wp:paragraph -->\n<p>O objetivo \u00e9 promover o interc\u00e2mbio entre estudantes universit\u00e1rios e mestres e mestras dos saberes populares, tradicionais e culturais, ampliando a compreens\u00e3o sobre diferentes formas de conhecer, produzir e transmitir conhecimentos para al\u00e9m do ambiente acad\u00eamico.<\/p>\n<!-- \/wp:paragraph -->\t\t\t\t\t\t<\/div>\n\t\t\t\t<\/div>\n\t\t\t\t\t<\/div>\n\t\t<\/div>\n\t\t\t\t\t<\/div>\n\t\t<\/section>\n\t\t\t\t<\/div>\n\t\t","protected":false},"excerpt":{"rendered":"<p>A disciplina \u201cArtes e Of\u00edcios dos Saberes Tradicionais, Populares e Culturais\u201d, baseada nas diretrizes do Projeto \u201cEncontro de Saberes\u201d, tem car\u00e1ter interdisciplinar e est\u00e1 organizada em cinco m\u00f3dulos, totalizando 45 horas-aula. As atividades s\u00e3o ministradas por professores da UFSM e por mestres e mestras da cultura tradicional convidados. A proposta valoriza diferentes formas de transmiss\u00e3o [&hellip;]<\/p>\n","protected":false},"author":545,"featured_media":0,"parent":4504,"menu_order":0,"comment_status":"closed","ping_status":"closed","template":"","meta":{"footnotes":""},"categories":[],"tags":[],"class_list":["post-5216","page","type-page","status-publish","hentry"],"acf":[],"_links":{"self":[{"href":"https:\/\/www.ufsm.br\/pro-reitorias\/pre\/observatorio-de-direitos-humanos\/wp-json\/wp\/v2\/pages\/5216","targetHints":{"allow":["GET"]}}],"collection":[{"href":"https:\/\/www.ufsm.br\/pro-reitorias\/pre\/observatorio-de-direitos-humanos\/wp-json\/wp\/v2\/pages"}],"about":[{"href":"https:\/\/www.ufsm.br\/pro-reitorias\/pre\/observatorio-de-direitos-humanos\/wp-json\/wp\/v2\/types\/page"}],"author":[{"embeddable":true,"href":"https:\/\/www.ufsm.br\/pro-reitorias\/pre\/observatorio-de-direitos-humanos\/wp-json\/wp\/v2\/users\/545"}],"replies":[{"embeddable":true,"href":"https:\/\/www.ufsm.br\/pro-reitorias\/pre\/observatorio-de-direitos-humanos\/wp-json\/wp\/v2\/comments?post=5216"}],"version-history":[{"count":0,"href":"https:\/\/www.ufsm.br\/pro-reitorias\/pre\/observatorio-de-direitos-humanos\/wp-json\/wp\/v2\/pages\/5216\/revisions"}],"up":[{"embeddable":true,"href":"https:\/\/www.ufsm.br\/pro-reitorias\/pre\/observatorio-de-direitos-humanos\/wp-json\/wp\/v2\/pages\/4504"}],"wp:attachment":[{"href":"https:\/\/www.ufsm.br\/pro-reitorias\/pre\/observatorio-de-direitos-humanos\/wp-json\/wp\/v2\/media?parent=5216"}],"wp:term":[{"taxonomy":"category","embeddable":true,"href":"https:\/\/www.ufsm.br\/pro-reitorias\/pre\/observatorio-de-direitos-humanos\/wp-json\/wp\/v2\/categories?post=5216"},{"taxonomy":"post_tag","embeddable":true,"href":"https:\/\/www.ufsm.br\/pro-reitorias\/pre\/observatorio-de-direitos-humanos\/wp-json\/wp\/v2\/tags?post=5216"}],"curies":[{"name":"wp","href":"https:\/\/api.w.org\/{rel}","templated":true}]}}

Artes e Ofícios dos Saberes Tradicionais, Populares e Culturais

<div data-elementor-type="wp-page" data-elementor-id="5216" class="elementor elementor-5216">
						<section class="elementor-section elementor-top-section elementor-element elementor-element-a213986 elementor-section-boxed elementor-section-height-default elementor-section-height-default" data-id="a213986" data-element_type="section">
						<div class="elementor-container elementor-column-gap-default">
					<div class="elementor-column elementor-col-100 elementor-top-column elementor-element elementor-element-e289f97" data-id="e289f97" data-element_type="column">
			<div class="elementor-widget-wrap elementor-element-populated">
						<div class="elementor-element elementor-element-f33d1c6 elementor-arrows-position-inside elementor-pagination-position-outside elementor-widget elementor-widget-image-carousel" data-id="f33d1c6" data-element_type="widget" data-settings="{&quot;slides_to_show&quot;:&quot;1&quot;,&quot;navigation&quot;:&quot;both&quot;,&quot;autoplay&quot;:&quot;yes&quot;,&quot;pause_on_hover&quot;:&quot;yes&quot;,&quot;pause_on_interaction&quot;:&quot;yes&quot;,&quot;autoplay_speed&quot;:5000,&quot;infinite&quot;:&quot;yes&quot;,&quot;effect&quot;:&quot;slide&quot;,&quot;speed&quot;:500}" data-widget_type="image-carousel.default">
				<div class="elementor-widget-container">
					<div class="elementor-image-carousel-wrapper swiper" dir="ltr">
			<div class="elementor-image-carousel swiper-wrapper" aria-live="off">
								<div class="swiper-slide" role="group" aria-roledescription="slide" aria-label="1 of 1"><figure class="swiper-slide-inner"><img decoding="async" class="swiper-slide-image" src="https://www.ufsm.br/app/uploads/sites/414/2026/08/Banner-site-UFSM.jpg" alt="Banner site UFSM" /></figure></div>			</div>
					</div>
				</div>
				</div>
					</div>
		</div>
					</div>
		</section>
				<section class="elementor-section elementor-top-section elementor-element elementor-element-1a868a28 elementor-section-boxed elementor-section-height-default elementor-section-height-default" data-id="1a868a28" data-element_type="section">
						<div class="elementor-container elementor-column-gap-default">
					<div class="elementor-column elementor-col-100 elementor-top-column elementor-element elementor-element-1280b0ec" data-id="1280b0ec" data-element_type="column">
			<div class="elementor-widget-wrap elementor-element-populated">
						<div class="elementor-element elementor-element-24d2be9 elementor-widget elementor-widget-text-editor" data-id="24d2be9" data-element_type="widget" data-widget_type="text-editor.default">
				<div class="elementor-widget-container">
							<!-- wp:paragraph -->
<p>A disciplina “Artes e Ofícios dos Saberes Tradicionais, Populares e Culturais”, baseada nas diretrizes do Projeto “Encontro de Saberes”, tem caráter interdisciplinar e está organizada em cinco módulos, totalizando 45 horas-aula. As atividades são ministradas por professores da UFSM e por mestres e mestras da cultura tradicional convidados.</p>
<!-- /wp:paragraph -->

<!-- wp:paragraph -->
<p>A proposta valoriza diferentes formas de transmissão do conhecimento, com atividades presenciais, transmissão oral e performance. A avaliação considera a presença, a participação nos diálogos e o desenvolvimento de um projeto final.</p>
<!-- /wp:paragraph -->

<!-- wp:paragraph -->
<p>O objetivo é promover o intercâmbio entre estudantes universitários e mestres e mestras dos saberes populares, tradicionais e culturais, ampliando a compreensão sobre diferentes formas de conhecer, produzir e transmitir conhecimentos para além do ambiente acadêmico.</p>
<!-- /wp:paragraph -->						</div>
				</div>
					</div>
		</div>
					</div>
		</section>
				</div>

<p>A disciplina “Artes e Ofícios dos Saberes Tradicionais, Populares e Culturais”, baseada nas diretrizes do Projeto “Encontro de Saberes”, tem caráter interdisciplinar e está organizada em cinco módulos, totalizando 45 horas-aula. As atividades são ministradas por professores da UFSM e por mestres e mestras da cultura tradicional convidados. A proposta valoriza diferentes formas de transmissão [&hellip;]</p>
