{"id":1137,"date":"2022-04-29T09:15:08","date_gmt":"2022-04-29T12:15:08","guid":{"rendered":"https:\/\/www.ufsm.br\/orgaos-de-apoio\/silveira-martins\/?page_id=1137"},"modified":"2025-06-10T09:17:26","modified_gmt":"2025-06-10T12:17:26","slug":"fantastico-brasileiro","status":"publish","type":"page","link":"https:\/\/www.ufsm.br\/pro-reitorias\/pre\/silveira-martins\/fantastico-brasileiro","title":{"rendered":"FANT\u00c1STICO BRASILEIRO"},"content":{"rendered":"\t\t<div data-elementor-type=\"wp-page\" data-elementor-id=\"1137\" class=\"elementor elementor-1137\">\n\t\t\t\t\t\t<section class=\"elementor-section elementor-top-section elementor-element elementor-element-b4b06f3 elementor-section-boxed elementor-section-height-default elementor-section-height-default\" data-id=\"b4b06f3\" data-element_type=\"section\">\n\t\t\t\t\t\t<div class=\"elementor-container elementor-column-gap-default\">\n\t\t\t\t\t<div class=\"elementor-column elementor-col-100 elementor-top-column elementor-element elementor-element-507a917\" data-id=\"507a917\" data-element_type=\"column\">\n\t\t\t<div class=\"elementor-widget-wrap elementor-element-populated\">\n\t\t\t\t\t\t<div class=\"elementor-element elementor-element-bc1c06b elementor-widget elementor-widget-spacer\" data-id=\"bc1c06b\" data-element_type=\"widget\" data-widget_type=\"spacer.default\">\n\t\t\t\t<div class=\"elementor-widget-container\">\n\t\t\t\t\t<div class=\"elementor-spacer\">\n\t\t\t<div class=\"elementor-spacer-inner\"><\/div>\n\t\t<\/div>\n\t\t\t\t<\/div>\n\t\t\t\t<\/div>\n\t\t\t\t<div class=\"elementor-element elementor-element-8400104 elementor-widget elementor-widget-image\" data-id=\"8400104\" data-element_type=\"widget\" data-widget_type=\"image.default\">\n\t\t\t\t<div class=\"elementor-widget-container\">\n\t\t\t\t\t\t\t\t\t\t\t\t\t<img fetchpriority=\"high\" decoding=\"async\" width=\"450\" height=\"450\" src=\"https:\/\/www.ufsm.br\/app\/uploads\/sites\/821\/2022\/11\/exposicao-fantastico-brasileiro-450x450-1.jpg\" class=\"attachment-medium_large size-medium_large wp-image-1852\" alt=\"\" srcset=\"https:\/\/www.ufsm.br\/app\/uploads\/sites\/821\/2022\/11\/exposicao-fantastico-brasileiro-450x450-1.jpg 450w, https:\/\/www.ufsm.br\/app\/uploads\/sites\/821\/2022\/11\/exposicao-fantastico-brasileiro-450x450-1-300x300.jpg 300w, https:\/\/www.ufsm.br\/app\/uploads\/sites\/821\/2022\/11\/exposicao-fantastico-brasileiro-450x450-1-150x150.jpg 150w\" sizes=\"(max-width: 450px) 100vw, 450px\" \/>\t\t\t\t\t\t\t\t\t\t\t\t\t<\/div>\n\t\t\t\t<\/div>\n\t\t\t\t\t<\/div>\n\t\t<\/div>\n\t\t\t\t\t<\/div>\n\t\t<\/section>\n\t\t\t\t<section class=\"elementor-section elementor-top-section elementor-element elementor-element-0134b38 elementor-section-boxed elementor-section-height-default elementor-section-height-default\" data-id=\"0134b38\" data-element_type=\"section\">\n\t\t\t\t\t\t<div class=\"elementor-container elementor-column-gap-default\">\n\t\t\t\t\t<div class=\"elementor-column elementor-col-100 elementor-top-column elementor-element elementor-element-199dd4d\" data-id=\"199dd4d\" data-element_type=\"column\">\n\t\t\t<div class=\"elementor-widget-wrap elementor-element-populated\">\n\t\t\t\t\t\t<div class=\"elementor-element elementor-element-9bad6a8 elementor-widget elementor-widget-image\" data-id=\"9bad6a8\" data-element_type=\"widget\" data-widget_type=\"image.default\">\n\t\t\t\t<div class=\"elementor-widget-container\">\n\t\t\t\t\t\t\t\t\t\t\t\t\t<img decoding=\"async\" src=\"https:\/\/www.ufsm.br\/app\/uploads\/sites\/821\/2022\/04\/07-Fantastico-Brasileiro.jpg\" title=\"\" alt=\"\" loading=\"lazy\" \/>\t\t\t\t\t\t\t\t\t\t\t\t\t<\/div>\n\t\t\t\t<\/div>\n\t\t\t\t<div class=\"elementor-element elementor-element-0a3bd02 elementor-widget elementor-widget-spacer\" data-id=\"0a3bd02\" data-element_type=\"widget\" data-widget_type=\"spacer.default\">\n\t\t\t\t<div class=\"elementor-widget-container\">\n\t\t\t\t\t<div class=\"elementor-spacer\">\n\t\t\t<div class=\"elementor-spacer-inner\"><\/div>\n\t\t<\/div>\n\t\t\t\t<\/div>\n\t\t\t\t<\/div>\n\t\t\t\t\t<\/div>\n\t\t<\/div>\n\t\t\t\t\t<\/div>\n\t\t<\/section>\n\t\t\t\t<section class=\"elementor-section elementor-top-section elementor-element elementor-element-5944140 elementor-section-boxed elementor-section-height-default elementor-section-height-default\" data-id=\"5944140\" data-element_type=\"section\">\n\t\t\t\t\t\t<div class=\"elementor-container elementor-column-gap-default\">\n\t\t\t\t\t<div class=\"elementor-column elementor-col-100 elementor-top-column elementor-element elementor-element-dff07de\" data-id=\"dff07de\" data-element_type=\"column\">\n\t\t\t<div class=\"elementor-widget-wrap elementor-element-populated\">\n\t\t\t\t\t\t<div class=\"elementor-element elementor-element-88a0c81 elementor-widget elementor-widget-text-editor\" data-id=\"88a0c81\" data-element_type=\"widget\" data-widget_type=\"text-editor.default\">\n\t\t\t\t<div class=\"elementor-widget-container\">\n\t\t\t\t\t\t\t<p><b>O que \u00e9<\/b><br>Projeto de Pesquisa e Extens\u00e3o \u201cBesti\u00e1rio Criativo: O profissional do livro &amp; o mercado de trabalho\u201d (UFSM GAP\/CAL 043826) que objetiva promover workshops, palestras, oficinas e resid\u00eancias de imers\u00e3o criativa dedicados \u00e0 produ\u00e7\u00e3o obras ficcionais de car\u00e1ter juvenil e juvenil adulto. Tal proposta compreende a presen\u00e7a de outros escritores, locais e\/ou externos a UFSM e \u00e0 cidade de Santa Maria. A visibilidade regional e nacional do projeto se d\u00e1 pelo atual trabalho do coordenador, o Professor Dr. En\u00e9ias Tavares (UFSM), devido \u00e0 s\u00e9rie de literatura fant\u00e1stica Brasiliana Steampunk (<a href=\"https:\/\/goo.gl\/pFfpYi\">https:\/\/goo.gl\/pFfpYi<\/a>) (Editora LeYa, 2014). A grande procura por sua disciplina \u201cEscrita de Fic\u00e7\u00e3o\u201d, ofertada aos cursos de Letras e Produ\u00e7\u00e3o Editorial da UFSM, evidencia o potencial deste projeto.<\/p>\n<p><strong>O que faz<\/strong><br>Oficinas, Palestras e Imers\u00f5es Criativas (de f\u00e9rias ou de final de semana) voltadas para Escrita Criativa de Literatura Fant\u00e1stica, bem como para atividades que envolvem empreendedorismo jovem, economia criativa e servi\u00e7os editoriais, atividades que j\u00e1 est\u00e3o, mesmo sem espa\u00e7o f\u00edsico definido, sendo desenvolvidos pelos integrantes do projeto em atividades que j\u00e1 alcan\u00e7aram presencialmente, em sua totalidade, mais de duas mil pessoas, entre alunos e professores da UFSM e comunidade rio-grandense.<\/p>\n<p><strong>Coordena\u00e7\u00e3o<\/strong><br>En\u00e9ias Tavares | DLCL\/CAL\/UFSM<\/p>\n<p><\/p>\n<p><strong>Vice Coordena\u00e7\u00e3o<\/strong><br>Louise Farias da Silveira | PPGL\/UFSM&nbsp;<\/p>\t\t\t\t\t\t<\/div>\n\t\t\t\t<\/div>\n\t\t\t\t\t<\/div>\n\t\t<\/div>\n\t\t\t\t\t<\/div>\n\t\t<\/section>\n\t\t\t\t<\/div>\n\t\t","protected":false},"excerpt":{"rendered":"<p>O que \u00e9Projeto de Pesquisa e Extens\u00e3o \u201cBesti\u00e1rio Criativo: O profissional do livro &amp; o mercado de trabalho\u201d (UFSM GAP\/CAL 043826) que objetiva promover workshops, palestras, oficinas e resid\u00eancias de imers\u00e3o criativa dedicados \u00e0 produ\u00e7\u00e3o obras ficcionais de car\u00e1ter juvenil e juvenil adulto. Tal proposta compreende a presen\u00e7a de outros escritores, locais e\/ou externos a [&hellip;]<\/p>\n","protected":false},"author":8855,"featured_media":0,"parent":0,"menu_order":0,"comment_status":"closed","ping_status":"closed","template":"","meta":{"footnotes":""},"categories":[],"tags":[],"class_list":["post-1137","page","type-page","status-publish","hentry"],"acf":[],"_links":{"self":[{"href":"https:\/\/www.ufsm.br\/pro-reitorias\/pre\/silveira-martins\/wp-json\/wp\/v2\/pages\/1137","targetHints":{"allow":["GET"]}}],"collection":[{"href":"https:\/\/www.ufsm.br\/pro-reitorias\/pre\/silveira-martins\/wp-json\/wp\/v2\/pages"}],"about":[{"href":"https:\/\/www.ufsm.br\/pro-reitorias\/pre\/silveira-martins\/wp-json\/wp\/v2\/types\/page"}],"author":[{"embeddable":true,"href":"https:\/\/www.ufsm.br\/pro-reitorias\/pre\/silveira-martins\/wp-json\/wp\/v2\/users\/8855"}],"replies":[{"embeddable":true,"href":"https:\/\/www.ufsm.br\/pro-reitorias\/pre\/silveira-martins\/wp-json\/wp\/v2\/comments?post=1137"}],"version-history":[{"count":0,"href":"https:\/\/www.ufsm.br\/pro-reitorias\/pre\/silveira-martins\/wp-json\/wp\/v2\/pages\/1137\/revisions"}],"wp:attachment":[{"href":"https:\/\/www.ufsm.br\/pro-reitorias\/pre\/silveira-martins\/wp-json\/wp\/v2\/media?parent=1137"}],"wp:term":[{"taxonomy":"category","embeddable":true,"href":"https:\/\/www.ufsm.br\/pro-reitorias\/pre\/silveira-martins\/wp-json\/wp\/v2\/categories?post=1137"},{"taxonomy":"post_tag","embeddable":true,"href":"https:\/\/www.ufsm.br\/pro-reitorias\/pre\/silveira-martins\/wp-json\/wp\/v2\/tags?post=1137"}],"curies":[{"name":"wp","href":"https:\/\/api.w.org\/{rel}","templated":true}]}}

FANTÁSTICO BRASILEIRO

<div data-elementor-type="wp-page" data-elementor-id="1137" class="elementor elementor-1137">
						<section class="elementor-section elementor-top-section elementor-element elementor-element-b4b06f3 elementor-section-boxed elementor-section-height-default elementor-section-height-default" data-id="b4b06f3" data-element_type="section">
						<div class="elementor-container elementor-column-gap-default">
					<div class="elementor-column elementor-col-100 elementor-top-column elementor-element elementor-element-507a917" data-id="507a917" data-element_type="column">
			<div class="elementor-widget-wrap elementor-element-populated">
						<div class="elementor-element elementor-element-bc1c06b elementor-widget elementor-widget-spacer" data-id="bc1c06b" data-element_type="widget" data-widget_type="spacer.default">
				<div class="elementor-widget-container">
					<div class="elementor-spacer">
			<div class="elementor-spacer-inner"></div>
		</div>
				</div>
				</div>
				<div class="elementor-element elementor-element-8400104 elementor-widget elementor-widget-image" data-id="8400104" data-element_type="widget" data-widget_type="image.default">
				<div class="elementor-widget-container">
													<img fetchpriority="high" decoding="async" width="450" height="450" src="https://www.ufsm.br/app/uploads/sites/821/2022/11/exposicao-fantastico-brasileiro-450x450-1.jpg" class="attachment-medium_large size-medium_large wp-image-1852" alt="" srcset="https://www.ufsm.br/app/uploads/sites/821/2022/11/exposicao-fantastico-brasileiro-450x450-1.jpg 450w, https://www.ufsm.br/app/uploads/sites/821/2022/11/exposicao-fantastico-brasileiro-450x450-1-300x300.jpg 300w, https://www.ufsm.br/app/uploads/sites/821/2022/11/exposicao-fantastico-brasileiro-450x450-1-150x150.jpg 150w" sizes="(max-width: 450px) 100vw, 450px" />													</div>
				</div>
					</div>
		</div>
					</div>
		</section>
				<section class="elementor-section elementor-top-section elementor-element elementor-element-0134b38 elementor-section-boxed elementor-section-height-default elementor-section-height-default" data-id="0134b38" data-element_type="section">
						<div class="elementor-container elementor-column-gap-default">
					<div class="elementor-column elementor-col-100 elementor-top-column elementor-element elementor-element-199dd4d" data-id="199dd4d" data-element_type="column">
			<div class="elementor-widget-wrap elementor-element-populated">
						<div class="elementor-element elementor-element-9bad6a8 elementor-widget elementor-widget-image" data-id="9bad6a8" data-element_type="widget" data-widget_type="image.default">
				<div class="elementor-widget-container">
													<img decoding="async" src="https://www.ufsm.br/app/uploads/sites/821/2022/04/07-Fantastico-Brasileiro.jpg" title="" alt="" loading="lazy" />													</div>
				</div>
				<div class="elementor-element elementor-element-0a3bd02 elementor-widget elementor-widget-spacer" data-id="0a3bd02" data-element_type="widget" data-widget_type="spacer.default">
				<div class="elementor-widget-container">
					<div class="elementor-spacer">
			<div class="elementor-spacer-inner"></div>
		</div>
				</div>
				</div>
					</div>
		</div>
					</div>
		</section>
				<section class="elementor-section elementor-top-section elementor-element elementor-element-5944140 elementor-section-boxed elementor-section-height-default elementor-section-height-default" data-id="5944140" data-element_type="section">
						<div class="elementor-container elementor-column-gap-default">
					<div class="elementor-column elementor-col-100 elementor-top-column elementor-element elementor-element-dff07de" data-id="dff07de" data-element_type="column">
			<div class="elementor-widget-wrap elementor-element-populated">
						<div class="elementor-element elementor-element-88a0c81 elementor-widget elementor-widget-text-editor" data-id="88a0c81" data-element_type="widget" data-widget_type="text-editor.default">
				<div class="elementor-widget-container">
							<p><b>O que é</b><br>Projeto de Pesquisa e Extensão “Bestiário Criativo: O profissional do livro &amp; o mercado de trabalho” (UFSM GAP/CAL 043826) que objetiva promover workshops, palestras, oficinas e residências de imersão criativa dedicados à produção obras ficcionais de caráter juvenil e juvenil adulto. Tal proposta compreende a presença de outros escritores, locais e/ou externos a UFSM e à cidade de Santa Maria. A visibilidade regional e nacional do projeto se dá pelo atual trabalho do coordenador, o Professor Dr. Enéias Tavares (UFSM), devido à série de literatura fantástica Brasiliana Steampunk (<a href="https://goo.gl/pFfpYi">https://goo.gl/pFfpYi</a>) (Editora LeYa, 2014). A grande procura por sua disciplina “Escrita de Ficção”, ofertada aos cursos de Letras e Produção Editorial da UFSM, evidencia o potencial deste projeto.</p>
<p><strong>O que faz</strong><br>Oficinas, Palestras e Imersões Criativas (de férias ou de final de semana) voltadas para Escrita Criativa de Literatura Fantástica, bem como para atividades que envolvem empreendedorismo jovem, economia criativa e serviços editoriais, atividades que já estão, mesmo sem espaço físico definido, sendo desenvolvidos pelos integrantes do projeto em atividades que já alcançaram presencialmente, em sua totalidade, mais de duas mil pessoas, entre alunos e professores da UFSM e comunidade rio-grandense.</p>
<p><strong>Coordenação</strong><br>Enéias Tavares | DLCL/CAL/UFSM</p>
<p></p>
<p><strong>Vice Coordenação</strong><br>Louise Farias da Silveira | PPGL/UFSM&nbsp;</p>						</div>
				</div>
					</div>
		</div>
					</div>
		</section>
				</div>

<p>O que éProjeto de Pesquisa e Extensão “Bestiário Criativo: O profissional do livro &amp; o mercado de trabalho” (UFSM GAP/CAL 043826) que objetiva promover workshops, palestras, oficinas e residências de imersão criativa dedicados à produção obras ficcionais de caráter juvenil e juvenil adulto. Tal proposta compreende a presença de outros escritores, locais e/ou externos a [&hellip;]</p>
