{"id":11925,"date":"2025-04-22T14:59:50","date_gmt":"2025-04-22T17:59:50","guid":{"rendered":"https:\/\/www.ufsm.br\/pro-reitorias\/pre\/?post_type=eventos&#038;p=11925"},"modified":"2025-04-22T14:59:52","modified_gmt":"2025-04-22T17:59:52","slug":"vc-piquenique-coelho","status":"publish","type":"eventos","link":"https:\/\/www.ufsm.br\/pro-reitorias\/pre\/eventos\/vc-piquenique-coelho","parent":0,"template":"","tags":[],"class_list":["post-11925","eventos","type-eventos","status-publish","has-post-thumbnail","hentry"],"acf":{"evento_nome":"Viva o Campus: Piquenique com o Coelho","evento_inicio":"27\/04\/2025 15:00","evento_termino":"27\/04\/2025 18:00","evento_banner":{"ID":11908,"id":11908,"title":"Viva o Campus P\u00e1scoa (1200 x 444 px)","filename":"Viva-o-Campus-Pascoa-1200-x-444-px.jpg","filesize":51089,"url":"https:\/\/www.ufsm.br\/app\/uploads\/sites\/346\/2025\/04\/Viva-o-Campus-Pascoa-1200-x-444-px.jpg","link":"https:\/\/www.ufsm.br\/pro-reitorias\/pre\/2025\/04\/22\/viva-o-campus-convida-para-um-domingo-especial-com-piquenique-e-coelhinhos-na-ufsm\/viva-o-campus-pascoa-1200-x-444-px","alt":"","author":"1452","description":"","caption":"","name":"viva-o-campus-pascoa-1200-x-444-px","status":"inherit","uploaded_to":11907,"date":"2025-04-22 16:32:02","modified":"2025-04-22 16:32:02","menu_order":0,"mime_type":"image\/jpeg","type":"image","subtype":"jpeg","icon":"https:\/\/www.ufsm.br\/pro-reitorias\/pre\/wp-includes\/images\/media\/default.png","width":1200,"height":444,"sizes":{"thumbnail":"https:\/\/www.ufsm.br\/app\/uploads\/sites\/346\/2025\/04\/Viva-o-Campus-Pascoa-1200-x-444-px-150x150.jpg","thumbnail-width":150,"thumbnail-height":150,"medium":"https:\/\/www.ufsm.br\/app\/uploads\/sites\/346\/2025\/04\/Viva-o-Campus-Pascoa-1200-x-444-px-300x111.jpg","medium-width":300,"medium-height":111,"medium_large":"https:\/\/www.ufsm.br\/app\/uploads\/sites\/346\/2025\/04\/Viva-o-Campus-Pascoa-1200-x-444-px-768x284.jpg","medium_large-width":768,"medium_large-height":284,"large":"https:\/\/www.ufsm.br\/app\/uploads\/sites\/346\/2025\/04\/Viva-o-Campus-Pascoa-1200-x-444-px-1024x379.jpg","large-width":1024,"large-height":379,"1536x1536":"https:\/\/www.ufsm.br\/app\/uploads\/sites\/346\/2025\/04\/Viva-o-Campus-Pascoa-1200-x-444-px.jpg","1536x1536-width":1200,"1536x1536-height":444,"2048x2048":"https:\/\/www.ufsm.br\/app\/uploads\/sites\/346\/2025\/04\/Viva-o-Campus-Pascoa-1200-x-444-px.jpg","2048x2048-width":1200,"2048x2048-height":444,"sow-carousel-default":"https:\/\/www.ufsm.br\/app\/uploads\/sites\/346\/2025\/04\/Viva-o-Campus-Pascoa-1200-x-444-px-272x182.jpg","sow-carousel-default-width":272,"sow-carousel-default-height":182}},"endereco_url":"vc-piquenique-coelho","evento_categoria":"ART\u00cdSTICOS","evento_descricao":"<p>No pr\u00f3ximo domingo, dia 27 de abril, o campus da Universidade Federal de Santa Maria ser\u00e1 palco de mais uma edi\u00e7\u00e3o do Viva o Campus, desta vez com uma proposta encantadora: o Piquenique com o Coelho. Das 15h \u00e0s 18h, o p\u00fablico poder\u00e1 vivenciar uma tarde ao ar livre, recheada de atividades culturais, educativas e, claro, muita fofura.<\/p>\n","evento_programacao":"<p><strong>Piquenique com o Coelho<\/strong><\/p>\n<p>O projeto da LabCuni da UFSM \u201cCoelhoterapia\u201d vai realizar uma atividade com a presen\u00e7a de coelhinhos de verdade para o pessoal ter a oportunidade de tocar, alimentar e fazer um piquenique na companhia desses animaizinhos.<\/p>\n<p>Hora: 15h \u00e0s 18h<\/p>\n<p>Local: Lateral do Planet\u00e1rio (gramado do rel\u00f3gio solar)<\/p>\n<p>&nbsp;<\/p>\n<p><strong>3\u00aa edi\u00e7\u00e3o do Pedal Escoteiro<\/strong><\/p>\n<p>Atividade que vai oferecer circuitos de bicicleta, bate-papo sobre escotismo, sobre o uso da bicicleta como meio de transporte sustent\u00e1vel e promover a educa\u00e7\u00e3o para o tr\u00e2nsito.<\/p>\n<p>Hora: 15h \u00e0s 18h<br \/>\nLocal: Ponto de encontro Bosque em frente \u00e0 Reitoria<\/p>\n<p><strong>Jardim Bot\u00e2nico<\/strong><br \/>\n15h \u00e0s 18h<\/p>\n<p>Visita livre ao telhado verde<\/p>\n<p>Visita livre ao jardim sensorial<\/p>\n<p>Exposi\u00e7\u00e3o de animais taxidermizados<\/p>\n<p>&nbsp;<\/p>\n<p><strong>Acervo Art\u00edstico<\/strong><br \/>\nAberto das 16h \u00e0s 18h<br \/>\nCaverna \u2013 Espa\u00e7o Imersivo<\/p>\n<p><strong>Mostra Morfo<\/strong><br \/>\nExposi\u00e7\u00e3o da Morfologia<\/p>\n<p>15h \u00e0s 18h Pr\u00e9dio 19<\/p>\n<p>&nbsp;<\/p>\n<p><strong>Projeto Hangar Aeroespacial<\/strong><\/p>\n<p>15h \u00e0s 18h<\/p>\n<p>\u2013 Apresenta\u00e7\u00e3o do AMX e motores<br \/>\n\u2013 T\u00fanel de vento<br \/>\n\u2013 Simulador de Voo<br \/>\n\u2013 15h30 \u2013 Oficina de Minifoguetes<br \/>\nLocal: Pr\u00e9dio H (Em frente ao INRI e do lado do GPMOT, final da rua do INPE)<\/p>\n<p><strong>Projeto Arte Al\u00e9m do Of\u00edcio<\/strong><\/p>\n<p>15h \u00e0s 18h<\/p>\n<p>Largo do Planet\u00e1rio Presen\u00e7a da Polifeira do Agricultor<br \/>\nLocal: Largo do Planet\u00e1rio<\/p>\n","evento_inscricao":null,"evento_local":"Largo do Planet\u00e1rio UFSM","evento_contato":"<p>Coordenadoria de Cultura e Arte (PRE)<\/p>\n<p>cultura.pre@ufsm.br | 55 3220 8529 | 55\u00a09 9155 8263<\/p>\n"},"_links":{"self":[{"href":"https:\/\/www.ufsm.br\/pro-reitorias\/pre\/wp-json\/wp\/v2\/eventos\/11925","targetHints":{"allow":["GET"]}}],"collection":[{"href":"https:\/\/www.ufsm.br\/pro-reitorias\/pre\/wp-json\/wp\/v2\/eventos"}],"about":[{"href":"https:\/\/www.ufsm.br\/pro-reitorias\/pre\/wp-json\/wp\/v2\/types\/eventos"}],"wp:featuredmedia":[{"embeddable":true,"href":"https:\/\/www.ufsm.br\/pro-reitorias\/pre\/wp-json\/wp\/v2\/media\/11908"}],"wp:attachment":[{"href":"https:\/\/www.ufsm.br\/pro-reitorias\/pre\/wp-json\/wp\/v2\/media?parent=11925"}],"wp:term":[{"taxonomy":"post_tag","embeddable":true,"href":"https:\/\/www.ufsm.br\/pro-reitorias\/pre\/wp-json\/wp\/v2\/tags?post=11925"}],"curies":[{"name":"wp","href":"https:\/\/api.w.org\/{rel}","templated":true}]}}

Viva o Campus Páscoa (1200 x 444 px)

ARTÍSTICOS

<p>No próximo domingo, dia 27 de abril, o campus da Universidade Federal de Santa Maria será palco de mais uma edição do Viva o Campus, desta vez com uma proposta encantadora: o Piquenique com o Coelho. Das 15h às 18h, o público poderá vivenciar uma tarde ao ar livre, recheada de atividades culturais, educativas e, claro, muita fofura.</p>

<p><strong>Piquenique com o Coelho</strong></p>
<p>O projeto da LabCuni da UFSM “Coelhoterapia” vai realizar uma atividade com a presença de coelhinhos de verdade para o pessoal ter a oportunidade de tocar, alimentar e fazer um piquenique na companhia desses animaizinhos.</p>
<p>Hora: 15h às 18h</p>
<p>Local: Lateral do Planetário (gramado do relógio solar)</p>
<p>&nbsp;</p>
<p><strong>3ª edição do Pedal Escoteiro</strong></p>
<p>Atividade que vai oferecer circuitos de bicicleta, bate-papo sobre escotismo, sobre o uso da bicicleta como meio de transporte sustentável e promover a educação para o trânsito.</p>
<p>Hora: 15h às 18h<br />
Local: Ponto de encontro Bosque em frente à Reitoria</p>
<p><strong>Jardim Botânico</strong><br />
15h às 18h</p>
<p>Visita livre ao telhado verde</p>
<p>Visita livre ao jardim sensorial</p>
<p>Exposição de animais taxidermizados</p>
<p>&nbsp;</p>
<p><strong>Acervo Artístico</strong><br />
Aberto das 16h às 18h<br />
Caverna – Espaço Imersivo</p>
<p><strong>Mostra Morfo</strong><br />
Exposição da Morfologia</p>
<p>15h às 18h Prédio 19</p>
<p>&nbsp;</p>
<p><strong>Projeto Hangar Aeroespacial</strong></p>
<p>15h às 18h</p>
<p>– Apresentação do AMX e motores<br />
– Túnel de vento<br />
– Simulador de Voo<br />
– 15h30 – Oficina de Minifoguetes<br />
Local: Prédio H (Em frente ao INRI e do lado do GPMOT, final da rua do INPE)</p>
<p><strong>Projeto Arte Além do Ofício</strong></p>
<p>15h às 18h</p>
<p>Largo do Planetário Presença da Polifeira do Agricultor<br />
Local: Largo do Planetário</p>

Largo do Planetário UFSM
