{"id":12617,"date":"2025-05-14T14:05:43","date_gmt":"2025-05-14T17:05:43","guid":{"rendered":"https:\/\/www.ufsm.br\/pro-reitorias\/pre\/?post_type=eventos&#038;p=12617"},"modified":"2025-05-14T14:05:45","modified_gmt":"2025-05-14T17:05:45","slug":"cinedebate-documentario-dahomey","status":"publish","type":"eventos","link":"https:\/\/www.ufsm.br\/pro-reitorias\/pre\/eventos\/cinedebate-documentario-dahomey","parent":0,"template":"","tags":[],"class_list":["post-12617","eventos","type-eventos","status-publish","has-post-thumbnail","hentry"],"acf":{"evento_nome":"Cinedebate: document\u00e1rio Dahomey","evento_inicio":"15\/05\/2025 10:00","evento_termino":"15\/05\/2025 12:00","evento_banner":{"ID":12618,"id":12618,"title":"Evento_Lasca","filename":"Evento_Lasca.jpg","filesize":69165,"url":"https:\/\/www.ufsm.br\/app\/uploads\/sites\/346\/2025\/05\/Evento_Lasca.jpg","link":"https:\/\/www.ufsm.br\/pro-reitorias\/pre\/eventos\/cinedebate-documentario-dahomey\/evento_lasca","alt":"","author":"1452","description":"","caption":"","name":"evento_lasca","status":"inherit","uploaded_to":12617,"date":"2025-05-14 17:03:45","modified":"2025-05-14 17:03:51","menu_order":0,"mime_type":"image\/jpeg","type":"image","subtype":"jpeg","icon":"https:\/\/www.ufsm.br\/pro-reitorias\/pre\/wp-includes\/images\/media\/default.png","width":1500,"height":400,"sizes":{"thumbnail":"https:\/\/www.ufsm.br\/app\/uploads\/sites\/346\/2025\/05\/Evento_Lasca-150x150.jpg","thumbnail-width":150,"thumbnail-height":150,"medium":"https:\/\/www.ufsm.br\/app\/uploads\/sites\/346\/2025\/05\/Evento_Lasca-300x80.jpg","medium-width":300,"medium-height":80,"medium_large":"https:\/\/www.ufsm.br\/app\/uploads\/sites\/346\/2025\/05\/Evento_Lasca-768x205.jpg","medium_large-width":768,"medium_large-height":205,"large":"https:\/\/www.ufsm.br\/app\/uploads\/sites\/346\/2025\/05\/Evento_Lasca-1024x273.jpg","large-width":1024,"large-height":273,"1536x1536":"https:\/\/www.ufsm.br\/app\/uploads\/sites\/346\/2025\/05\/Evento_Lasca.jpg","1536x1536-width":1500,"1536x1536-height":400,"2048x2048":"https:\/\/www.ufsm.br\/app\/uploads\/sites\/346\/2025\/05\/Evento_Lasca.jpg","2048x2048-width":1500,"2048x2048-height":400,"sow-carousel-default":"https:\/\/www.ufsm.br\/app\/uploads\/sites\/346\/2025\/05\/Evento_Lasca-272x182.jpg","sow-carousel-default-width":272,"sow-carousel-default-height":182}},"endereco_url":"cinedebate-documentario-dahomey","evento_categoria":"ART\u00cdSTICOS","evento_descricao":"<p>Em comemora\u00e7\u00e3o a Semana dos Museus, que ocorre entre os dias 12 e 18 de maio, o LASCA\/UFSM realiza a exibi\u00e7\u00e3o do document\u00e1rio DAHOMEY e convida a comunidade santamariense a participar das reflex\u00f5es sobre hist\u00f3ria, patrim\u00f4nio e descoloniza\u00e7\u00e3o.\u00a0Como convidado, o prof. Dr. S\u00e9rgio Klamt do Centro de Ensino e Pesquisas Arqueol\u00f3gicas da UNISC\u00a0se juntar\u00e1 ao Coordenador do LASCA, Prof. Dr. Andr\u00e9 Soares, para debater alguns aspectos da obra.<\/p>\n","evento_programacao":"<p>10h- exibi\u00e7\u00e3o do document\u00e1rio<br \/>\n11h10- debate<\/p>\n","evento_inscricao":null,"evento_local":"Audit\u00f3rio CCSH pr\u00e9dio 74C","evento_contato":"<p><a href=\"http:\/\/lasca.ufsm.br\/\" target=\"_blank\" rel=\"noopener\" data-saferedirecturl=\"https:\/\/www.google.com\/url?q=http:\/\/lasca.ufsm.br&amp;source=gmail&amp;ust=1747328337957000&amp;usg=AOvVaw0RSdyXFL0Vjy1Zr_Q18Qeg\">lasca.ufsm.br<\/a><\/p>\n"},"_links":{"self":[{"href":"https:\/\/www.ufsm.br\/pro-reitorias\/pre\/wp-json\/wp\/v2\/eventos\/12617","targetHints":{"allow":["GET"]}}],"collection":[{"href":"https:\/\/www.ufsm.br\/pro-reitorias\/pre\/wp-json\/wp\/v2\/eventos"}],"about":[{"href":"https:\/\/www.ufsm.br\/pro-reitorias\/pre\/wp-json\/wp\/v2\/types\/eventos"}],"wp:featuredmedia":[{"embeddable":true,"href":"https:\/\/www.ufsm.br\/pro-reitorias\/pre\/wp-json\/wp\/v2\/media\/12618"}],"wp:attachment":[{"href":"https:\/\/www.ufsm.br\/pro-reitorias\/pre\/wp-json\/wp\/v2\/media?parent=12617"}],"wp:term":[{"taxonomy":"post_tag","embeddable":true,"href":"https:\/\/www.ufsm.br\/pro-reitorias\/pre\/wp-json\/wp\/v2\/tags?post=12617"}],"curies":[{"name":"wp","href":"https:\/\/api.w.org\/{rel}","templated":true}]}}

Cinedebate: documentário Dahomey

ARTÍSTICOS

<p>Em comemoração a Semana dos Museus, que ocorre entre os dias 12 e 18 de maio, o LASCA/UFSM realiza a exibição do documentário DAHOMEY e convida a comunidade santamariense a participar das reflexões sobre história, patrimônio e descolonização. Como convidado, o prof. Dr. Sérgio Klamt do Centro de Ensino e Pesquisas Arqueológicas da UNISC se juntará ao Coordenador do LASCA, Prof. Dr. André Soares, para debater alguns aspectos da obra.</p>

<p>10h- exibição do documentário<br />
11h10- debate</p>

Auditório CCSH prédio 74C
