{"id":13022,"date":"2025-07-07T11:18:02","date_gmt":"2025-07-07T14:18:02","guid":{"rendered":"https:\/\/www.ufsm.br\/pro-reitorias\/pre\/?post_type=eventos&#038;p=13022"},"modified":"2025-07-07T11:18:03","modified_gmt":"2025-07-07T14:18:03","slug":"salao-impossivel","status":"publish","type":"eventos","link":"https:\/\/www.ufsm.br\/pro-reitorias\/pre\/eventos\/salao-impossivel","parent":0,"template":"","tags":[],"class_list":["post-13022","eventos","type-eventos","status-publish","has-post-thumbnail","hentry"],"acf":{"evento_nome":"Sal\u00e3o Imposs\u00edvel","evento_inicio":"01\/07\/2025 00:00","evento_termino":"15\/08\/2025 00:00","evento_banner":{"ID":13023,"id":13023,"title":"BANNER SALAO IMPOSSIVEL","filename":"BANNER-SALAO-IMPOSSIVEL.jpg","filesize":98263,"url":"https:\/\/www.ufsm.br\/app\/uploads\/sites\/346\/2025\/07\/BANNER-SALAO-IMPOSSIVEL.jpg","link":"https:\/\/www.ufsm.br\/pro-reitorias\/pre\/eventos\/salao-impossivel\/banner-salao-impossivel","alt":"","author":"7238","description":"","caption":"","name":"banner-salao-impossivel","status":"inherit","uploaded_to":13022,"date":"2025-07-07 13:42:13","modified":"2025-07-07 13:42:13","menu_order":0,"mime_type":"image\/jpeg","type":"image","subtype":"jpeg","icon":"https:\/\/www.ufsm.br\/pro-reitorias\/pre\/wp-includes\/images\/media\/default.png","width":1200,"height":444,"sizes":{"thumbnail":"https:\/\/www.ufsm.br\/app\/uploads\/sites\/346\/2025\/07\/BANNER-SALAO-IMPOSSIVEL-150x150.jpg","thumbnail-width":150,"thumbnail-height":150,"medium":"https:\/\/www.ufsm.br\/app\/uploads\/sites\/346\/2025\/07\/BANNER-SALAO-IMPOSSIVEL-300x111.jpg","medium-width":300,"medium-height":111,"medium_large":"https:\/\/www.ufsm.br\/app\/uploads\/sites\/346\/2025\/07\/BANNER-SALAO-IMPOSSIVEL-768x284.jpg","medium_large-width":768,"medium_large-height":284,"large":"https:\/\/www.ufsm.br\/app\/uploads\/sites\/346\/2025\/07\/BANNER-SALAO-IMPOSSIVEL-1024x379.jpg","large-width":1024,"large-height":379,"1536x1536":"https:\/\/www.ufsm.br\/app\/uploads\/sites\/346\/2025\/07\/BANNER-SALAO-IMPOSSIVEL.jpg","1536x1536-width":1200,"1536x1536-height":444,"2048x2048":"https:\/\/www.ufsm.br\/app\/uploads\/sites\/346\/2025\/07\/BANNER-SALAO-IMPOSSIVEL.jpg","2048x2048-width":1200,"2048x2048-height":444,"sow-carousel-default":"https:\/\/www.ufsm.br\/app\/uploads\/sites\/346\/2025\/07\/BANNER-SALAO-IMPOSSIVEL-272x182.jpg","sow-carousel-default-width":272,"sow-carousel-default-height":182}},"endereco_url":"salao-impossivel","evento_categoria":"ART\u00cdSTICOS","evento_descricao":"<p>A exposi\u00e7\u00e3o coletiva, realizada a partir de uma chamada p\u00fablica nacional, prop\u00f4s as seguintes quest\u00f5es:<br \/>\nQuais obras foram consideradas provocativas demais, subversivas demais, profanas demais, para serem aceitas como \u201carte\u201d nos Sal\u00f5es de Belas Artes modernos? Quais obras foram, portanto, imposs\u00edveis demais para representarem os valores art\u00edsticos de Sal\u00f5es de Arte no Brasil? Quais perguntas podemos fazer sobre estes limites?<\/p>\n","evento_programacao":null,"evento_inscricao":null,"evento_local":"Acervo Art\u00edstico UFSM","evento_contato":"<p>Instagram @acervoartisticoufsm<\/p>\n"},"_links":{"self":[{"href":"https:\/\/www.ufsm.br\/pro-reitorias\/pre\/wp-json\/wp\/v2\/eventos\/13022","targetHints":{"allow":["GET"]}}],"collection":[{"href":"https:\/\/www.ufsm.br\/pro-reitorias\/pre\/wp-json\/wp\/v2\/eventos"}],"about":[{"href":"https:\/\/www.ufsm.br\/pro-reitorias\/pre\/wp-json\/wp\/v2\/types\/eventos"}],"wp:featuredmedia":[{"embeddable":true,"href":"https:\/\/www.ufsm.br\/pro-reitorias\/pre\/wp-json\/wp\/v2\/media\/13023"}],"wp:attachment":[{"href":"https:\/\/www.ufsm.br\/pro-reitorias\/pre\/wp-json\/wp\/v2\/media?parent=13022"}],"wp:term":[{"taxonomy":"post_tag","embeddable":true,"href":"https:\/\/www.ufsm.br\/pro-reitorias\/pre\/wp-json\/wp\/v2\/tags?post=13022"}],"curies":[{"name":"wp","href":"https:\/\/api.w.org\/{rel}","templated":true}]}}

Salão Impossível

ARTÍSTICOS

<p>A exposição coletiva, realizada a partir de uma chamada pública nacional, propôs as seguintes questões:<br />
Quais obras foram consideradas provocativas demais, subversivas demais, profanas demais, para serem aceitas como “arte” nos Salões de Belas Artes modernos? Quais obras foram, portanto, impossíveis demais para representarem os valores artísticos de Salões de Arte no Brasil? Quais perguntas podemos fazer sobre estes limites?</p>

Acervo Artístico UFSM
