{"id":13273,"date":"2025-08-07T16:32:53","date_gmt":"2025-08-07T19:32:53","guid":{"rendered":"https:\/\/www.ufsm.br\/pro-reitorias\/pre\/?post_type=eventos&#038;p=13273"},"modified":"2025-08-22T13:44:46","modified_gmt":"2025-08-22T16:44:46","slug":"viii-forum-de-direitos-humanos-da-ufsm","status":"publish","type":"eventos","link":"https:\/\/www.ufsm.br\/pro-reitorias\/pre\/eventos\/viii-forum-de-direitos-humanos-da-ufsm","parent":0,"template":"","tags":[],"class_list":["post-13273","eventos","type-eventos","status-publish","has-post-thumbnail","hentry"],"acf":{"evento_nome":"VIII F\u00f3rum de Direitos Humanos da UFSM","evento_inicio":"23\/08\/2025 14:00","evento_termino":"23\/08\/2025 17:00","evento_banner":{"ID":13276,"id":13276,"title":"banner site eventos","filename":"banner-site-eventos.jpg","filesize":77556,"url":"https:\/\/www.ufsm.br\/app\/uploads\/sites\/346\/2025\/08\/banner-site-eventos.jpg","link":"https:\/\/www.ufsm.br\/pro-reitorias\/pre\/eventos\/viii-forum-de-direitos-humanos-da-ufsm\/banner-site-eventos","alt":"","author":"8609","description":"","caption":"","name":"banner-site-eventos","status":"inherit","uploaded_to":13273,"date":"2025-08-07 19:32:04","modified":"2025-08-07 19:32:04","menu_order":0,"mime_type":"image\/jpeg","type":"image","subtype":"jpeg","icon":"https:\/\/www.ufsm.br\/pro-reitorias\/pre\/wp-includes\/images\/media\/default.png","width":1200,"height":444,"sizes":{"thumbnail":"https:\/\/www.ufsm.br\/app\/uploads\/sites\/346\/2025\/08\/banner-site-eventos-150x150.jpg","thumbnail-width":150,"thumbnail-height":150,"medium":"https:\/\/www.ufsm.br\/app\/uploads\/sites\/346\/2025\/08\/banner-site-eventos-300x111.jpg","medium-width":300,"medium-height":111,"medium_large":"https:\/\/www.ufsm.br\/app\/uploads\/sites\/346\/2025\/08\/banner-site-eventos-768x284.jpg","medium_large-width":768,"medium_large-height":284,"large":"https:\/\/www.ufsm.br\/app\/uploads\/sites\/346\/2025\/08\/banner-site-eventos-1024x379.jpg","large-width":1024,"large-height":379,"1536x1536":"https:\/\/www.ufsm.br\/app\/uploads\/sites\/346\/2025\/08\/banner-site-eventos.jpg","1536x1536-width":1200,"1536x1536-height":444,"2048x2048":"https:\/\/www.ufsm.br\/app\/uploads\/sites\/346\/2025\/08\/banner-site-eventos.jpg","2048x2048-width":1200,"2048x2048-height":444,"sow-carousel-default":"https:\/\/www.ufsm.br\/app\/uploads\/sites\/346\/2025\/08\/banner-site-eventos-272x182.jpg","sow-carousel-default-width":272,"sow-carousel-default-height":182}},"endereco_url":"viii-forum-de-direitos-humanos-da-ufsm","evento_categoria":"T\u00c9CNICO-CIENT\u00cdFICOS","evento_descricao":"<p><b>VIII F\u00f3rum de Direitos Humanos da UFSM<\/b><\/p>\n<p><span style=\"font-weight: 400\">O Observat\u00f3rio de Direitos Humanos da UFSM, vinculado \u00e0 Pr\u00f3-Reitoria de Extens\u00e3o da UFSM,\u00a0 promove a <\/span><b>VIII F\u00f3rum de Direitos Humanos da UFSM<\/b><span style=\"font-weight: 400\">, que ser\u00e1 realizado no dia <\/span><b>23 de agosto de 2025<\/b><span style=\"font-weight: 400\">, das <\/span><b>14h \u00e0s 17h<\/b><span style=\"font-weight: 400\">, na <\/span><b>Antiga Reitoria da UFSM<\/b><span style=\"font-weight: 400\">. Com o tema <\/span><i><span style=\"font-weight: 400\">\u201cCelebrando Saberes Populares\u201d<\/span><\/i><span style=\"font-weight: 400\">, o evento tem como proposta promover o di\u00e1logo, a valoriza\u00e7\u00e3o e a visibilidade dos saberes populares como express\u00f5es leg\u00edtimas de conhecimento, cultura e resist\u00eancia. A programa\u00e7\u00e3o contar\u00e1 com roda de conversa, oficinas, feira popular, mostra cultural e exposi\u00e7\u00e3o das a\u00e7\u00f5es desenvolvidas pelos grupos envolvidos, fortalecendo a constru\u00e7\u00e3o coletiva dos direitos humanos por meio de pr\u00e1ticas educativas e culturais que reconhecem a diversidade, a mem\u00f3ria e a luta das comunidades tradicionais e perif\u00e9ricas. <\/span><b><i>Participe desse momento de encontro, celebra\u00e7\u00e3o e reconhecimento dos saberes que constroem e transformam o nosso territ\u00f3rio!<\/i><\/b><\/p>\n","evento_programacao":"<p data-start=\"641\" data-end=\"814\">\ud83d\udd53 <strong data-start=\"644\" data-end=\"672\">14h \u2013 Abertura do Evento<\/strong><br data-start=\"672\" data-end=\"675\" \/>\u2728 Abertura oficial com apresenta\u00e7\u00e3o art\u00edstica e a roda de conversa:<br data-start=\"742\" data-end=\"745\" \/><strong data-start=\"745\" data-end=\"814\">\u201cTerrit\u00f3rios de Saberes: Mem\u00f3ria, Resist\u00eancia e Direitos Humanos\u201d<\/strong><\/p>\n<p data-start=\"816\" data-end=\"987\">\ud83d\udd5e <strong data-start=\"819\" data-end=\"872\">15h30 \u2013 Oficinas Tem\u00e1ticas e Programa\u00e7\u00e3o Cultural<\/strong><br data-start=\"872\" data-end=\"875\" \/>\ud83c\udfa8 Oficinas oferecidas pelos Grupos Tem\u00e1ticos do ODH<br data-start=\"927\" data-end=\"930\" \/>\ud83c\udfb6 Apresenta\u00e7\u00f5es culturais e atividades na quadra coberta<\/p>\n<p data-start=\"989\" data-end=\"1174\">\ud83d\udecd <strong data-start=\"992\" data-end=\"1018\">Durante todo o evento:<\/strong><br data-start=\"1018\" data-end=\"1021\" \/>\ud83c\udf3f <strong data-start=\"1024\" data-end=\"1041\">Feira Popular<\/strong> com empreendimentos sociais, coletivos e projetos de extens\u00e3o<br data-start=\"1103\" data-end=\"1106\" \/>\ud83d\udcda <strong data-start=\"1109\" data-end=\"1143\">Exposi\u00e7\u00e3o dos Projetos e A\u00e7\u00f5es<\/strong> desenvolvidas pelos GTs do ODH<\/p>\n","evento_inscricao":null,"evento_local":"Antiga Reitoria","evento_contato":"<p>&#8211;<\/p>\n"},"_links":{"self":[{"href":"https:\/\/www.ufsm.br\/pro-reitorias\/pre\/wp-json\/wp\/v2\/eventos\/13273","targetHints":{"allow":["GET"]}}],"collection":[{"href":"https:\/\/www.ufsm.br\/pro-reitorias\/pre\/wp-json\/wp\/v2\/eventos"}],"about":[{"href":"https:\/\/www.ufsm.br\/pro-reitorias\/pre\/wp-json\/wp\/v2\/types\/eventos"}],"wp:featuredmedia":[{"embeddable":true,"href":"https:\/\/www.ufsm.br\/pro-reitorias\/pre\/wp-json\/wp\/v2\/media\/13276"}],"wp:attachment":[{"href":"https:\/\/www.ufsm.br\/pro-reitorias\/pre\/wp-json\/wp\/v2\/media?parent=13273"}],"wp:term":[{"taxonomy":"post_tag","embeddable":true,"href":"https:\/\/www.ufsm.br\/pro-reitorias\/pre\/wp-json\/wp\/v2\/tags?post=13273"}],"curies":[{"name":"wp","href":"https:\/\/api.w.org\/{rel}","templated":true}]}}

VIII Fórum de Direitos Humanos da UFSM

TÉCNICO-CIENTÍFICOS

<p><b>VIII Fórum de Direitos Humanos da UFSM</b></p>
<p><span style="font-weight: 400">O Observatório de Direitos Humanos da UFSM, vinculado à Pró-Reitoria de Extensão da UFSM,  promove a </span><b>VIII Fórum de Direitos Humanos da UFSM</b><span style="font-weight: 400">, que será realizado no dia </span><b>23 de agosto de 2025</b><span style="font-weight: 400">, das </span><b>14h às 17h</b><span style="font-weight: 400">, na </span><b>Antiga Reitoria da UFSM</b><span style="font-weight: 400">. Com o tema </span><i><span style="font-weight: 400">“Celebrando Saberes Populares”</span></i><span style="font-weight: 400">, o evento tem como proposta promover o diálogo, a valorização e a visibilidade dos saberes populares como expressões legítimas de conhecimento, cultura e resistência. A programação contará com roda de conversa, oficinas, feira popular, mostra cultural e exposição das ações desenvolvidas pelos grupos envolvidos, fortalecendo a construção coletiva dos direitos humanos por meio de práticas educativas e culturais que reconhecem a diversidade, a memória e a luta das comunidades tradicionais e periféricas. </span><b><i>Participe desse momento de encontro, celebração e reconhecimento dos saberes que constroem e transformam o nosso território!</i></b></p>

<p data-start="641" data-end="814">🕓 <strong data-start="644" data-end="672">14h – Abertura do Evento</strong><br data-start="672" data-end="675" />✨ Abertura oficial com apresentação artística e a roda de conversa:<br data-start="742" data-end="745" /><strong data-start="745" data-end="814">“Territórios de Saberes: Memória, Resistência e Direitos Humanos”</strong></p>
<p data-start="816" data-end="987">🕞 <strong data-start="819" data-end="872">15h30 – Oficinas Temáticas e Programação Cultural</strong><br data-start="872" data-end="875" />🎨 Oficinas oferecidas pelos Grupos Temáticos do ODH<br data-start="927" data-end="930" />🎶 Apresentações culturais e atividades na quadra coberta</p>
<p data-start="989" data-end="1174">🛍 <strong data-start="992" data-end="1018">Durante todo o evento:</strong><br data-start="1018" data-end="1021" />🌿 <strong data-start="1024" data-end="1041">Feira Popular</strong> com empreendimentos sociais, coletivos e projetos de extensão<br data-start="1103" data-end="1106" />📚 <strong data-start="1109" data-end="1143">Exposição dos Projetos e Ações</strong> desenvolvidas pelos GTs do ODH</p>
