{"id":5432,"date":"2021-04-14T10:58:19","date_gmt":"2021-04-14T13:58:19","guid":{"rendered":"https:\/\/www.ufsm.br\/pro-reitorias\/pre\/?post_type=eventos&#038;p=5432"},"modified":"2021-04-15T14:23:13","modified_gmt":"2021-04-15T17:23:13","slug":"mapa-2021","status":"publish","type":"eventos","link":"https:\/\/www.ufsm.br\/pro-reitorias\/pre\/eventos\/mapa-2021","parent":0,"template":"","tags":[],"class_list":["post-5432","eventos","type-eventos","status-publish","has-post-thumbnail","hentry"],"acf":{"evento_nome":"Lan\u00e7amento do Mapa da Extens\u00e3o UFSM 2021","evento_inicio":"29\/04\/2021 09:00","evento_termino":"29\/04\/2021 10:00","evento_banner":{"ID":5439,"id":5439,"title":"capa facebook (1)","filename":"capa-facebook-1.jpg","filesize":362141,"url":"https:\/\/www.ufsm.br\/app\/uploads\/sites\/346\/2021\/04\/capa-facebook-1.jpg","link":"https:\/\/www.ufsm.br\/pro-reitorias\/pre\/eventos\/mapa-2021\/capa-facebook-1","alt":"","author":"1452","description":"","caption":"","name":"capa-facebook-1","status":"inherit","uploaded_to":5432,"date":"2021-04-15 13:12:31","modified":"2021-04-15 13:12:31","menu_order":0,"mime_type":"image\/jpeg","type":"image","subtype":"jpeg","icon":"https:\/\/www.ufsm.br\/pro-reitorias\/pre\/wp-includes\/images\/media\/default.png","width":1920,"height":1080,"sizes":{"thumbnail":"https:\/\/www.ufsm.br\/app\/uploads\/sites\/346\/2021\/04\/capa-facebook-1-150x150.jpg","thumbnail-width":150,"thumbnail-height":150,"medium":"https:\/\/www.ufsm.br\/app\/uploads\/sites\/346\/2021\/04\/capa-facebook-1-300x169.jpg","medium-width":300,"medium-height":169,"medium_large":"https:\/\/www.ufsm.br\/app\/uploads\/sites\/346\/2021\/04\/capa-facebook-1-768x432.jpg","medium_large-width":768,"medium_large-height":432,"large":"https:\/\/www.ufsm.br\/app\/uploads\/sites\/346\/2021\/04\/capa-facebook-1-1024x576.jpg","large-width":1024,"large-height":576,"1536x1536":"https:\/\/www.ufsm.br\/app\/uploads\/sites\/346\/2021\/04\/capa-facebook-1-1536x864.jpg","1536x1536-width":1536,"1536x1536-height":864,"2048x2048":"https:\/\/www.ufsm.br\/app\/uploads\/sites\/346\/2021\/04\/capa-facebook-1.jpg","2048x2048-width":1920,"2048x2048-height":1080,"sow-carousel-default":"https:\/\/www.ufsm.br\/app\/uploads\/sites\/346\/2021\/04\/capa-facebook-1-272x182.jpg","sow-carousel-default-width":272,"sow-carousel-default-height":182}},"endereco_url":"mapa-2021","evento_categoria":"OFICIAIS","evento_descricao":"<p align=\"justify\"><span style=\"font-family: Times New Roman, serif\"><span style=\"font-size: medium\">Voc\u00ea sabia que a UFSM desenvolve, atualmente, mais de mil <\/span><\/span><span style=\"font-family: Times New Roman, serif\"><span style=\"font-size: medium\"><span lang=\"pt-BR\">A<\/span><\/span><\/span><span style=\"font-family: Times New Roman, serif\"><span style=\"font-size: medium\">\u00e7\u00f5es de Extens\u00e3o? E que essas <\/span><\/span><span style=\"font-family: Times New Roman, serif\"><span style=\"font-size: medium\"><span lang=\"pt-BR\">A<\/span><\/span><\/span><span style=\"font-family: Times New Roman, serif\"><span style=\"font-size: medium\">\u00e7\u00f5es est\u00e3o distribu\u00eddas em 150 cidades, 11 <\/span><\/span><span style=\"font-family: Times New Roman, serif\"><span style=\"font-size: medium\"><span lang=\"pt-BR\">e<\/span><\/span><\/span><span style=\"font-family: Times New Roman, serif\"><span style=\"font-size: medium\">stados e no Distrito Federal, al\u00e9m de pa\u00edses da Am\u00e9rica Latina e da Europa?<\/span><\/span><\/p>\n<p align=\"justify\"><a name=\"_GoBack\"><\/a> <span style=\"font-family: Times New Roman, serif\"><span style=\"font-size: medium\">Esses projetos s\u00e3o desenvolvidos em in\u00fameras \u00e1reas do conhecimento<\/span><\/span><span style=\"font-family: Times New Roman, serif\"><span style=\"font-size: medium\"><span lang=\"pt-BR\">. Seus objetivos s\u00e3o:<\/span><\/span><\/span> <span style=\"font-family: Times New Roman, serif\"><span style=\"font-size: medium\"><span lang=\"pt-BR\">a <\/span><\/span><\/span><span style=\"font-family: Times New Roman, serif\"><span style=\"font-size: medium\">promo<\/span><\/span><span style=\"font-family: Times New Roman, serif\"><span style=\"font-size: medium\"><span lang=\"pt-BR\">\u00e7\u00e3o de<\/span><\/span><\/span><span style=\"font-family: Times New Roman, serif\"><span style=\"font-size: medium\"> empregos<\/span><\/span><span style=\"font-family: Times New Roman, serif\"><span style=\"font-size: medium\"><span lang=\"pt-BR\">;<\/span><\/span><\/span> <span style=\"font-family: Times New Roman, serif\"><span style=\"font-size: medium\"><span lang=\"pt-BR\">a <\/span><\/span><\/span><span style=\"font-family: Times New Roman, serif\"><span style=\"font-size: medium\">gera\u00e7\u00e3o de renda<\/span><\/span><span style=\"font-family: Times New Roman, serif\"><span style=\"font-size: medium\"><span lang=\"pt-BR\">;<\/span><\/span><\/span> <span style=\"font-family: Times New Roman, serif\"><span style=\"font-size: medium\"><span lang=\"pt-BR\">a <\/span><\/span><\/span><span style=\"font-family: Times New Roman, serif\"><span style=\"font-size: medium\">capacita\u00e7\u00e3o t\u00e9cnica<\/span><\/span><span style=\"font-family: Times New Roman, serif\"><span style=\"font-size: medium\"><span lang=\"pt-BR\">;<\/span><\/span><\/span> <span style=\"font-family: Times New Roman, serif\"><span style=\"font-size: medium\"><span lang=\"pt-BR\">o s<\/span><\/span><\/span><span style=\"font-family: Times New Roman, serif\"><span style=\"font-size: medium\">uporte educacional<\/span><\/span><span style=\"font-family: Times New Roman, serif\"><span style=\"font-size: medium\"><span lang=\"pt-BR\">;<\/span><\/span><\/span> <span style=\"font-family: Times New Roman, serif\"><span style=\"font-size: medium\"><span lang=\"pt-BR\">o <\/span><\/span><\/span><span style=\"font-family: Times New Roman, serif\"><span style=\"font-size: medium\">atendimento em sa\u00fade<\/span><\/span><span style=\"font-family: Times New Roman, serif\"><span style=\"font-size: medium\"><span lang=\"pt-BR\">;<\/span><\/span><\/span> <span style=\"font-family: Times New Roman, serif\"><span style=\"font-size: medium\"><span lang=\"pt-BR\">a <\/span><\/span><\/span><span style=\"font-family: Times New Roman, serif\"><span style=\"font-size: medium\">promo\u00e7\u00e3o da <\/span><\/span><span style=\"font-family: Times New Roman, serif\"><span style=\"font-size: medium\"><span lang=\"pt-BR\">C<\/span><\/span><\/span><span style=\"font-family: Times New Roman, serif\"><span style=\"font-size: medium\">ultura e dos Direitos Humanos<\/span><\/span><span style=\"font-family: Times New Roman, serif\"><span style=\"font-size: medium\"><span lang=\"pt-BR\">; e a <\/span><\/span><\/span><span style=\"font-family: Times New Roman, serif\"><span style=\"font-size: medium\">transforma\u00e7\u00e3o das comunidades<\/span><\/span><span style=\"font-family: Times New Roman, serif\"><span style=\"font-size: medium\"><span lang=\"pt-BR\">. Al\u00e9m disso, eles oferecem<\/span><\/span><\/span><span style=\"font-family: Times New Roman, serif\"><span style=\"font-size: medium\"> suporte a organiza\u00e7\u00f5es p\u00fablicas, comunit\u00e1rias e privadas&#8230; A <\/span><\/span><span style=\"font-family: Times New Roman, serif\"><span style=\"font-size: medium\"><span lang=\"pt-BR\">E<\/span><\/span><\/span><span style=\"font-family: Times New Roman, serif\"><span style=\"font-size: medium\">xtens\u00e3o UFSM est\u00e1 presente em tantas frentes<\/span><\/span><span style=\"font-family: Times New Roman, serif\"><span style=\"font-size: medium\"><span lang=\"pt-BR\">,<\/span><\/span><\/span><span style=\"font-family: Times New Roman, serif\"><span style=\"font-size: medium\"> que \u00e9 imposs\u00edvel colocar todas aqui!<\/span><\/span><\/p>\n<p align=\"justify\"><span style=\"font-family: Times New Roman, serif\"><span style=\"font-size: medium\">Ao todo, s\u00e3o cerca de 5 milh\u00f5es de pessoas impactadas &#8211; direta e indiretamente &#8211; pelas a\u00e7\u00f5es pr\u00e1ticas da UFSM na sociedade. <\/span><\/span><\/p>\n<p align=\"justify\"><span style=\"font-family: Times New Roman, serif\"><span style=\"font-size: medium\">A <\/span><\/span><span style=\"font-family: Times New Roman, serif\"><span style=\"font-size: medium\"><span lang=\"pt-BR\">E<\/span><\/span><\/span><span style=\"font-family: Times New Roman, serif\"><span style=\"font-size: medium\">xtens\u00e3o UFSM tamb\u00e9m trabalha, em n\u00edvel local, com a implementa\u00e7\u00e3o da Agenda 2030 &#8211; o protocolo de Desenvolvimento Sustent\u00e1vel da ONU, assinado por 193 pa\u00edses &#8211;<\/span><\/span><span style=\"font-family: Times New Roman, serif\"><span style=\"font-size: medium\"><span lang=\"pt-BR\">,<\/span><\/span><\/span><span style=\"font-family: Times New Roman, serif\"><span style=\"font-size: medium\"> promovendo, assim, a constru\u00e7\u00e3o de um mundo mais justo, humano, desenvolvido e sustent\u00e1vel.<\/span><\/span><\/p>\n<p>&nbsp;<\/p>\n<p align=\"justify\"><span style=\"font-family: Times New Roman, serif\"><span style=\"font-size: medium\">Para dar visibilidade a essas a\u00e7\u00f5es e destacar a atua\u00e7\u00e3o da Universidade na sociedade, a Universidade Federal de Santa Maria (UFSM) est\u00e1 lan\u00e7ando o Mapa da Extens\u00e3o UFSM 2021!<\/span><\/span><\/p>\n<p align=\"justify\"><span style=\"font-family: Times New Roman, serif\"><span style=\"font-size: medium\">A a\u00e7\u00e3o, desenvolvida desde 2019 pela PRE UFSM, neste ano<\/span><\/span><span style=\"font-family: Times New Roman, serif\"><span style=\"font-size: medium\"><span lang=\"pt-BR\">,<\/span><\/span><\/span><span style=\"font-family: Times New Roman, serif\"><span style=\"font-size: medium\"> foi pensada para ampliar a visibilidade dos trabalhos alinhados \u00e0 promo\u00e7\u00e3o da Agenda 2030 na <\/span><\/span><span style=\"font-family: Times New Roman, serif\"><span style=\"font-size: medium\"><span lang=\"pt-BR\">I<\/span><\/span><\/span><span style=\"font-family: Times New Roman, serif\"><span style=\"font-size: medium\">nstitui\u00e7\u00e3o.<\/span><\/span><\/p>\n<p align=\"justify\"><span style=\"font-family: Times New Roman, serif\"><span style=\"font-size: medium\">Voc\u00ea \u00e9 nosso convidado para acompanhar o lan\u00e7amento e conhecer mais sobre o Mapa da Extens\u00e3o UFSM 2021.<\/span><\/span><\/p>\n<p align=\"justify\"><span style=\"font-family: Times New Roman, serif\"><span style=\"font-size: medium\">Na pr\u00f3xima quinta, <\/span><\/span><span style=\"font-family: Times New Roman, serif\"><span style=\"font-size: medium\"><span lang=\"pt-BR\">dia <\/span><\/span><\/span><span style=\"font-family: Times New Roman, serif\"><span style=\"font-size: medium\">29, \u00e0s 09h, no<\/span><\/span><span style=\"font-weight: 400\">\u00a0<a href=\"https:\/\/www.youtube.com\/channel\/UCZo0Npm8Cw0mvIq8CtZnMzw\">canal da Pr\u00f3-Reitoria de Extens\u00e3o UFSM no YouTube<\/a>.<\/span><\/p>\n<p><span style=\"font-weight: 400\">\u00a0Ap\u00f3s a data, voc\u00ea poder\u00e1 acessar o mapa no site ufsm.br\/pre<\/span><\/p>\n<p>&nbsp;<\/p>\n<p><span style=\"font-weight: 400\">Mapa da Extens\u00e3o UFSM 2021: Conectando Universidade e Sociedade ao Desenvolvimento Sustent\u00e1vel.<\/span><\/p>\n","evento_programacao":null,"evento_inscricao":null,"evento_local":"Canal da Pr\u00f3-Reitoria de Extens\u00e3o no YouTube","evento_contato":"<p>Pr\u00f3-Reitoria de Extens\u00e3o UFSM | extensao@ufsm.br<\/p>\n<p>Divulga\u00e7\u00e3o e Eventos PRE | comunicacao.pre@ufsm.br<\/p>\n<p>Articula\u00e7\u00e3o e Fomento \u00e0 Extens\u00e3o | cafe.pre@ufsm.br<\/p>\n"},"_links":{"self":[{"href":"https:\/\/www.ufsm.br\/pro-reitorias\/pre\/wp-json\/wp\/v2\/eventos\/5432","targetHints":{"allow":["GET"]}}],"collection":[{"href":"https:\/\/www.ufsm.br\/pro-reitorias\/pre\/wp-json\/wp\/v2\/eventos"}],"about":[{"href":"https:\/\/www.ufsm.br\/pro-reitorias\/pre\/wp-json\/wp\/v2\/types\/eventos"}],"wp:featuredmedia":[{"embeddable":true,"href":"https:\/\/www.ufsm.br\/pro-reitorias\/pre\/wp-json\/wp\/v2\/media\/5439"}],"wp:attachment":[{"href":"https:\/\/www.ufsm.br\/pro-reitorias\/pre\/wp-json\/wp\/v2\/media?parent=5432"}],"wp:term":[{"taxonomy":"post_tag","embeddable":true,"href":"https:\/\/www.ufsm.br\/pro-reitorias\/pre\/wp-json\/wp\/v2\/tags?post=5432"}],"curies":[{"name":"wp","href":"https:\/\/api.w.org\/{rel}","templated":true}]}}

Lançamento do Mapa da Extensão UFSM 2021

<p align="justify"><span style="font-family: Times New Roman, serif"><span style="font-size: medium">Você sabia que a UFSM desenvolve, atualmente, mais de mil </span></span><span style="font-family: Times New Roman, serif"><span style="font-size: medium"><span lang="pt-BR">A</span></span></span><span style="font-family: Times New Roman, serif"><span style="font-size: medium">ções de Extensão? E que essas </span></span><span style="font-family: Times New Roman, serif"><span style="font-size: medium"><span lang="pt-BR">A</span></span></span><span style="font-family: Times New Roman, serif"><span style="font-size: medium">ções estão distribuídas em 150 cidades, 11 </span></span><span style="font-family: Times New Roman, serif"><span style="font-size: medium"><span lang="pt-BR">e</span></span></span><span style="font-family: Times New Roman, serif"><span style="font-size: medium">stados e no Distrito Federal, além de países da América Latina e da Europa?</span></span></p>
<p align="justify"><a name="_GoBack"></a> <span style="font-family: Times New Roman, serif"><span style="font-size: medium">Esses projetos são desenvolvidos em inúmeras áreas do conhecimento</span></span><span style="font-family: Times New Roman, serif"><span style="font-size: medium"><span lang="pt-BR">. Seus objetivos são:</span></span></span> <span style="font-family: Times New Roman, serif"><span style="font-size: medium"><span lang="pt-BR">a </span></span></span><span style="font-family: Times New Roman, serif"><span style="font-size: medium">promo</span></span><span style="font-family: Times New Roman, serif"><span style="font-size: medium"><span lang="pt-BR">ção de</span></span></span><span style="font-family: Times New Roman, serif"><span style="font-size: medium"> empregos</span></span><span style="font-family: Times New Roman, serif"><span style="font-size: medium"><span lang="pt-BR">;</span></span></span> <span style="font-family: Times New Roman, serif"><span style="font-size: medium"><span lang="pt-BR">a </span></span></span><span style="font-family: Times New Roman, serif"><span style="font-size: medium">geração de renda</span></span><span style="font-family: Times New Roman, serif"><span style="font-size: medium"><span lang="pt-BR">;</span></span></span> <span style="font-family: Times New Roman, serif"><span style="font-size: medium"><span lang="pt-BR">a </span></span></span><span style="font-family: Times New Roman, serif"><span style="font-size: medium">capacitação técnica</span></span><span style="font-family: Times New Roman, serif"><span style="font-size: medium"><span lang="pt-BR">;</span></span></span> <span style="font-family: Times New Roman, serif"><span style="font-size: medium"><span lang="pt-BR">o s</span></span></span><span style="font-family: Times New Roman, serif"><span style="font-size: medium">uporte educacional</span></span><span style="font-family: Times New Roman, serif"><span style="font-size: medium"><span lang="pt-BR">;</span></span></span> <span style="font-family: Times New Roman, serif"><span style="font-size: medium"><span lang="pt-BR">o </span></span></span><span style="font-family: Times New Roman, serif"><span style="font-size: medium">atendimento em saúde</span></span><span style="font-family: Times New Roman, serif"><span style="font-size: medium"><span lang="pt-BR">;</span></span></span> <span style="font-family: Times New Roman, serif"><span style="font-size: medium"><span lang="pt-BR">a </span></span></span><span style="font-family: Times New Roman, serif"><span style="font-size: medium">promoção da </span></span><span style="font-family: Times New Roman, serif"><span style="font-size: medium"><span lang="pt-BR">C</span></span></span><span style="font-family: Times New Roman, serif"><span style="font-size: medium">ultura e dos Direitos Humanos</span></span><span style="font-family: Times New Roman, serif"><span style="font-size: medium"><span lang="pt-BR">; e a </span></span></span><span style="font-family: Times New Roman, serif"><span style="font-size: medium">transformação das comunidades</span></span><span style="font-family: Times New Roman, serif"><span style="font-size: medium"><span lang="pt-BR">. Além disso, eles oferecem</span></span></span><span style="font-family: Times New Roman, serif"><span style="font-size: medium"> suporte a organizações públicas, comunitárias e privadas&#8230; A </span></span><span style="font-family: Times New Roman, serif"><span style="font-size: medium"><span lang="pt-BR">E</span></span></span><span style="font-family: Times New Roman, serif"><span style="font-size: medium">xtensão UFSM está presente em tantas frentes</span></span><span style="font-family: Times New Roman, serif"><span style="font-size: medium"><span lang="pt-BR">,</span></span></span><span style="font-family: Times New Roman, serif"><span style="font-size: medium"> que é impossível colocar todas aqui!</span></span></p>
<p align="justify"><span style="font-family: Times New Roman, serif"><span style="font-size: medium">Ao todo, são cerca de 5 milhões de pessoas impactadas &#8211; direta e indiretamente &#8211; pelas ações práticas da UFSM na sociedade. </span></span></p>
<p align="justify"><span style="font-family: Times New Roman, serif"><span style="font-size: medium">A </span></span><span style="font-family: Times New Roman, serif"><span style="font-size: medium"><span lang="pt-BR">E</span></span></span><span style="font-family: Times New Roman, serif"><span style="font-size: medium">xtensão UFSM também trabalha, em nível local, com a implementação da Agenda 2030 &#8211; o protocolo de Desenvolvimento Sustentável da ONU, assinado por 193 países &#8211;</span></span><span style="font-family: Times New Roman, serif"><span style="font-size: medium"><span lang="pt-BR">,</span></span></span><span style="font-family: Times New Roman, serif"><span style="font-size: medium"> promovendo, assim, a construção de um mundo mais justo, humano, desenvolvido e sustentável.</span></span></p>
<p>&nbsp;</p>
<p align="justify"><span style="font-family: Times New Roman, serif"><span style="font-size: medium">Para dar visibilidade a essas ações e destacar a atuação da Universidade na sociedade, a Universidade Federal de Santa Maria (UFSM) está lançando o Mapa da Extensão UFSM 2021!</span></span></p>
<p align="justify"><span style="font-family: Times New Roman, serif"><span style="font-size: medium">A ação, desenvolvida desde 2019 pela PRE UFSM, neste ano</span></span><span style="font-family: Times New Roman, serif"><span style="font-size: medium"><span lang="pt-BR">,</span></span></span><span style="font-family: Times New Roman, serif"><span style="font-size: medium"> foi pensada para ampliar a visibilidade dos trabalhos alinhados à promoção da Agenda 2030 na </span></span><span style="font-family: Times New Roman, serif"><span style="font-size: medium"><span lang="pt-BR">I</span></span></span><span style="font-family: Times New Roman, serif"><span style="font-size: medium">nstituição.</span></span></p>
<p align="justify"><span style="font-family: Times New Roman, serif"><span style="font-size: medium">Você é nosso convidado para acompanhar o lançamento e conhecer mais sobre o Mapa da Extensão UFSM 2021.</span></span></p>
<p align="justify"><span style="font-family: Times New Roman, serif"><span style="font-size: medium">Na próxima quinta, </span></span><span style="font-family: Times New Roman, serif"><span style="font-size: medium"><span lang="pt-BR">dia </span></span></span><span style="font-family: Times New Roman, serif"><span style="font-size: medium">29, às 09h, no</span></span><span style="font-weight: 400"> <a href="https://www.youtube.com/channel/UCZo0Npm8Cw0mvIq8CtZnMzw">canal da Pró-Reitoria de Extensão UFSM no YouTube</a>.</span></p>
<p><span style="font-weight: 400"> Após a data, você poderá acessar o mapa no site ufsm.br/pre</span></p>
<p>&nbsp;</p>
<p><span style="font-weight: 400">Mapa da Extensão UFSM 2021: Conectando Universidade e Sociedade ao Desenvolvimento Sustentável.</span></p>

Canal da Pró-Reitoria de Extensão no YouTube

<p>Pró-Reitoria de Extensão UFSM | extensao@ufsm.br</p>
<p>Divulgação e Eventos PRE | comunicacao.pre@ufsm.br</p>
<p>Articulação e Fomento à Extensão | cafe.pre@ufsm.br</p>
