{"id":5693,"date":"2021-06-29T10:30:17","date_gmt":"2021-06-29T13:30:17","guid":{"rendered":"https:\/\/www.ufsm.br\/pro-reitorias\/pre\/?post_type=eventos&#038;p=5693"},"modified":"2021-06-29T10:31:05","modified_gmt":"2021-06-29T13:31:05","slug":"seurs-2021","status":"publish","type":"eventos","link":"https:\/\/www.ufsm.br\/pro-reitorias\/pre\/eventos\/seurs-2021","parent":0,"template":"","tags":[],"class_list":["post-5693","eventos","type-eventos","status-publish","has-post-thumbnail","hentry"],"acf":{"evento_nome":"39\u00ba Semin\u00e1rio de Extens\u00e3o Universit\u00e1ria da Regi\u00e3o Sul","evento_inicio":"15\/09\/2021 00:00","evento_termino":"17\/09\/2021 23:59","evento_banner":{"ID":5694,"id":5694,"title":"Cabe\u00e7alho_884x230-equal","filename":"Cabecalho_884x230-equal.jpg","filesize":26579,"url":"https:\/\/www.ufsm.br\/app\/uploads\/sites\/346\/2021\/06\/Cabecalho_884x230-equal.jpg","link":"https:\/\/www.ufsm.br\/pro-reitorias\/pre\/eventos\/seurs-2021\/cabecalho_884x230-equal","alt":"","author":"1452","description":"","caption":"","name":"cabecalho_884x230-equal","status":"inherit","uploaded_to":5693,"date":"2021-06-29 13:30:00","modified":"2021-06-29 13:30:00","menu_order":0,"mime_type":"image\/jpeg","type":"image","subtype":"jpeg","icon":"https:\/\/www.ufsm.br\/pro-reitorias\/pre\/wp-includes\/images\/media\/default.png","width":884,"height":230,"sizes":{"thumbnail":"https:\/\/www.ufsm.br\/app\/uploads\/sites\/346\/2021\/06\/Cabecalho_884x230-equal-150x150.jpg","thumbnail-width":150,"thumbnail-height":150,"medium":"https:\/\/www.ufsm.br\/app\/uploads\/sites\/346\/2021\/06\/Cabecalho_884x230-equal-300x78.jpg","medium-width":300,"medium-height":78,"medium_large":"https:\/\/www.ufsm.br\/app\/uploads\/sites\/346\/2021\/06\/Cabecalho_884x230-equal-768x200.jpg","medium_large-width":768,"medium_large-height":200,"large":"https:\/\/www.ufsm.br\/app\/uploads\/sites\/346\/2021\/06\/Cabecalho_884x230-equal.jpg","large-width":884,"large-height":230,"1536x1536":"https:\/\/www.ufsm.br\/app\/uploads\/sites\/346\/2021\/06\/Cabecalho_884x230-equal.jpg","1536x1536-width":884,"1536x1536-height":230,"2048x2048":"https:\/\/www.ufsm.br\/app\/uploads\/sites\/346\/2021\/06\/Cabecalho_884x230-equal.jpg","2048x2048-width":884,"2048x2048-height":230,"sow-carousel-default":"https:\/\/www.ufsm.br\/app\/uploads\/sites\/346\/2021\/06\/Cabecalho_884x230-equal-272x182.jpg","sow-carousel-default-width":272,"sow-carousel-default-height":182}},"endereco_url":"seurs-2021","evento_categoria":"T\u00c9CNICO-CIENT\u00cdFICOS","evento_descricao":"<p align=\"justify\">No ano de 2020, a Universidade Federal de Santa Maria (UFSM) completa 60 anos de sua funda\u00e7\u00e3o. Em alus\u00e3o \u00e0 data de cria\u00e7\u00e3o da primeira universidade p\u00fablica no interior do Brasil, a Pr\u00f3-Reitoria de Extens\u00e3o (PRE) promover\u00e1, no ano de 2021, dois eventos de grande porte na institui\u00e7\u00e3o: o 39\u00ba Semin\u00e1rio de Extens\u00e3o Universit\u00e1ria da Regi\u00e3o Sul (SEURS) e o Congresso de Extens\u00e3o da Associa\u00e7\u00e3o de Universidades Grupo Montevideo (AUGM).<\/p>\n<p align=\"justify\">O Semin\u00e1rio de Extens\u00e3o Universit\u00e1ria da Regi\u00e3o Sul (SEURS) \u00e9 promovido, anualmente, pela Regional Sul do F\u00f3rum de Pr\u00f3-Reitores de Extens\u00e3o (ForProex Sul). Em sistema de rod\u00edzio entre os estados da regi\u00e3o, o semin\u00e1rio re\u00fane trabalhos de, aproximadamente,\u00a0<a href=\"https:\/\/www.ufsm.br\/pro-reitorias\/pre\/forproex-sul\/\">27 institui\u00e7\u00f5es p\u00fablicas de ensino superior do Paran\u00e1, de Santa Catarina e do Rio Grande do Sul<\/a>. A \u00faltima edi\u00e7\u00e3o do evento no estado, realizada no ano de 2018, aconteceu na capital\u00a0\u2014\u00a0Porto Alegre. Esta 39\u00aa edi\u00e7\u00e3o do SEURS ser\u00e1 realizada em parceria entre a UFSM e o Instituto Federal Farroupilha (IFFar), que tamb\u00e9m tem sua reitoria na cidade de Santa Maria.<\/p>\n<p align=\"justify\">O Congresso de Extens\u00e3o da AUGM abrange 40 institui\u00e7\u00f5es de ensino superior de seis pa\u00edses da Am\u00e9rica do Sul (Brasil, Argentina, Uruguai, Paraguai, Chile e Bol\u00edvia). A \u00faltima edi\u00e7\u00e3o do evento estava prevista para ocorrer em 2019 no Chile, mas, devido \u00e0 instabilidade pol\u00edtica do pa\u00eds no \u00faltimo ano e \u00e0 pandemia do novo coronav\u00edrus em 2020, o evento foi suspenso. Por esse motivo, o congresso ainda n\u00e3o teve sua numera\u00e7\u00e3o definida pela organiza\u00e7\u00e3o. Essa \u00e9 a segunda vez que a reuni\u00e3o ser\u00e1 realizada no Brasil, tendo a primeira edi\u00e7\u00e3o, no pa\u00eds, em 2015, na cidade de Campinas (SP).<\/p>\n","evento_programacao":"<p><a href=\"https:\/\/seurs.iffarroupilha.edu.br\/\">39\u00ba SEURS (iffarroupilha.edu.br)<\/a><\/p>\n","evento_inscricao":null,"evento_local":"UFSM e IFFar - Evento On-line","evento_contato":"<p><a href=\"https:\/\/seurs.iffarroupilha.edu.br\/\">39\u00ba SEURS (iffarroupilha.edu.br)<\/a><\/p>\n"},"_links":{"self":[{"href":"https:\/\/www.ufsm.br\/pro-reitorias\/pre\/wp-json\/wp\/v2\/eventos\/5693","targetHints":{"allow":["GET"]}}],"collection":[{"href":"https:\/\/www.ufsm.br\/pro-reitorias\/pre\/wp-json\/wp\/v2\/eventos"}],"about":[{"href":"https:\/\/www.ufsm.br\/pro-reitorias\/pre\/wp-json\/wp\/v2\/types\/eventos"}],"wp:featuredmedia":[{"embeddable":true,"href":"https:\/\/www.ufsm.br\/pro-reitorias\/pre\/wp-json\/wp\/v2\/media\/5694"}],"wp:attachment":[{"href":"https:\/\/www.ufsm.br\/pro-reitorias\/pre\/wp-json\/wp\/v2\/media?parent=5693"}],"wp:term":[{"taxonomy":"post_tag","embeddable":true,"href":"https:\/\/www.ufsm.br\/pro-reitorias\/pre\/wp-json\/wp\/v2\/tags?post=5693"}],"curies":[{"name":"wp","href":"https:\/\/api.w.org\/{rel}","templated":true}]}}

39º Seminário de Extensão Universitária da Região Sul

Cabeçalho_884x230-equal

TÉCNICO-CIENTÍFICOS

<p align="justify">No ano de 2020, a Universidade Federal de Santa Maria (UFSM) completa 60 anos de sua fundação. Em alusão à data de criação da primeira universidade pública no interior do Brasil, a Pró-Reitoria de Extensão (PRE) promoverá, no ano de 2021, dois eventos de grande porte na instituição: o 39º Seminário de Extensão Universitária da Região Sul (SEURS) e o Congresso de Extensão da Associação de Universidades Grupo Montevideo (AUGM).</p>
<p align="justify">O Seminário de Extensão Universitária da Região Sul (SEURS) é promovido, anualmente, pela Regional Sul do Fórum de Pró-Reitores de Extensão (ForProex Sul). Em sistema de rodízio entre os estados da região, o seminário reúne trabalhos de, aproximadamente, <a href="https://www.ufsm.br/pro-reitorias/pre/forproex-sul/">27 instituições públicas de ensino superior do Paraná, de Santa Catarina e do Rio Grande do Sul</a>. A última edição do evento no estado, realizada no ano de 2018, aconteceu na capital — Porto Alegre. Esta 39ª edição do SEURS será realizada em parceria entre a UFSM e o Instituto Federal Farroupilha (IFFar), que também tem sua reitoria na cidade de Santa Maria.</p>
<p align="justify">O Congresso de Extensão da AUGM abrange 40 instituições de ensino superior de seis países da América do Sul (Brasil, Argentina, Uruguai, Paraguai, Chile e Bolívia). A última edição do evento estava prevista para ocorrer em 2019 no Chile, mas, devido à instabilidade política do país no último ano e à pandemia do novo coronavírus em 2020, o evento foi suspenso. Por esse motivo, o congresso ainda não teve sua numeração definida pela organização. Essa é a segunda vez que a reunião será realizada no Brasil, tendo a primeira edição, no país, em 2015, na cidade de Campinas (SP).</p>

<p><a href="https://seurs.iffarroupilha.edu.br/">39º SEURS (iffarroupilha.edu.br)</a></p>
