{"id":8335,"date":"2023-09-19T13:39:16","date_gmt":"2023-09-19T16:39:16","guid":{"rendered":"https:\/\/www.ufsm.br\/pro-reitorias\/pre\/?post_type=eventos&#038;p=8335"},"modified":"2023-09-19T13:40:03","modified_gmt":"2023-09-19T16:40:03","slug":"ii-encontro-estadual-de-acoes-de-alimentacao-e-nutricao-na-atencao-primaria-a-saude-abordagens-para-manejo-da-obesidade-no-sus","status":"publish","type":"eventos","link":"https:\/\/www.ufsm.br\/pro-reitorias\/pre\/eventos\/ii-encontro-estadual-de-acoes-de-alimentacao-e-nutricao-na-atencao-primaria-a-saude-abordagens-para-manejo-da-obesidade-no-sus","parent":0,"template":"","tags":[],"class_list":["post-8335","eventos","type-eventos","status-publish","has-post-thumbnail","hentry"],"acf":{"evento_nome":"II Encontro Estadual de A\u00e7\u00f5es de Alimenta\u00e7\u00e3o e Nutri\u00e7\u00e3o na Aten\u00e7\u00e3o Prim\u00e1ria \u00e0 Sa\u00fade: Abordagens para Manejo da Obesidade no SUS","evento_inicio":"18\/10\/2023 08:30","evento_termino":"19\/10\/2023 11:00","evento_banner":{"ID":8346,"id":8346,"title":"capa site ufsm","filename":"capa-site-ufsm.jpg","filesize":19658,"url":"https:\/\/www.ufsm.br\/app\/uploads\/sites\/346\/2023\/09\/capa-site-ufsm.jpg","link":"https:\/\/www.ufsm.br\/pro-reitorias\/pre\/eventos\/ii-encontro-estadual-de-acoes-de-alimentacao-e-nutricao-na-atencao-primaria-a-saude-abordagens-para-manejo-da-obesidade-no-sus\/capa-site-ufsm","alt":"","author":"5576","description":"","caption":"","name":"capa-site-ufsm","status":"inherit","uploaded_to":8335,"date":"2023-09-19 16:25:59","modified":"2023-09-19 16:26:03","menu_order":0,"mime_type":"image\/jpeg","type":"image","subtype":"jpeg","icon":"https:\/\/www.ufsm.br\/pro-reitorias\/pre\/wp-includes\/images\/media\/default.png","width":1077,"height":275,"sizes":{"thumbnail":"https:\/\/www.ufsm.br\/app\/uploads\/sites\/346\/2023\/09\/capa-site-ufsm-150x150.jpg","thumbnail-width":150,"thumbnail-height":150,"medium":"https:\/\/www.ufsm.br\/app\/uploads\/sites\/346\/2023\/09\/capa-site-ufsm-300x77.jpg","medium-width":300,"medium-height":77,"medium_large":"https:\/\/www.ufsm.br\/app\/uploads\/sites\/346\/2023\/09\/capa-site-ufsm-768x196.jpg","medium_large-width":768,"medium_large-height":196,"large":"https:\/\/www.ufsm.br\/app\/uploads\/sites\/346\/2023\/09\/capa-site-ufsm-1024x261.jpg","large-width":1024,"large-height":261,"1536x1536":"https:\/\/www.ufsm.br\/app\/uploads\/sites\/346\/2023\/09\/capa-site-ufsm.jpg","1536x1536-width":1077,"1536x1536-height":275,"2048x2048":"https:\/\/www.ufsm.br\/app\/uploads\/sites\/346\/2023\/09\/capa-site-ufsm.jpg","2048x2048-width":1077,"2048x2048-height":275,"sow-carousel-default":"https:\/\/www.ufsm.br\/app\/uploads\/sites\/346\/2023\/09\/capa-site-ufsm-272x182.jpg","sow-carousel-default-width":272,"sow-carousel-default-height":182}},"endereco_url":"ii-encontro-estadual-de-acoes-de-alimentacao-e-nutricao-na-atencao-primaria-a-saude-abordagens-para-manejo-da-obesidade-no-sus","evento_categoria":"T\u00c9CNICO-CIENT\u00cdFICOS","evento_descricao":"<p>O II Encontro Estadual de A\u00e7\u00f5es de Alimenta\u00e7\u00e3o e Nutri\u00e7\u00e3o na Aten\u00e7\u00e3o Prim\u00e1ria \u00e0 Sa\u00fade: ABORDAGENS PARA MANEJO DA OBESIDADE NO SUS est\u00e1 promovendo um espa\u00e7o de discuss\u00e3o, capacita\u00e7\u00e3o, aprendizagem e troca de experi\u00eancias de a\u00e7\u00f5es de promo\u00e7\u00e3o da alimenta\u00e7\u00e3o adequada e saud\u00e1vel. O Encontro tamb\u00e9m promove \u00e0s atividades f\u00edsicas pr\u00e1ticas corporais, da vigil\u00e2ncia alimentar e nutricional e do manejo da obesidade por abordagem coletiva, direcionado \u00e0s necessidades dos profissionais e gestores dos servi\u00e7os de sa\u00fade da Aten\u00e7\u00e3o Prim\u00e1ria dos munic\u00edpios do Rio Grande do Sul (RS) para o fortalecimento das pol\u00edticas p\u00fablicas de alimenta\u00e7\u00e3o e nutri\u00e7\u00e3o e a linha do cuidado da obesidade.<\/p>\n<p>Nos dias 18 e 19 de outubro de 2023, o evento ser\u00e1 realizado na modalidade presencial, no audit\u00f3rio Wilson Aita da Universidade Federal de Santa Maria \u2013 Campus Sede. Al\u00e9m das palestras principais, ser\u00e1 ministrado um mini-curso, conforme programa\u00e7\u00e3o abaixo.<\/p>\n<p>O evento \u00e9 promovido pelo Observat\u00f3rio de Vigil\u00e2ncia Alimentar e Nutricional (OVAN) com apoio da Pol\u00edtica de Alimenta\u00e7\u00e3o e Nutri\u00e7\u00e3o da Secretaria de Sa\u00fade do RS, da Universidade Federal de Santa Maria e demais parceiras.<\/p>\n","evento_programacao":"<p><strong>PROGRAMA\u00c7\u00c3O<\/strong><\/p>\n<p><strong>18\/10\/2023 \u2013 Quarta-feira<\/strong><\/p>\n<ul>\n<li><strong>9h30<\/strong> &#8211; Abertura do evento com autoridades (Minist\u00e9rio da Sa\u00fade, Pol\u00edtica de Alimenta\u00e7\u00e3o e Nutri\u00e7\u00e3o do Estado RS, Coordenadoria Regional de Sa\u00fade e Universidade Federal de Santa Maria).<\/li>\n<li><strong>10h-<\/strong> Momento Cultural<\/li>\n<li><strong>10h20 &#8211;<\/strong> Palestra: Panorama atual da Linha de Cuidado da Obesidade no Rio Grande do Sul. Palestrantes: Secretaria Estadual de Sa\u00fade<\/li>\n<li><strong>11h10 &#8211;<\/strong> Palestra: Ambientes Alimentares na promo\u00e7\u00e3o da alimenta\u00e7\u00e3o saud\u00e1vel e na preven\u00e7\u00e3o da obesidade. Palestrante: Prof\u00aa Dr\u00aa Raquel Canuto (UFRGS). Media\u00e7\u00e3o: Prof\u00aa Vanessa Ramos Kirsten<\/li>\n<li><strong>14h &#8211;<\/strong> Palestra: Manejo da obesidade na Aten\u00e7\u00e3o Prim\u00e1ria Palestrante: Prof\u00aa Dr\u00aa Aline Cristine Souza Lopes \u2013 Universidade Federal de Minas Gerais<\/li>\n<li><strong>15h &#8211;<\/strong> Palestra: Guia alimentar e Guia de Atividade F\u00edsica para a Popula\u00e7\u00e3o Brasileira: Instrumentos para o manejo da obesidade no SUS Palestrantes: Prof\u00aa Dr\u00aa Daniela Lopes dos Santos e Prof\u00aa Dr\u00aa Greisse Viero da Silva Leal (UFSM) Universidade Federal de Santa Maria Mediadora:<\/li>\n<li><strong>15h45 &#8211;<\/strong> Coffee-break<\/li>\n<li><strong>16h00 &#8211;<\/strong> Palestra: A integra\u00e7\u00e3o de ensino superior, gest\u00e3o e servi\u00e7o em sa\u00fade: A experi\u00eancia de Mato Grosso do Sul com o Observat\u00f3rio de Condi\u00e7\u00f5es Cr\u00f4nicas e Alimenta\u00e7\u00e3o (Men\u00e7\u00e3o Honrosa pelo Minist\u00e9rio da Sa\u00fade no Conbran 2022) Palestrantes: Prof\u00aa Dr\u00aa Camila Medeiros da Silva Mazzetti (Universidade Federal do Mato Grosso do Sul).<\/li>\n<li><strong>16h45 \u2013<\/strong> Roda de Experi\u00eancias: A\u00e7\u00f5es de Alimenta\u00e7\u00e3o e Nutri\u00e7\u00e3o de Munic\u00edpios ga\u00fachos sobre o enfrentamento da obesidade na Aten\u00e7\u00e3o Prim\u00e1ria \u00e0 Saude (apresenta\u00e7\u00e3o oral)<\/li>\n<\/ul>\n<p><strong>19\/10\/2023 &#8211; Quinta-feira<\/strong><\/p>\n<ul>\n<li><strong>8h30 \u2013 12h &#8211;<\/strong> Exposi\u00e7\u00e3o de Trabalhos e Experi\u00eancias dos munic\u00edpios (modalidade p\u00f4ster)<\/li>\n<li><strong>8h30 \u201311h &#8211;<\/strong> Mini-curso: Estrat\u00e9gia para o Cuidado da Pessoa com Obesidade na Aten\u00e7\u00e3o Prim\u00e1ria Moderadora: Prof\u00aa Dr\u00aa Aline Cristine Souza Lopes \u2013 Universidade Federal de Minas Gerais (UFMG),<\/li>\n<li><strong>11h10 &#8211;<\/strong> Encerramento<\/li>\n<\/ul>\n","evento_inscricao":"<p>As inscri\u00e7\u00f5es s\u00e3o limitadas a 300 vagas e podem ser realizadas atrav\u00e9s do link: https:\/\/forms.gle\/QTJfXk6sU4LsWKUi9<\/p>\n","evento_local":"Audit\u00f3rio Wilson Aita - Anexo 9C, Centro de Tecnologia","evento_contato":"<p>Contato com a organiza\u00e7\u00e3o atrav\u00e9s do e-mail:\u00a0ovan@ufsm.br ou pelo instagran @ovan_observatorio<\/p>\n"},"_links":{"self":[{"href":"https:\/\/www.ufsm.br\/pro-reitorias\/pre\/wp-json\/wp\/v2\/eventos\/8335","targetHints":{"allow":["GET"]}}],"collection":[{"href":"https:\/\/www.ufsm.br\/pro-reitorias\/pre\/wp-json\/wp\/v2\/eventos"}],"about":[{"href":"https:\/\/www.ufsm.br\/pro-reitorias\/pre\/wp-json\/wp\/v2\/types\/eventos"}],"wp:featuredmedia":[{"embeddable":true,"href":"https:\/\/www.ufsm.br\/pro-reitorias\/pre\/wp-json\/wp\/v2\/media\/8346"}],"wp:attachment":[{"href":"https:\/\/www.ufsm.br\/pro-reitorias\/pre\/wp-json\/wp\/v2\/media?parent=8335"}],"wp:term":[{"taxonomy":"post_tag","embeddable":true,"href":"https:\/\/www.ufsm.br\/pro-reitorias\/pre\/wp-json\/wp\/v2\/tags?post=8335"}],"curies":[{"name":"wp","href":"https:\/\/api.w.org\/{rel}","templated":true}]}}

II Encontro Estadual de Ações de Alimentação e Nutrição na Atenção Primária à Saúde: Abordagens para Manejo da Obesidade no SUS

TÉCNICO-CIENTÍFICOS

<p>O II Encontro Estadual de Ações de Alimentação e Nutrição na Atenção Primária à Saúde: ABORDAGENS PARA MANEJO DA OBESIDADE NO SUS está promovendo um espaço de discussão, capacitação, aprendizagem e troca de experiências de ações de promoção da alimentação adequada e saudável. O Encontro também promove às atividades físicas práticas corporais, da vigilância alimentar e nutricional e do manejo da obesidade por abordagem coletiva, direcionado às necessidades dos profissionais e gestores dos serviços de saúde da Atenção Primária dos municípios do Rio Grande do Sul (RS) para o fortalecimento das políticas públicas de alimentação e nutrição e a linha do cuidado da obesidade.</p>
<p>Nos dias 18 e 19 de outubro de 2023, o evento será realizado na modalidade presencial, no auditório Wilson Aita da Universidade Federal de Santa Maria – Campus Sede. Além das palestras principais, será ministrado um mini-curso, conforme programação abaixo.</p>
<p>O evento é promovido pelo Observatório de Vigilância Alimentar e Nutricional (OVAN) com apoio da Política de Alimentação e Nutrição da Secretaria de Saúde do RS, da Universidade Federal de Santa Maria e demais parceiras.</p>

<p><strong>PROGRAMAÇÃO</strong></p>
<p><strong>18/10/2023 – Quarta-feira</strong></p>
<ul>
<li><strong>9h30</strong> &#8211; Abertura do evento com autoridades (Ministério da Saúde, Política de Alimentação e Nutrição do Estado RS, Coordenadoria Regional de Saúde e Universidade Federal de Santa Maria).</li>
<li><strong>10h-</strong> Momento Cultural</li>
<li><strong>10h20 &#8211;</strong> Palestra: Panorama atual da Linha de Cuidado da Obesidade no Rio Grande do Sul. Palestrantes: Secretaria Estadual de Saúde</li>
<li><strong>11h10 &#8211;</strong> Palestra: Ambientes Alimentares na promoção da alimentação saudável e na prevenção da obesidade. Palestrante: Profª Drª Raquel Canuto (UFRGS). Mediação: Profª Vanessa Ramos Kirsten</li>
<li><strong>14h &#8211;</strong> Palestra: Manejo da obesidade na Atenção Primária Palestrante: Profª Drª Aline Cristine Souza Lopes – Universidade Federal de Minas Gerais</li>
<li><strong>15h &#8211;</strong> Palestra: Guia alimentar e Guia de Atividade Física para a População Brasileira: Instrumentos para o manejo da obesidade no SUS Palestrantes: Profª Drª Daniela Lopes dos Santos e Profª Drª Greisse Viero da Silva Leal (UFSM) Universidade Federal de Santa Maria Mediadora:</li>
<li><strong>15h45 &#8211;</strong> Coffee-break</li>
<li><strong>16h00 &#8211;</strong> Palestra: A integração de ensino superior, gestão e serviço em saúde: A experiência de Mato Grosso do Sul com o Observatório de Condições Crônicas e Alimentação (Menção Honrosa pelo Ministério da Saúde no Conbran 2022) Palestrantes: Profª Drª Camila Medeiros da Silva Mazzetti (Universidade Federal do Mato Grosso do Sul).</li>
<li><strong>16h45 –</strong> Roda de Experiências: Ações de Alimentação e Nutrição de Municípios gaúchos sobre o enfrentamento da obesidade na Atenção Primária à Saude (apresentação oral)</li>
</ul>
<p><strong>19/10/2023 &#8211; Quinta-feira</strong></p>
<ul>
<li><strong>8h30 – 12h &#8211;</strong> Exposição de Trabalhos e Experiências dos municípios (modalidade pôster)</li>
<li><strong>8h30 –11h &#8211;</strong> Mini-curso: Estratégia para o Cuidado da Pessoa com Obesidade na Atenção Primária Moderadora: Profª Drª Aline Cristine Souza Lopes – Universidade Federal de Minas Gerais (UFMG),</li>
<li><strong>11h10 &#8211;</strong> Encerramento</li>
</ul>

<p>As inscrições são limitadas a 300 vagas e podem ser realizadas através do link: https://forms.gle/QTJfXk6sU4LsWKUi9</p>

Auditório Wilson Aita - Anexo 9C, Centro de Tecnologia

<p>Contato com a organização através do e-mail: ovan@ufsm.br ou pelo instagran @ovan_observatorio</p>
