{"id":8473,"date":"2023-10-10T14:41:00","date_gmt":"2023-10-10T17:41:00","guid":{"rendered":"https:\/\/www.ufsm.br\/pro-reitorias\/pre\/?post_type=eventos&#038;p=8473"},"modified":"2023-10-10T15:16:32","modified_gmt":"2023-10-10T18:16:32","slug":"programa-de-desenvolvimento-do-turismo-no-distrito-criativo-centro-gare-de-santa-maria-rs","status":"publish","type":"eventos","link":"https:\/\/www.ufsm.br\/pro-reitorias\/pre\/eventos\/programa-de-desenvolvimento-do-turismo-no-distrito-criativo-centro-gare-de-santa-maria-rs","parent":0,"template":"","tags":[],"class_list":["post-8473","eventos","type-eventos","status-publish","hentry"],"acf":{"evento_nome":"Programa de Desenvolvimento do Turismo no Distrito Criativo Centro-Gare de Santa Maria\/RS","evento_inicio":"24\/10\/2023 14:00","evento_termino":"24\/10\/2023 17:00","evento_banner":null,"endereco_url":"programa-de-desenvolvimento-do-turismo-no-distrito-criativo-centro-gare-de-santa-maria-rs","evento_categoria":"T\u00c9CNICO-CIENT\u00cdFICOS","evento_descricao":"<p>O evento Conecta Turismo &#8211; Distrito Criativo Centro-Gare tem como objetivo conectar empreendedores, comunidade e Universidade em torno do tema turismo criativo no munic\u00edpio de Santa Maria. Na ocasi\u00e3o, ser\u00e1 apresentado o Diagn\u00f3stico das\u00a0potencialidades do turismo no Distrito Criativo Centro-Gare, realizado pelo Curso de Gest\u00e3o de Turismo da UFSM e palestras com profissionais com reconhecida atua\u00e7\u00e3o na \u00e1rea em n\u00edvel nacional.<\/p>\n","evento_programacao":"<p>Durante o evento, ser\u00e1 ministrada a palestra <strong>\u201cTurismo Criativo: Atua\u00e7\u00e3o em Rede e Desenvolvimento Territorial\u201d<\/strong>, com Karina Zapata, consultora em Turismo e Economia Criativa, speaker TEDx e co-fundadora da Rede Nacional de Experi\u00eancias e Turismo Criativo (Recria). A pesquisa: <strong>\u201cDiagn\u00f3stico e Potencialidades do Turismo no Distrito Criativo Centro-Gare\u201d<\/strong> ser\u00e1 apresentada pelo Prof. Dr. Thiago Xavier, do Curso de Gest\u00e3o de Turismo da UFSM e Coordenador do \u201cPrograma de Desenvolvimento do Turismo no Distrito Criativo Centro-Gare\u201d. Al\u00e9m disso, ser\u00e1 ministrada a palestra<strong> \u201cQuarto Distrito Porto Alegre: O distrito que une gastronomia, entretenimento e arte\u201d<\/strong>, com Johnny Rickes, m\u00fasico, produtor cultural e empres\u00e1rio que atua na ind\u00fastria criativa desde 2012.<\/p>\n","evento_inscricao":"<p>As inscri\u00e7\u00f5es podem ser realizadas atrav\u00e9s do site:\u00a0<a href=\"https:\/\/app.ciente.studio\/conectaturismo\">https:\/\/app.ciente.studio\/conectaturismo<\/a><\/p>\n","evento_local":"LabCriativo - Mercado P\u00fablico da Vila Belga","evento_contato":"<p>O contato com a organiza\u00e7\u00e3o pode ser realizado atrav\u00e9s do n\u00famero: (55) 9 8418-8548<\/p>\n"},"_links":{"self":[{"href":"https:\/\/www.ufsm.br\/pro-reitorias\/pre\/wp-json\/wp\/v2\/eventos\/8473","targetHints":{"allow":["GET"]}}],"collection":[{"href":"https:\/\/www.ufsm.br\/pro-reitorias\/pre\/wp-json\/wp\/v2\/eventos"}],"about":[{"href":"https:\/\/www.ufsm.br\/pro-reitorias\/pre\/wp-json\/wp\/v2\/types\/eventos"}],"wp:attachment":[{"href":"https:\/\/www.ufsm.br\/pro-reitorias\/pre\/wp-json\/wp\/v2\/media?parent=8473"}],"wp:term":[{"taxonomy":"post_tag","embeddable":true,"href":"https:\/\/www.ufsm.br\/pro-reitorias\/pre\/wp-json\/wp\/v2\/tags?post=8473"}],"curies":[{"name":"wp","href":"https:\/\/api.w.org\/{rel}","templated":true}]}}

TÉCNICO-CIENTÍFICOS

<p>O evento Conecta Turismo &#8211; Distrito Criativo Centro-Gare tem como objetivo conectar empreendedores, comunidade e Universidade em torno do tema turismo criativo no município de Santa Maria. Na ocasião, será apresentado o Diagnóstico das potencialidades do turismo no Distrito Criativo Centro-Gare, realizado pelo Curso de Gestão de Turismo da UFSM e palestras com profissionais com reconhecida atuação na área em nível nacional.</p>

<p>Durante o evento, será ministrada a palestra <strong>“Turismo Criativo: Atuação em Rede e Desenvolvimento Territorial”</strong>, com Karina Zapata, consultora em Turismo e Economia Criativa, speaker TEDx e co-fundadora da Rede Nacional de Experiências e Turismo Criativo (Recria). A pesquisa: <strong>“Diagnóstico e Potencialidades do Turismo no Distrito Criativo Centro-Gare”</strong> será apresentada pelo Prof. Dr. Thiago Xavier, do Curso de Gestão de Turismo da UFSM e Coordenador do “Programa de Desenvolvimento do Turismo no Distrito Criativo Centro-Gare”. Além disso, será ministrada a palestra<strong> “Quarto Distrito Porto Alegre: O distrito que une gastronomia, entretenimento e arte”</strong>, com Johnny Rickes, músico, produtor cultural e empresário que atua na indústria criativa desde 2012.</p>

<p>As inscrições podem ser realizadas através do site: <a href="https://app.ciente.studio/conectaturismo">https://app.ciente.studio/conectaturismo</a></p>

LabCriativo - Mercado Público da Vila Belga

<p>O contato com a organização pode ser realizado através do número: (55) 9 8418-8548</p>
