{"id":8647,"date":"2023-11-24T11:55:08","date_gmt":"2023-11-24T14:55:08","guid":{"rendered":"https:\/\/www.ufsm.br\/pro-reitorias\/pre\/?post_type=eventos&#038;p=8647"},"modified":"2023-11-24T11:55:09","modified_gmt":"2023-11-24T14:55:09","slug":"1-simposio-de-analises-geograficas-e-ambientais-sagas","status":"publish","type":"eventos","link":"https:\/\/www.ufsm.br\/pro-reitorias\/pre\/eventos\/1-simposio-de-analises-geograficas-e-ambientais-sagas","parent":0,"template":"","tags":[687,688,689,401,686],"class_list":["post-8647","eventos","type-eventos","status-publish","has-post-thumbnail","hentry","tag-analises-ambientais","tag-geograficas","tag-ibge","tag-incubadora-social","tag-simposio"],"acf":{"evento_nome":"1\u00b0 SIMP\u00d3SIO DE ANALISES GEOGR\u00c1FICAS E AMBIENTAIS - SAGAS","evento_inicio":"27\/11\/2023 09:00","evento_termino":"28\/11\/2023 14:00","evento_banner":{"ID":8650,"id":8650,"title":"nov (3)","filename":"nov-3.jpg","filesize":98706,"url":"https:\/\/www.ufsm.br\/app\/uploads\/sites\/346\/2023\/11\/nov-3.jpg","link":"https:\/\/www.ufsm.br\/pro-reitorias\/pre\/eventos\/1-simposio-de-analises-geograficas-e-ambientais-sagas\/nov-3","alt":"","author":"665","description":"","caption":"","name":"nov-3","status":"inherit","uploaded_to":8647,"date":"2023-11-24 14:54:25","modified":"2023-11-24 14:54:25","menu_order":0,"mime_type":"image\/jpeg","type":"image","subtype":"jpeg","icon":"https:\/\/www.ufsm.br\/pro-reitorias\/pre\/wp-includes\/images\/media\/default.png","width":1920,"height":686,"sizes":{"thumbnail":"https:\/\/www.ufsm.br\/app\/uploads\/sites\/346\/2023\/11\/nov-3-150x150.jpg","thumbnail-width":150,"thumbnail-height":150,"medium":"https:\/\/www.ufsm.br\/app\/uploads\/sites\/346\/2023\/11\/nov-3-300x107.jpg","medium-width":300,"medium-height":107,"medium_large":"https:\/\/www.ufsm.br\/app\/uploads\/sites\/346\/2023\/11\/nov-3-768x274.jpg","medium_large-width":768,"medium_large-height":274,"large":"https:\/\/www.ufsm.br\/app\/uploads\/sites\/346\/2023\/11\/nov-3-1024x366.jpg","large-width":1024,"large-height":366,"1536x1536":"https:\/\/www.ufsm.br\/app\/uploads\/sites\/346\/2023\/11\/nov-3-1536x549.jpg","1536x1536-width":1536,"1536x1536-height":549,"2048x2048":"https:\/\/www.ufsm.br\/app\/uploads\/sites\/346\/2023\/11\/nov-3.jpg","2048x2048-width":1920,"2048x2048-height":686,"sow-carousel-default":"https:\/\/www.ufsm.br\/app\/uploads\/sites\/346\/2023\/11\/nov-3-272x182.jpg","sow-carousel-default-width":272,"sow-carousel-default-height":182}},"endereco_url":"1-simposio-de-analises-geograficas-e-ambientais-sagas","evento_categoria":"T\u00c9CNICO-CIENT\u00cdFICOS","evento_descricao":"<p>Incubadora Social juntamente com o IBGE Santa Maria promove o 1\u00b0 SIMP\u00d3SIO DE ANALISES GEOGR\u00c1FICAS E AMBIENTAIS (SAGAS) na Universidade Federal de Santa Maria (UFSM).<\/p>\n<p>O evento ocorrer\u00e1 entre os dias 27 e 28 de novembro e contar\u00e1 com diversas palestras e um Workshop sobre o SIDRA \u2013 Sistema IBGE de Recupera\u00e7\u00e3o Autom\u00e1tica 2023. O Simp\u00f3sio \u00e9 gratuito e oferece certificados para os participantes.<\/p>\n<p>No dia 27\/11 ser\u00e3o ministradas palestras com os especialistas Fernando Peres IBGE\/SC; Marcelo Paiva da Motta CGEO\/IBGE\/RJ e Luis Eduardo Azevedo Puchalski IBGE\/RS no Audit\u00f3rio Wilson Aita, pr\u00e9dio 9C Centro de Tecnologia Anexo C.<\/p>\n<p>J\u00e1 no dia 28\/11 a Tecnologista Informa\u00e7\u00f5es Geogr\u00e1ficas e Estat\u00edsticas do IBGE e Coordenadora de Divulga\u00e7\u00e3o do Censo 2022 no RS Sonia Regina Zanotto ministrar\u00e1 um Workshop sobre o SIDRA, abordando t\u00f3picos como: efetuar consultas no SIDRA; montar e visualizar um quadro; estabelecer um ranking; criar gr\u00e1ficos, cartogramas e mapas personalizados e como utilizar a \u00e1rea do usu\u00e1rio, com quadros salvos e downloads. No dia 28\/11 o evento ocorrer\u00e1 na Sala Coworking do Pr\u00e9dio 61H.<\/p>\n<p>O Workshop \u00e9 voltado para estudantes de p\u00f3s-gradua\u00e7\u00e3o e servidores da UFSM e as vagas s\u00e3o limitadas. Para participa\u00e7\u00e3o os inscritos devem levar seus computadores e devem participar tamb\u00e9m das palestras do dia 27\/11. Recomenda-se ainda, como atividade de prepara\u00e7\u00e3o, a participa\u00e7\u00e3o no\u00a0<a href=\"https:\/\/docs.google.com\/forms\/d\/e\/1FAIpQLSc5tMUX_9zXHtxzKrlp1-FgLSq8Yt7p3i4fVeKW7W98ie5fkg\/viewform?pli=1%20)\">curso EAD SIDRA<\/a>\u00a0 promovido pela\u00a0<a href=\"https:\/\/agenciadenoticias.ibge.gov.br\/agencia-noticias\/2012-agencia-de-noticias\/noticias\/37705-escola-virtual-oferece-curso-on-line-gratuito-de-sidra\">Escola Virtual.<\/a><\/p>\n<p>AS INSCRI\u00c7\u00d5ES DO SAGAS DEVEM SER FEITAS POR MEIO DOS LINKS:<\/p>\n<p>\u2013 Inscri\u00e7\u00f5es palestras 27\/11:\u00a0<a href=\"https:\/\/forms.gle\/UBndh9x7Tm65nyL19\">https:\/\/forms.gle\/UBndh9x7Tm65nyL19<\/a><\/p>\n<p>\u2013 Inscri\u00e7\u00f5es Workshop SIDRA 28\/11:\u00a0<a href=\"https:\/\/forms.gle\/Uj8sBcGANyfWGuXTA\">https:\/\/forms.gle\/Uj8sBcGANyfWGuXTA<\/a><\/p>\n<p>Confira o cronograma!<\/p>\n","evento_programacao":"<p><img decoding=\"async\" src=\"https:\/\/www.ufsm.br\/app\/uploads\/sites\/570\/2023\/11\/nov-1.jpg\" \/><\/p>\n","evento_inscricao":null,"evento_local":"Universidade Federal de Santa Maria (UFSM), Audit\u00f3rio Wilson Aita, pr\u00e9dio 9C Centro de Tecnologia Anexo C.","evento_contato":"<p class=\"cvGsUA direction-ltr align-center para-style-body\"><span class=\"OYPEnA text-decoration-none text-strikethrough-none\">Incubadora Social UFSM, vinculada \u00e0 Pr\u00f3-Reitoria de Extens\u00e3o<\/span><\/p>\n<p class=\"cvGsUA direction-ltr align-center para-style-body\"><span class=\"OYPEnA text-decoration-none text-strikethrough-none\">Instagram: @incubadorasocialufsm<\/span><\/p>\n<p class=\"cvGsUA direction-ltr align-center para-style-body\"><span class=\"OYPEnA text-decoration-none text-strikethrough-none\">E-mail: incubadorasocial@ufsm.br<\/span><\/p>\n<p class=\"cvGsUA direction-ltr align-center para-style-body\"><span class=\"OYPEnA text-decoration-none text-strikethrough-none\">Whatsapp Incubadora Social: (55) 99158-0632<\/span><\/p>\n"},"_links":{"self":[{"href":"https:\/\/www.ufsm.br\/pro-reitorias\/pre\/wp-json\/wp\/v2\/eventos\/8647","targetHints":{"allow":["GET"]}}],"collection":[{"href":"https:\/\/www.ufsm.br\/pro-reitorias\/pre\/wp-json\/wp\/v2\/eventos"}],"about":[{"href":"https:\/\/www.ufsm.br\/pro-reitorias\/pre\/wp-json\/wp\/v2\/types\/eventos"}],"wp:featuredmedia":[{"embeddable":true,"href":"https:\/\/www.ufsm.br\/pro-reitorias\/pre\/wp-json\/wp\/v2\/media\/8650"}],"wp:attachment":[{"href":"https:\/\/www.ufsm.br\/pro-reitorias\/pre\/wp-json\/wp\/v2\/media?parent=8647"}],"wp:term":[{"taxonomy":"post_tag","embeddable":true,"href":"https:\/\/www.ufsm.br\/pro-reitorias\/pre\/wp-json\/wp\/v2\/tags?post=8647"}],"curies":[{"name":"wp","href":"https:\/\/api.w.org\/{rel}","templated":true}]}}

1° SIMPÓSIO DE ANALISES GEOGRÁFICAS E AMBIENTAIS - SAGAS

TÉCNICO-CIENTÍFICOS

<p>Incubadora Social juntamente com o IBGE Santa Maria promove o 1° SIMPÓSIO DE ANALISES GEOGRÁFICAS E AMBIENTAIS (SAGAS) na Universidade Federal de Santa Maria (UFSM).</p>
<p>O evento ocorrerá entre os dias 27 e 28 de novembro e contará com diversas palestras e um Workshop sobre o SIDRA – Sistema IBGE de Recuperação Automática 2023. O Simpósio é gratuito e oferece certificados para os participantes.</p>
<p>No dia 27/11 serão ministradas palestras com os especialistas Fernando Peres IBGE/SC; Marcelo Paiva da Motta CGEO/IBGE/RJ e Luis Eduardo Azevedo Puchalski IBGE/RS no Auditório Wilson Aita, prédio 9C Centro de Tecnologia Anexo C.</p>
<p>Já no dia 28/11 a Tecnologista Informações Geográficas e Estatísticas do IBGE e Coordenadora de Divulgação do Censo 2022 no RS Sonia Regina Zanotto ministrará um Workshop sobre o SIDRA, abordando tópicos como: efetuar consultas no SIDRA; montar e visualizar um quadro; estabelecer um ranking; criar gráficos, cartogramas e mapas personalizados e como utilizar a área do usuário, com quadros salvos e downloads. No dia 28/11 o evento ocorrerá na Sala Coworking do Prédio 61H.</p>
<p>O Workshop é voltado para estudantes de pós-graduação e servidores da UFSM e as vagas são limitadas. Para participação os inscritos devem levar seus computadores e devem participar também das palestras do dia 27/11. Recomenda-se ainda, como atividade de preparação, a participação no <a href="https://docs.google.com/forms/d/e/1FAIpQLSc5tMUX_9zXHtxzKrlp1-FgLSq8Yt7p3i4fVeKW7W98ie5fkg/viewform?pli=1%20)">curso EAD SIDRA</a>  promovido pela <a href="https://agenciadenoticias.ibge.gov.br/agencia-noticias/2012-agencia-de-noticias/noticias/37705-escola-virtual-oferece-curso-on-line-gratuito-de-sidra">Escola Virtual.</a></p>
<p>AS INSCRIÇÕES DO SAGAS DEVEM SER FEITAS POR MEIO DOS LINKS:</p>
<p>– Inscrições palestras 27/11: <a href="https://forms.gle/UBndh9x7Tm65nyL19">https://forms.gle/UBndh9x7Tm65nyL19</a></p>
<p>– Inscrições Workshop SIDRA 28/11: <a href="https://forms.gle/Uj8sBcGANyfWGuXTA">https://forms.gle/Uj8sBcGANyfWGuXTA</a></p>
<p>Confira o cronograma!</p>

Universidade Federal de Santa Maria (UFSM), Auditório Wilson Aita, prédio 9C Centro de Tecnologia Anexo C.

<p class="cvGsUA direction-ltr align-center para-style-body"><span class="OYPEnA text-decoration-none text-strikethrough-none">Incubadora Social UFSM, vinculada à Pró-Reitoria de Extensão</span></p>
<p class="cvGsUA direction-ltr align-center para-style-body"><span class="OYPEnA text-decoration-none text-strikethrough-none">Instagram: @incubadorasocialufsm</span></p>
<p class="cvGsUA direction-ltr align-center para-style-body"><span class="OYPEnA text-decoration-none text-strikethrough-none">E-mail: incubadorasocial@ufsm.br</span></p>
<p class="cvGsUA direction-ltr align-center para-style-body"><span class="OYPEnA text-decoration-none text-strikethrough-none">Whatsapp Incubadora Social: (55) 99158-0632</span></p>
