{"id":11504,"date":"2025-04-11T10:49:58","date_gmt":"2025-04-11T13:49:58","guid":{"rendered":"https:\/\/www.ufsm.br\/pro-reitorias\/pre\/?page_id=11504"},"modified":"2025-05-09T15:09:22","modified_gmt":"2025-05-09T18:09:22","slug":"bolsas-de-extensao-cal-2025","status":"publish","type":"page","link":"https:\/\/www.ufsm.br\/pro-reitorias\/pre\/oportunidades-de-bolsas-de-extensao\/fiex-2025\/bolsas-de-extensao-cal-2025","title":{"rendered":"Bolsas de Extens\u00e3o &#8211; CAL 2025"},"content":{"rendered":"\t\t<div data-elementor-type=\"wp-page\" data-elementor-id=\"11504\" class=\"elementor elementor-11504\">\n\t\t\t\t\t\t<section class=\"elementor-section elementor-top-section elementor-element elementor-element-29aa0a5 elementor-section-boxed elementor-section-height-default elementor-section-height-default\" data-id=\"29aa0a5\" data-element_type=\"section\">\n\t\t\t\t\t\t<div class=\"elementor-container elementor-column-gap-default\">\n\t\t\t\t\t<div class=\"elementor-column elementor-col-100 elementor-top-column elementor-element elementor-element-8bf94f3\" data-id=\"8bf94f3\" data-element_type=\"column\">\n\t\t\t<div class=\"elementor-widget-wrap elementor-element-populated\">\n\t\t\t\t\t\t<div class=\"elementor-element elementor-element-a160360 elementor-widget elementor-widget-text-editor\" data-id=\"a160360\" data-element_type=\"widget\" data-widget_type=\"text-editor.default\">\n\t\t\t\t<div class=\"elementor-widget-container\">\n\t\t\t\t\t\t\t<table style=\"height: 168px;width: 92.101%;border-collapse: collapse\" cellpadding=\"20 px\">\n<tbody>\n<tr style=\"height: 24px\">\n<td style=\"width: 29.422%;height: 24px;text-align: center\"><span style=\"font-family: arial, helvetica, sans-serif\">A\u00c7\u00c3O DE EXTENS\u00c3O<\/span><\/td>\n<td style=\"width: 22.9296%;height: 24px;text-align: center\"><span style=\"font-family: arial, helvetica, sans-serif\">COORDENADOR(A)<\/span><\/td>\n<td style=\"width: 7.64845%;height: 24px;text-align: center\"><span style=\"font-family: arial, helvetica, sans-serif\">BOLSAS<\/span><\/td>\n<td style=\"width: 20%;height: 24px;text-align: center\"><span style=\"font-family: arial, helvetica, sans-serif\">EDITAL<\/span><\/td>\n<td style=\"width: 20%;height: 24px;text-align: center\"><span style=\"font-family: arial, helvetica, sans-serif\">RESULTADO<\/span><\/td>\n<\/tr>\n<tr style=\"height: 20px\">\n<td style=\"width: 29.422%;height: 10px\">&nbsp;L\u00ednguas no Campus: desenvolvimento de material did\u00e1tico para qualifica\u00e7\u00e3o do acesso \u00e0 educa\u00e7\u00e3o em ingl\u00eas como l\u00edngua adicional<\/td>\n<td style=\"width: 22.9296%;height: 10px\">Roseli Gon\u00e7alves do Nascimento<\/td>\n<td style=\"width: 7.64845%;text-align: center;height: 10px\">02&nbsp;<\/td>\n<td style=\"width: 20%;height: 10px;text-align: center\"><a href=\"https:\/\/www.ufsm.br\/app\/uploads\/sites\/346\/2025\/04\/EDITAL-DE-SELECAO-DE-BOLSISTAS-EDITAL-FIEX-2025-LabLeR.docx_1_assinado.pdf\"><span style=\"color: #333333\">Edital&nbsp;<\/span><\/a><\/td>\n<td style=\"width: 20%;height: 10px;text-align: center\"><a href=\"https:\/\/www.ufsm.br\/app\/uploads\/sites\/346\/2025\/04\/Resultado_Final_de_EDITAL-FIEX-2025-LabLeR_assinado_Roseli-Goncalves-do-Nascimento.pdf\">Resultado Final<\/a><\/td>\n<\/tr>\n<tr style=\"height: 20px\">\n<td style=\"width: 29.422%;height: 10px\">&nbsp;Caderno de Campo Agroecol\u00f3gico: aplica\u00e7\u00e3o web baseada nos cen\u00e1rios de sistemas sustent\u00e1veis de produ\u00e7\u00e3o de alimentos (059408)<\/td>\n<td style=\"width: 22.9296%;height: 10px\">&nbsp;Ana Fl\u00e1via Souto de Oliveira<\/td>\n<td style=\"width: 7.64845%;text-align: center;height: 10px\">01&nbsp;<\/td>\n<td style=\"width: 20%;height: 10px;text-align: center\"><span style=\"color: #333333\"><a href=\"https:\/\/www.ufsm.br\/app\/uploads\/sites\/346\/2025\/04\/EDITAL-DE-SELECAO-DE-BOLSISTAS-EDITAL-FIEX-2025_Ana_Flavia_assinado.pdf\">Edital<\/a>&nbsp;<\/span><\/td>\n<td style=\"width: 20%;height: 10px;text-align: center\"><a href=\"https:\/\/www.ufsm.br\/app\/uploads\/sites\/346\/2025\/04\/FIEX_-_RESULTADO_DE_SELECAO_DE_BOLSISTAS_2025_assi_250428_193845_Ana-Flavia-Souto-de-Oliveira.pdf\">Resultado Final<\/a><\/td>\n<\/tr>\n<tr style=\"height: 24px\">\n<td style=\"width: 29.422%;height: 24px\">MUSICURIOSOS: UM PODCAST&nbsp;INTERATIVO DE&nbsp;INFORMA\u00c7\u00d5ES E&nbsp;CONHECIMENTOS&nbsp;MUSICAIS \u2013 FASE 2<\/td>\n<td style=\"width: 22.9296%;height: 24px\">Nayana Di Giuseppe Germano<\/td>\n<td style=\"width: 7.64845%;text-align: center;height: 24px\">01<\/td>\n<td style=\"width: 20%;height: 24px;text-align: center\"><a href=\"https:\/\/www.ufsm.br\/app\/uploads\/sites\/346\/2025\/04\/Nayana-Di-Giuseppe-Germano.CAL_.pdf\"><span style=\"color: #333333\">Edital<\/span><\/a><\/td>\n<td style=\"width: 20%;height: 24px;text-align: center\"><a href=\"https:\/\/www.ufsm.br\/app\/uploads\/sites\/346\/2025\/04\/Resultado_FIEX_2025_NAYANA-DI-GIUSEPPE-GERMANO.pdf\">Resultado Final<\/a><\/td>\n<\/tr>\n<tr style=\"height: 20px\">\n<td style=\"width: 29.422%;height: 10px\">&nbsp;Programa de Extens\u00e3o Ateli\u00ea de Textos<\/td>\n<td style=\"width: 22.9296%;height: 10px\">&nbsp;Cristiane Fuzer<\/td>\n<td style=\"width: 7.64845%;text-align: center;height: 10px\">02&nbsp;<\/td>\n<td style=\"width: 20%;height: 10px;text-align: center\">\n<p><span style=\"color: #333333\"><a href=\"https:\/\/www.ufsm.br\/app\/uploads\/sites\/346\/2025\/04\/Edital_Selecao_bolsistas_FIEX_Atelie_de_Textos_2025.pdf\">Edital<\/a><\/span><\/p>\n<p><a href=\"https:\/\/www.ufsm.br\/app\/uploads\/sites\/346\/2025\/04\/Prorrogacao_inscricoes_vaga_Letras_FIEX_2025_assinado_Cristiane-Fuzer.pdf\">&#8211; Prorroga\u00e7\u00e3o Inscri\u00e7\u00f5es Vaga Letras<\/a><\/p>\n<\/td>\n<td style=\"width: 20%;height: 10px;text-align: center\">\n<p><a href=\"https:\/\/www.ufsm.br\/app\/uploads\/sites\/346\/2025\/04\/Resultado_selecao_bolsista_FIEX_Comunicacao_Social_assinado_CRISTIANE-FUZER.pdf\">&#8211; Resultado Final Vaga Comunica\u00e7\u00e3o Social<\/a><\/p><p><br><\/p>\n<p><\/p>\n<p>&#8211;&nbsp;<a href=\"https:\/\/www.ufsm.br\/app\/uploads\/sites\/346\/2025\/05\/Cristiane-Fuzer_RESULTADO-FINAL_CAL.pdf\">Resultado FINAL para a vaga da \u00e1rea de Letras.<\/a><\/p>\n<\/td>\n<\/tr>\n<tr style=\"height: 20px\">\n<td style=\"width: 29.422%;height: 10px\">Programa Encontros sobre Pedagogia do Piano: a\u00e7\u00f5es formativas para o ensino do piano&nbsp;<\/td>\n<td style=\"width: 22.9296%;height: 10px\">&nbsp;CLAUDIA FERNANDA DELTREGIA<\/td>\n<td style=\"width: 7.64845%;text-align: center;height: 10px\">02&nbsp;<\/td>\n<td style=\"width: 20%;height: 10px;text-align: center\">&nbsp;<a href=\"https:\/\/www.ufsm.br\/app\/uploads\/sites\/346\/2025\/04\/EDITAL-BOLSISTA-2025-1.pdf\">Edital<\/a><\/td>\n<td style=\"width: 20%;height: 10px;text-align: center\"><a href=\"https:\/\/www.ufsm.br\/app\/uploads\/sites\/346\/2025\/04\/AssResultado_Bolsista_FIEX_2025_assinado-1.pdf\">Resultado<\/a>&nbsp;<\/td>\n<\/tr>\n<tr style=\"height: 20px\">\n<td style=\"width: 29.422%;height: 10px\">&nbsp;Orquestra de Cordas da UFSM &#8211; I&nbsp;<\/td>\n<td style=\"width: 22.9296%;height: 10px\">Diogo Baggio Lima&nbsp;<\/td>\n<td style=\"width: 7.64845%;text-align: center;height: 10px\">&nbsp;01<\/td>\n<td style=\"width: 20%;height: 10px;text-align: center\"><span style=\"color: #333333\"><a href=\"https:\/\/www.ufsm.br\/app\/uploads\/sites\/346\/2025\/04\/Edital-Bolsista-FIEX-2025-Projeto-Orquestra-de-Cordas-da-UFSM-I-assinado.pdf\">Edital<\/a>&nbsp;<\/span><\/td>\n<td style=\"width: 20%;height: 10px;text-align: center\"><a href=\"https:\/\/www.ufsm.br\/app\/uploads\/sites\/346\/2025\/04\/RESULTADO-Edital_Bolsista_FIEX_2025-Projeto-Orquestra-de-Cordas-da-UFSM-I.pdf\">Resultado&nbsp;<\/a><\/td>\n<\/tr>\n<tr style=\"height: 20px\">\n<td style=\"width: 29.422%;height: 10px\">&nbsp;arte#ocupaS M &#8211; Resid\u00eancias art\u00edsticas ( presencial\/onli ne)<\/td>\n<td style=\"width: 22.9296%;height: 10px\">&nbsp;Rebeca Stumm<\/td>\n<td style=\"width: 7.64845%;text-align: center;height: 10px\">01&nbsp;<\/td>\n<td style=\"width: 20%;height: 10px;text-align: center\">&nbsp;<a href=\"https:\/\/www.ufsm.br\/app\/uploads\/sites\/346\/2025\/04\/Edital_bolsista_FIEX_-_CAL_-_Arte_ocupa_assinado.pdf\">Edital<\/a><\/td>\n<td style=\"width: 20%;height: 10px;text-align: center\"><a href=\"https:\/\/www.ufsm.br\/app\/uploads\/sites\/346\/2025\/04\/resultado-FINAL-EDITAL-DE-SELECAO-DE-BOLSISTAS-EDITAL-FIEX-2025_Rebeca-Stumm.pdf\">Resultado Final<\/a><\/td>\n<\/tr>\n<tr style=\"height: 20px\">\n<td style=\"width: 29.422%;height: 10px\">&nbsp;Festival de Pintura de Santa Maria<\/td>\n<td style=\"width: 22.9296%;height: 10px\">&nbsp;Talita Gabriela Robles Esquivel<\/td>\n<td style=\"width: 7.64845%;text-align: center;height: 10px\">02&nbsp;<\/td>\n<td style=\"width: 20%;height: 10px;text-align: center\">&nbsp;<a href=\"https:\/\/www.ufsm.br\/app\/uploads\/sites\/346\/2025\/04\/001-2025-ANEXO-C-EDITAL-DE-SELECAO-DE-BOLSISTAS-EDITAL-FIEX-2025_-_Festival_de_Pintura_assinado-1.pdf\">Edital<\/a><\/td>\n<td style=\"width: 20%;height: 10px;text-align: center\"><a href=\"https:\/\/www.ufsm.br\/app\/uploads\/sites\/346\/2025\/04\/Resultado_final_bolsistas_FIEX_2025_Festival_de_Pintura_assinado_TALITA-GABRIELA-ROBLES-ESQUIVEL.pdf\">Resultado Final<\/a><\/td>\n<\/tr>\n<tr style=\"height: 20px\">\n<td style=\"width: 29.422%;height: 10px\">\n<p>CONVIV\u00caNCIA NAS AFASIAS: MOVIMENTOS EM<\/p>\n<p>GRUPO INTERDISCIPLINAR&nbsp;&#8211; O GIC<\/p>\n<\/td>\n<td style=\"width: 22.9296%;height: 10px\">Celia Helena de P. Della M\u00e9a<\/td>\n<td style=\"width: 7.64845%;text-align: center;height: 10px\">01<\/td>\n<td style=\"width: 20%;height: 10px;text-align: center\"><a href=\"https:\/\/www.ufsm.br\/app\/uploads\/sites\/346\/2025\/04\/001-2025-ANEXO-C-MODELO-DE-EDITAL-DE-SELECAO-DE-BOLSISTAS-EDITAL-FIEX-2025_assinado_Celia-Helena-de-P.-Della-Mea.pdf\">Edital<\/a><\/td>\n<td style=\"width: 20%;height: 10px;text-align: center\"><a href=\"https:\/\/www.ufsm.br\/app\/uploads\/sites\/346\/2025\/04\/resultado_bolsa_FIEX_2025_assinado.pdf\">Resultado&nbsp;<\/a><\/td>\n<\/tr>\n<tr style=\"height: 20px\">\n<td style=\"width: 29.422%;height: 10px\">&nbsp;Concertos Did\u00e1ticos de M\u00fasica &#8211; Rsbones &#8211; Coral de Trombones e Tubas da UFSM<\/td>\n<td style=\"width: 22.9296%;height: 10px\">&nbsp;Diego Ramires da Silva Leite<\/td>\n<td style=\"width: 7.64845%;text-align: center;height: 10px\">01&nbsp;<\/td>\n<td style=\"width: 20%;height: 10px;text-align: center\"><a href=\"https:\/\/www.ufsm.br\/app\/uploads\/sites\/346\/2025\/04\/001-2025-ANEXO-C-MODELO-DE-EDITAL-DE-SELECAO-DE-BOLSISTAS-EDITAL-FIEX-2025_2_assinado-1.pdf\">Edital<\/a>&nbsp;<\/td>\n<td style=\"width: 20%;height: 10px;text-align: center\"><a href=\"https:\/\/www.ufsm.br\/app\/uploads\/sites\/346\/2025\/04\/Edital_Bolsista_FIEX_2025_-_Projeto_Coral_de_Trombones_e_Tubas_-_RSBONES_CAL_-_RESULTADO_-_Copia_assinado-1.pdf\">Resultado&nbsp;<\/a><\/td>\n<\/tr>\n<tr>\n<td style=\"width: 29.422%\">APRENDENDO A TOCAR PIANO<\/td>\n<td style=\"width: 22.9296%\">&nbsp;Silvia Cristina Hasselaar<\/td>\n<td style=\"width: 7.64845%;text-align: center\">01&nbsp;<\/td>\n<td style=\"width: 20%;text-align: center\"><a href=\"https:\/\/www.ufsm.br\/app\/uploads\/sites\/346\/2025\/04\/Edital_bolsista_e_ficha_cadastral_FIEX_2025_assinado.pdf\">Edital<\/a>&nbsp;<\/td>\n<td style=\"width: 20%;text-align: center\">&nbsp;<a href=\"https:\/\/www.ufsm.br\/app\/uploads\/sites\/346\/2025\/04\/Resultado_do_Fiex_2025_assinado2.pdf\">Resultado<\/a><\/td>\n<\/tr>\n<tr>\n<td style=\"width: 29.422%\">Caixa Preta &#8211; Caixa Aberta<\/td>\n<td style=\"width: 22.9296%\">Raquel Guerra<\/td>\n<td style=\"width: 7.64845%;text-align: center\">01<\/td>\n<td style=\"width: 20%;text-align: center\"><a href=\"https:\/\/www.ufsm.br\/app\/uploads\/sites\/346\/2025\/04\/EDITAL-DE-SELECAO-DE-BOLSISTAS-EDITAL-FIEX-2025-CAIXA-PRETA_Raquel-Guerra.pdf\">Edital<\/a><\/td>\n<td style=\"width: 20%;text-align: center\">\n<p><a href=\"https:\/\/www.ufsm.br\/app\/uploads\/sites\/346\/2025\/04\/resultado-preliminar-fiex.pdf\">Resultado&nbsp;&nbsp;<\/a><\/p>\n<p><a href=\"https:\/\/www.ufsm.br\/app\/uploads\/sites\/346\/2025\/05\/Resultado-Final-Projeto-Caixa-Preta-Caixa-Aberta.pdf\">Resultado Final<\/a><\/p>\n<\/td>\n<\/tr>\n<\/tbody>\n<\/table>\t\t\t\t\t\t<\/div>\n\t\t\t\t<\/div>\n\t\t\t\t\t<\/div>\n\t\t<\/div>\n\t\t\t\t\t<\/div>\n\t\t<\/section>\n\t\t\t\t<\/div>\n\t\t","protected":false},"excerpt":{"rendered":"<p>A\u00c7\u00c3O DE EXTENS\u00c3O COORDENADOR(A) BOLSAS EDITAL RESULTADO &nbsp;L\u00ednguas no Campus: desenvolvimento de material did\u00e1tico para qualifica\u00e7\u00e3o do acesso \u00e0 educa\u00e7\u00e3o em ingl\u00eas como l\u00edngua adicional Roseli Gon\u00e7alves do Nascimento 02&nbsp; Edital&nbsp; Resultado Final &nbsp;Caderno de Campo Agroecol\u00f3gico: aplica\u00e7\u00e3o web baseada nos cen\u00e1rios de sistemas sustent\u00e1veis de produ\u00e7\u00e3o de alimentos (059408) &nbsp;Ana Fl\u00e1via Souto de Oliveira [&hellip;]<\/p>\n","protected":false},"author":7238,"featured_media":0,"parent":11502,"menu_order":0,"comment_status":"closed","ping_status":"closed","template":"","meta":{"footnotes":""},"categories":[],"tags":[],"class_list":["post-11504","page","type-page","status-publish","hentry"],"acf":[],"_links":{"self":[{"href":"https:\/\/www.ufsm.br\/pro-reitorias\/pre\/wp-json\/wp\/v2\/pages\/11504","targetHints":{"allow":["GET"]}}],"collection":[{"href":"https:\/\/www.ufsm.br\/pro-reitorias\/pre\/wp-json\/wp\/v2\/pages"}],"about":[{"href":"https:\/\/www.ufsm.br\/pro-reitorias\/pre\/wp-json\/wp\/v2\/types\/page"}],"author":[{"embeddable":true,"href":"https:\/\/www.ufsm.br\/pro-reitorias\/pre\/wp-json\/wp\/v2\/users\/7238"}],"replies":[{"embeddable":true,"href":"https:\/\/www.ufsm.br\/pro-reitorias\/pre\/wp-json\/wp\/v2\/comments?post=11504"}],"version-history":[{"count":0,"href":"https:\/\/www.ufsm.br\/pro-reitorias\/pre\/wp-json\/wp\/v2\/pages\/11504\/revisions"}],"up":[{"embeddable":true,"href":"https:\/\/www.ufsm.br\/pro-reitorias\/pre\/wp-json\/wp\/v2\/pages\/11502"}],"wp:attachment":[{"href":"https:\/\/www.ufsm.br\/pro-reitorias\/pre\/wp-json\/wp\/v2\/media?parent=11504"}],"wp:term":[{"taxonomy":"category","embeddable":true,"href":"https:\/\/www.ufsm.br\/pro-reitorias\/pre\/wp-json\/wp\/v2\/categories?post=11504"},{"taxonomy":"post_tag","embeddable":true,"href":"https:\/\/www.ufsm.br\/pro-reitorias\/pre\/wp-json\/wp\/v2\/tags?post=11504"}],"curies":[{"name":"wp","href":"https:\/\/api.w.org\/{rel}","templated":true}]}}