{"id":11509,"date":"2025-04-11T11:48:19","date_gmt":"2025-04-11T14:48:19","guid":{"rendered":"https:\/\/www.ufsm.br\/pro-reitorias\/pre\/?page_id=11509"},"modified":"2025-05-07T15:54:04","modified_gmt":"2025-05-07T18:54:04","slug":"bolsas-de-extensao-ce-2025","status":"publish","type":"page","link":"https:\/\/www.ufsm.br\/pro-reitorias\/pre\/oportunidades-de-bolsas-de-extensao\/fiex-2025\/bolsas-de-extensao-ce-2025","title":{"rendered":"Bolsas de Extens\u00e3o &#8211; CE 2025"},"content":{"rendered":"\t\t<div data-elementor-type=\"wp-page\" data-elementor-id=\"11509\" class=\"elementor elementor-11509\">\n\t\t\t\t\t\t<section class=\"elementor-section elementor-top-section elementor-element elementor-element-e1c8ea3 elementor-section-boxed elementor-section-height-default elementor-section-height-default\" data-id=\"e1c8ea3\" data-element_type=\"section\">\n\t\t\t\t\t\t<div class=\"elementor-container elementor-column-gap-default\">\n\t\t\t\t\t<div class=\"elementor-column elementor-col-100 elementor-top-column elementor-element elementor-element-e272be3\" data-id=\"e272be3\" data-element_type=\"column\">\n\t\t\t<div class=\"elementor-widget-wrap elementor-element-populated\">\n\t\t\t\t\t\t<div class=\"elementor-element elementor-element-3c29427 elementor-widget elementor-widget-text-editor\" data-id=\"3c29427\" data-element_type=\"widget\" data-widget_type=\"text-editor.default\">\n\t\t\t\t<div class=\"elementor-widget-container\">\n\t\t\t\t\t\t\t<table style=\"height: 168px;width: 92.101%;border-collapse: collapse\" cellpadding=\"20 px\"><tbody><tr style=\"height: 24px\"><td style=\"width: 36.6667%;height: 24px;text-align: center\"><span style=\"font-family: arial, helvetica, sans-serif\"><strong>A\u00c7\u00c3O DE EXTENS\u00c3O<\/strong><\/span><\/td><td style=\"width: 3.33336%;height: 24px;text-align: center\"><span style=\"font-family: arial, helvetica, sans-serif\"><strong>COORDENADOR(A)<\/strong><\/span><\/td><td style=\"width: 20%;height: 24px;text-align: center\"><span style=\"font-family: arial, helvetica, sans-serif\"><strong>BOLSAS<\/strong><\/span><\/td><td style=\"width: 20%;height: 24px;text-align: center\"><span style=\"font-family: arial, helvetica, sans-serif\"><strong>EDITAL<\/strong><\/span><\/td><td style=\"width: 20%;height: 24px;text-align: center\"><span style=\"font-family: arial, helvetica, sans-serif\"><strong>RESULTADO<\/strong><\/span><\/td><\/tr><tr style=\"height: 20px\"><td style=\"width: 36.6667%;height: 10px\">\u00a0Projeto Piloto: Desenvolvimento do prot\u00f3tipo EduEsp Pocket Guide para auxiliar nas pr\u00e1ticas pedag\u00f3gicas com estudantes com Defici\u00eancia Intelectual e\/ou Transtorno do Espectro Autista<\/td><td style=\"width: 3.33336%;height: 10px\">\u00a0Sabrina Fernandes de Castro<\/td><td style=\"width: 20%;text-align: center;height: 10px\">01\u00a0<\/td><td style=\"width: 20%;height: 10px;text-align: center\">\u00a0<a href=\"https:\/\/www.ufsm.br\/app\/uploads\/sites\/346\/2025\/04\/Edital_de_selecao_de_bolsista_Sabrina_assinado.pdf\">Edital<\/a><\/td><td style=\"width: 20%;height: 10px;text-align: center\"><p><a href=\"https:\/\/www.ufsm.br\/app\/uploads\/sites\/346\/2025\/04\/Divulgacao_resultado_preliminar_assinado_Sabrina-Castro.pdf\">Resultado Preliminar <\/a><\/p><p><a href=\"https:\/\/www.ufsm.br\/app\/uploads\/sites\/346\/2025\/05\/Sabrina-Fernandes-de-Castro_resultado-final_CE.pdf\">Resultado Final<\/a><\/p><p><a href=\"https:\/\/www.ufsm.br\/app\/uploads\/sites\/346\/2025\/05\/RETIFICACAO-resultado-FINAL_CE.pdf\">RETIFICA\u00c7\u00c3O Resultado Final<\/a><\/p><\/td><\/tr><tr style=\"height: 20px\"><td style=\"width: 36.6667%;height: 10px\">Oficinas Pedag\u00f3gicas<br \/>para a Produ\u00e7\u00e3o de<br \/>Objetos Digitais de Ensino<br \/>e de Aprendizagem<br \/>Potencialmente<br \/>Significativos com Vistas<br \/>\u00e0 Acessibilidade<\/td><td style=\"width: 3.33336%;height: 10px\">Tania Micheline Miorando<\/td><td style=\"width: 20%;text-align: center;height: 10px\">01<\/td><td style=\"width: 20%;height: 10px;text-align: center\"><a href=\"https:\/\/www.ufsm.br\/app\/uploads\/sites\/346\/2025\/04\/Tania-Micheline-Miorando_CE.pdf\">Edital<\/a><\/td><td style=\"width: 20%;height: 10px;text-align: center\"><a href=\"https:\/\/www.ufsm.br\/app\/uploads\/sites\/346\/2025\/05\/Tania-Micheline-Miorando_resultado-final_CE.pdf\">Resultado Final<\/a><\/td><\/tr><tr style=\"height: 24px\"><td style=\"width: 36.6667%;height: 24px\">\u00a0<span style=\"font-size: 12pt\" data-sheets-root=\"1\">MUSICALIZA\u00c7\u00c3O DE BEB\u00caS: DA CL\u00cdNICA \u00c0 EDUCA\u00c7\u00c3O<\/span><\/td><td style=\"width: 3.33336%;height: 24px\">\u00a0<span style=\"font-size: 12pt\" data-sheets-root=\"1\">ARUNA NOAL CORREA<\/span><\/td><td style=\"width: 20%;text-align: center;height: 24px\">01\u00a0<\/td><td style=\"width: 20%;height: 24px;text-align: center\">\u00a0<a href=\"https:\/\/www.ufsm.br\/app\/uploads\/sites\/346\/2025\/04\/Edital_de_selecao_de_bolsistas_FIEX_2025_Musicalizacao_de_bebes_assinado.pdf\">Edital<\/a><\/td><td style=\"width: 20%;height: 24px;text-align: center\"><p><a href=\"https:\/\/www.ufsm.br\/app\/uploads\/sites\/346\/2025\/04\/Divulgacao_resultado_preliminar_FIEX_2025_Musicalizacao_assinado.pdf\">Resultado Preliminar<\/a><\/p><p><a href=\"https:\/\/www.ufsm.br\/app\/uploads\/sites\/346\/2025\/04\/Divulgacao_RESULTADO_FINAL_FIEX_2025_Musicalizacao_assinado_Aruna-Noal-Correa.pdf\">Resultado Final<\/a><\/p><\/td><\/tr><tr style=\"height: 20px\"><td style=\"width: 36.6667%;height: 10px\">\u00a0CAF\u00c9 COM LETRAS EDUCA\u00c7\u00c3O E DIREITOS HUMANOS<\/td><td style=\"width: 3.33336%;height: 10px\">\u00a0JANE SCHUMACHER<\/td><td style=\"width: 20%;text-align: center;height: 10px\">01\u00a0<\/td><td style=\"width: 20%;height: 10px;text-align: center\"><a href=\"https:\/\/www.ufsm.br\/app\/uploads\/sites\/346\/2025\/04\/EDITAL-DE-SELECAO-DE-BOLSISTAS-EDITAL-FIEX-2025_CAFE_COM_LETRAS_assinado.pdf\">Edital<\/a>\u00a0<\/td><td style=\"width: 20%;height: 10px;text-align: center\"><a href=\"https:\/\/www.ufsm.br\/app\/uploads\/sites\/346\/2025\/04\/RESULTADO_SELECAO_DE_BOLSISTAS_assinado_JANE-SCHUMACHER.pdf\">Resultado Final<\/a><\/td><\/tr><tr style=\"height: 20px\"><td style=\"width: 36.6667%;height: 10px\">\u00a0Esporte Orienta\u00e7\u00e3o UFSM\u00a0<\/td><td style=\"width: 3.33336%;height: 10px\">\u00a0<span style=\"font-family: Arial, Helvetica, sans-serif;font-size: small\">Phillip Vilanova Ilha<\/span><\/td><td style=\"width: 20%;text-align: center;height: 10px\">\u00a001<\/td><td style=\"width: 20%;height: 10px;text-align: center\"><a href=\"https:\/\/www.ufsm.br\/app\/uploads\/sites\/346\/2025\/04\/EDITAL-DE-SELECAO-DE-BOLSISTAS-EDITAL-FIEX-2025_assinado-3.pdf\">Edital<\/a>\u00a0<\/td><td style=\"width: 20%;height: 10px;text-align: center\"><a href=\"https:\/\/www.ufsm.br\/app\/uploads\/sites\/346\/2025\/05\/Resultado_final_assinado-8.pdf\">Resultado Final<\/a><\/td><\/tr><tr style=\"height: 20px\"><td style=\"width: 36.6667%;height: 10px\">FORMA\u00c7\u00c3O INICIAL E<br \/>CONTINUADA DE<br \/>PROFESSORES NO<br \/>CONTEXTO<br \/>DA EDUCA\u00c7\u00c3O E<br \/>INF\u00c2NCIAS<\/td><td style=\"width: 3.33336%;height: 10px\">Kelly Werle<\/td><td style=\"width: 20%;text-align: center;height: 10px\">02<\/td><td style=\"width: 20%;height: 10px;text-align: center\"><a href=\"https:\/\/www.ufsm.br\/app\/uploads\/sites\/346\/2025\/04\/Kelly-Werle_CE.pdf\">Edital,<\/a>\u00a0 <a href=\"https:\/\/www.ufsm.br\/app\/uploads\/sites\/346\/2025\/04\/Edital_selecao_bolsista_fiex_nepei_2025_retificado_KELLY-WERLE.pdf\">Edital Retificado<\/a><\/td><td style=\"width: 20%;height: 10px;text-align: center\"><a href=\"https:\/\/www.ufsm.br\/app\/uploads\/sites\/346\/2025\/04\/Resultado_fiex_nepei_2025_assinado_KELLY-WERLE.pdf\">Resultado Final<\/a><\/td><\/tr><tr style=\"height: 20px\"><td style=\"width: 36.6667%;height: 10px\">COLETIVO FLUIR: Territ\u00f3rios<br \/>Educativos Intersetoriais de a\u00e7\u00f5es e<br \/>pol\u00edticas em defesa das crian\u00e7as em<br \/>contextos vulner\u00e1veis.<\/td><td style=\"width: 3.33336%;height: 10px\">Fabiane Romano de Souza Bridi<\/td><td style=\"width: 20%;text-align: center;height: 10px\">01<\/td><td style=\"width: 20%;height: 10px;text-align: center\"><a href=\"https:\/\/www.ufsm.br\/app\/uploads\/sites\/346\/2025\/04\/EDITAL_Bolsista_001-2025-PRE-UFSM-FIEX-2025_Final_assinado_Fabiane-Romano-de-Souza-Bridi.pdf\">Edital<\/a><\/td><td style=\"width: 20%;height: 10px;text-align: center\"><a href=\"https:\/\/www.ufsm.br\/app\/uploads\/sites\/346\/2025\/05\/Resultado_FINAL_Fiex_-_Coletivo_Fluir_assinado.pdf\">Resultado Final\u00a0<\/a><\/td><\/tr><tr style=\"height: 20px\"><td style=\"width: 36.6667%;height: 10px\">Tecendo movimentos colaborativos:<br \/>pesquisa, doc\u00eancias, inf\u00e2ncias e<br \/>forma\u00e7\u00e3o<\/td><td style=\"width: 3.33336%;height: 10px\">Taciana Camara Segat.<\/td><td style=\"width: 20%;text-align: center;height: 10px\">01<\/td><td style=\"width: 20%;height: 10px;text-align: center\"><a href=\"https:\/\/www.ufsm.br\/app\/uploads\/sites\/346\/2025\/04\/Taciana-Camara-Segat_CE.pdf\">Edital<\/a><\/td><td style=\"width: 20%;height: 10px;text-align: center\"><a href=\"https:\/\/www.ufsm.br\/app\/uploads\/sites\/346\/2025\/05\/Taciana-Camera-Segat_resultado-final_CE.pdf\">Resultado Final\u00a0<\/a><\/td><\/tr><tr style=\"height: 20px\"><td style=\"width: 36.6667%;height: 10px\">\u00a0CluMat nas escolas: Clube de Matem\u00e1tica para alunos e professores<\/td><td style=\"width: 3.33336%;height: 10px\">\u00a0Simone Pozebon<\/td><td style=\"width: 20%;text-align: center;height: 10px\">\u00a001<\/td><td style=\"width: 20%;height: 10px;text-align: center\"><a href=\"https:\/\/www.ufsm.br\/app\/uploads\/sites\/346\/2025\/04\/Edital_Bolsas_FIEX_assinado.pdf\">Edital<\/a>\u00a0<\/td><td style=\"width: 20%;height: 10px;text-align: center\"><a href=\"https:\/\/www.ufsm.br\/app\/uploads\/sites\/346\/2025\/04\/Resultado_selecao_bolsista_assinado-2.pdf\">\u00a0Resultado<\/a><\/td><\/tr><tr style=\"height: 20px\"><td style=\"width: 36.6667%;height: 10px\">\u00a0A\u00c7\u00d5ES EXTENSIONISTAS DE ASSESSORAMENTO \u00c0S ESCOLAS P\u00daBLICAS DE EDUCA\u00c7\u00c3O B\u00c1SICA PARA A ORGANIZA\u00c7\u00c3O E DESENVOLVIMENTO DO TRABALHO ESCOLAR (AEATE)<\/td><td style=\"width: 3.33336%;height: 10px\">\u00a0Eduardo A. Terrazzan<\/td><td style=\"width: 20%;text-align: center;height: 10px\">02<\/td><td style=\"width: 20%;height: 10px;text-align: center\"><a href=\"https:\/\/www.ufsm.br\/app\/uploads\/sites\/346\/2025\/04\/EditalFIEX2025-EditalBolsista-ProjetoAEATE052241-ProfEduardoTerrazzan-EduT250422-2.pdf\">Edital<\/a>\u00a0<\/td><td style=\"width: 20%;height: 10px;text-align: center\"><a href=\"https:\/\/www.ufsm.br\/app\/uploads\/sites\/346\/2025\/05\/EditalFIEX2025-ResultadosEditalBolsista-ProjetoAEATE052241-ProfEduardoATerrazzan-EduT250430.pdf\">Resultado Final<\/a><\/td><\/tr><tr><td style=\"width: 36.6667%\">Pedagogia da coexist\u00eancia: os saberes decoloniais em face das cat\u00e1strofes clim\u00e1ticas<\/td><td style=\"width: 3.33336%\">Luciana Bagolin Zambon<\/td><td style=\"width: 20%;text-align: center\">02<\/td><td style=\"width: 20%;text-align: center\"><a href=\"https:\/\/www.ufsm.br\/app\/uploads\/sites\/346\/2025\/04\/EDITAL-DE-SELECAO-DE-BOLSISTAS-EDITAL-FIEX-2025_assinado-1-2.pdf\">Edital<\/a><\/td><td style=\"width: 20%;text-align: center\"><a href=\"https:\/\/www.ufsm.br\/app\/uploads\/sites\/346\/2025\/04\/fiex_assinado_Luciana-Zambon.pdf\">Resultado Preliminar<\/a><br \/><a href=\"https:\/\/www.ufsm.br\/app\/uploads\/sites\/346\/2025\/05\/fiex_final_assinado.pdf\">Resultado Final<\/a><\/td><\/tr><\/tbody><\/table>\t\t\t\t\t\t<\/div>\n\t\t\t\t<\/div>\n\t\t\t\t\t<\/div>\n\t\t<\/div>\n\t\t\t\t\t<\/div>\n\t\t<\/section>\n\t\t\t\t<\/div>\n\t\t","protected":false},"excerpt":{"rendered":"<p>A\u00c7\u00c3O DE EXTENS\u00c3O COORDENADOR(A) BOLSAS EDITAL RESULTADO \u00a0Projeto Piloto: Desenvolvimento do prot\u00f3tipo EduEsp Pocket Guide para auxiliar nas pr\u00e1ticas pedag\u00f3gicas com estudantes com Defici\u00eancia Intelectual e\/ou Transtorno do Espectro Autista \u00a0Sabrina Fernandes de Castro 01\u00a0 \u00a0Edital Resultado Preliminar Resultado Final RETIFICA\u00c7\u00c3O Resultado Final Oficinas Pedag\u00f3gicaspara a Produ\u00e7\u00e3o deObjetos Digitais de Ensinoe de AprendizagemPotencialmenteSignificativos com Vistas\u00e0 [&hellip;]<\/p>\n","protected":false},"author":7238,"featured_media":0,"parent":11502,"menu_order":0,"comment_status":"closed","ping_status":"closed","template":"","meta":{"footnotes":""},"categories":[],"tags":[],"class_list":["post-11509","page","type-page","status-publish","hentry"],"acf":[],"_links":{"self":[{"href":"https:\/\/www.ufsm.br\/pro-reitorias\/pre\/wp-json\/wp\/v2\/pages\/11509","targetHints":{"allow":["GET"]}}],"collection":[{"href":"https:\/\/www.ufsm.br\/pro-reitorias\/pre\/wp-json\/wp\/v2\/pages"}],"about":[{"href":"https:\/\/www.ufsm.br\/pro-reitorias\/pre\/wp-json\/wp\/v2\/types\/page"}],"author":[{"embeddable":true,"href":"https:\/\/www.ufsm.br\/pro-reitorias\/pre\/wp-json\/wp\/v2\/users\/7238"}],"replies":[{"embeddable":true,"href":"https:\/\/www.ufsm.br\/pro-reitorias\/pre\/wp-json\/wp\/v2\/comments?post=11509"}],"version-history":[{"count":0,"href":"https:\/\/www.ufsm.br\/pro-reitorias\/pre\/wp-json\/wp\/v2\/pages\/11509\/revisions"}],"up":[{"embeddable":true,"href":"https:\/\/www.ufsm.br\/pro-reitorias\/pre\/wp-json\/wp\/v2\/pages\/11502"}],"wp:attachment":[{"href":"https:\/\/www.ufsm.br\/pro-reitorias\/pre\/wp-json\/wp\/v2\/media?parent=11509"}],"wp:term":[{"taxonomy":"category","embeddable":true,"href":"https:\/\/www.ufsm.br\/pro-reitorias\/pre\/wp-json\/wp\/v2\/categories?post=11509"},{"taxonomy":"post_tag","embeddable":true,"href":"https:\/\/www.ufsm.br\/pro-reitorias\/pre\/wp-json\/wp\/v2\/tags?post=11509"}],"curies":[{"name":"wp","href":"https:\/\/api.w.org\/{rel}","templated":true}]}}