{"id":14493,"date":"2025-12-05T13:07:09","date_gmt":"2025-12-05T16:07:09","guid":{"rendered":"https:\/\/www.ufsm.br\/pro-reitorias\/pre\/?page_id=14493"},"modified":"2025-12-05T15:21:44","modified_gmt":"2025-12-05T18:21:44","slug":"certificados-do-curso-de-extensao-e-do-i-seminario-de-extensao","status":"publish","type":"page","link":"https:\/\/www.ufsm.br\/pro-reitorias\/pre\/certificados-do-curso-de-extensao-e-do-i-seminario-de-extensao","title":{"rendered":"Certificados do Curso de Extens\u00e3o e do I Semin\u00e1rio de Extens\u00e3o"},"content":{"rendered":"\t\t<div data-elementor-type=\"wp-page\" data-elementor-id=\"14493\" class=\"elementor elementor-14493\">\n\t\t\t\t\t\t<section class=\"elementor-section elementor-top-section elementor-element elementor-element-b29be3d elementor-section-boxed elementor-section-height-default elementor-section-height-default\" data-id=\"b29be3d\" data-element_type=\"section\">\n\t\t\t\t\t\t<div class=\"elementor-container elementor-column-gap-default\">\n\t\t\t\t\t<div class=\"elementor-column elementor-col-100 elementor-top-column elementor-element elementor-element-f45fd3d\" data-id=\"f45fd3d\" data-element_type=\"column\">\n\t\t\t<div class=\"elementor-widget-wrap elementor-element-populated\">\n\t\t\t\t\t\t<div class=\"elementor-element elementor-element-4ccdc8f elementor-widget elementor-widget-text-editor\" data-id=\"4ccdc8f\" data-element_type=\"widget\" data-widget_type=\"text-editor.default\">\n\t\t\t\t<div class=\"elementor-widget-container\">\n\t\t\t\t\t\t\t<p>Informamos que os <strong>certificados<\/strong> das\/os participantes do Curso de Forma\u00e7\u00e3o em Extens\u00e3o Universit\u00e1ria para Estudantes e\/ou do I Semin\u00e1rio de Acompanhamento da Inser\u00e7\u00e3o da Extens\u00e3o nos Curr\u00edculos de Gradua\u00e7\u00e3o <strong>est\u00e3o prontos<\/strong> e podem ser acessados no <strong><span style=\"text-decoration: underline\"><a href=\"https:\/\/portal.ufsm.br\/certificados\/mainMenu.html\">Portal de Certificados<\/a><\/span>, usando o nome completo usado na hora da inscri\u00e7\u00e3o.<\/strong><\/p>\t\t\t\t\t\t<\/div>\n\t\t\t\t<\/div>\n\t\t\t\t\t<\/div>\n\t\t<\/div>\n\t\t\t\t\t<\/div>\n\t\t<\/section>\n\t\t\t\t<\/div>\n\t\t","protected":false},"excerpt":{"rendered":"<p>Informamos que os certificados das\/os participantes do Curso de Forma\u00e7\u00e3o em Extens\u00e3o Universit\u00e1ria para Estudantes e\/ou do I Semin\u00e1rio de Acompanhamento da Inser\u00e7\u00e3o da Extens\u00e3o nos Curr\u00edculos de Gradua\u00e7\u00e3o est\u00e3o prontos e podem ser acessados no Portal de Certificados, usando o nome completo usado na hora da inscri\u00e7\u00e3o.<\/p>\n","protected":false},"author":7238,"featured_media":0,"parent":0,"menu_order":0,"comment_status":"closed","ping_status":"closed","template":"","meta":{"footnotes":""},"categories":[],"tags":[],"class_list":["post-14493","page","type-page","status-publish","hentry"],"acf":[],"_links":{"self":[{"href":"https:\/\/www.ufsm.br\/pro-reitorias\/pre\/wp-json\/wp\/v2\/pages\/14493","targetHints":{"allow":["GET"]}}],"collection":[{"href":"https:\/\/www.ufsm.br\/pro-reitorias\/pre\/wp-json\/wp\/v2\/pages"}],"about":[{"href":"https:\/\/www.ufsm.br\/pro-reitorias\/pre\/wp-json\/wp\/v2\/types\/page"}],"author":[{"embeddable":true,"href":"https:\/\/www.ufsm.br\/pro-reitorias\/pre\/wp-json\/wp\/v2\/users\/7238"}],"replies":[{"embeddable":true,"href":"https:\/\/www.ufsm.br\/pro-reitorias\/pre\/wp-json\/wp\/v2\/comments?post=14493"}],"version-history":[{"count":0,"href":"https:\/\/www.ufsm.br\/pro-reitorias\/pre\/wp-json\/wp\/v2\/pages\/14493\/revisions"}],"wp:attachment":[{"href":"https:\/\/www.ufsm.br\/pro-reitorias\/pre\/wp-json\/wp\/v2\/media?parent=14493"}],"wp:term":[{"taxonomy":"category","embeddable":true,"href":"https:\/\/www.ufsm.br\/pro-reitorias\/pre\/wp-json\/wp\/v2\/categories?post=14493"},{"taxonomy":"post_tag","embeddable":true,"href":"https:\/\/www.ufsm.br\/pro-reitorias\/pre\/wp-json\/wp\/v2\/tags?post=14493"}],"curies":[{"name":"wp","href":"https:\/\/api.w.org\/{rel}","templated":true}]}}