{"id":2985,"date":"2019-09-03T16:18:29","date_gmt":"2019-09-03T19:18:29","guid":{"rendered":"https:\/\/www.ufsm.br\/pro-reitorias\/pre\/?page_id=2985"},"modified":"2019-09-03T16:44:57","modified_gmt":"2019-09-03T19:44:57","slug":"producao-de-videos-institucionais-dos-geoparques-cacapava-e-da-quarta-colonia","status":"publish","type":"page","link":"https:\/\/www.ufsm.br\/pro-reitorias\/pre\/producao-de-videos-institucionais-dos-geoparques-cacapava-e-da-quarta-colonia","title":{"rendered":"Produ\u00e7\u00e3o de v\u00eddeos institucionais dos Geoparques Ca\u00e7apava e da Quarta Col\u00f4nia"},"content":{"rendered":"\n<p align=\"justify\"><strong>Coordenadora:<\/strong> Aline Roes Dalmolin<\/p>\n<p align=\"justify\"><strong>Resumo:<\/strong> O projeto se destina a realiza\u00e7\u00e3o de v\u00eddeos institucionais sobre os Geoparques Ca\u00e7apava do Sul e da Quarta Col\u00f4nia, no \u00e2mbito das disciplinas de produ\u00e7\u00e3o audiovisual no curso de Comunica\u00e7\u00e3o Social &#8211; Produ\u00e7\u00e3o Editorial. Os v\u00eddeos s\u00e3o necess\u00e1rios para credenciar os espa\u00e7os dos Geoparques Ca\u00e7apava e da Quarta Col\u00f4nia \u00e0 obten\u00e7\u00e3o da chancela da Unesco.<\/p>\n<p align=\"justify\">Tem como objetivo produzir um conjunto de v\u00eddeos institucionais, com diferentes formatos e linguagens, visando desenvolver diferentes formatos audiovisuais junto aos acad\u00eamicos de comunica\u00e7\u00e3o social. Visa aproximar pesquisadores e estudantes, popularizar o conhecimento produzido na universidade e difundir a ci\u00eancia atrav\u00e9s da divulga\u00e7\u00e3o cient\u00edfica.<\/p>\n<p align=\"justify\">O projeto justifica-se no sentido de realizar um conjunto de a\u00e7\u00f5es de apoio \u00e0 iniciativa dos Geoparques. Os v\u00eddeos produzidos tem como intuito credenciar os espa\u00e7os dos Geoparques Ca\u00e7apava e da Quarta Col\u00f4nia ao selo da Unesco, sendo esse um dos requisitos para tal reconhecimento.<\/p>\n<p align=\"justify\">\u00a0<\/p>\n","protected":false},"excerpt":{"rendered":"<p>Coordenadora: Aline Roes Dalmolin Resumo: O projeto se destina a realiza\u00e7\u00e3o de v\u00eddeos institucionais sobre os Geoparques Ca\u00e7apava do Sul e da Quarta Col\u00f4nia, no \u00e2mbito das disciplinas de produ\u00e7\u00e3o audiovisual no curso de Comunica\u00e7\u00e3o Social &#8211; Produ\u00e7\u00e3o Editorial. Os v\u00eddeos s\u00e3o necess\u00e1rios para credenciar os espa\u00e7os dos Geoparques Ca\u00e7apava e da Quarta Col\u00f4nia \u00e0 [&hellip;]<\/p>\n","protected":false},"author":1265,"featured_media":0,"parent":0,"menu_order":0,"comment_status":"closed","ping_status":"closed","template":"","meta":{"footnotes":""},"categories":[],"tags":[],"class_list":["post-2985","page","type-page","status-publish","hentry"],"acf":[],"_links":{"self":[{"href":"https:\/\/www.ufsm.br\/pro-reitorias\/pre\/wp-json\/wp\/v2\/pages\/2985","targetHints":{"allow":["GET"]}}],"collection":[{"href":"https:\/\/www.ufsm.br\/pro-reitorias\/pre\/wp-json\/wp\/v2\/pages"}],"about":[{"href":"https:\/\/www.ufsm.br\/pro-reitorias\/pre\/wp-json\/wp\/v2\/types\/page"}],"author":[{"embeddable":true,"href":"https:\/\/www.ufsm.br\/pro-reitorias\/pre\/wp-json\/wp\/v2\/users\/1265"}],"replies":[{"embeddable":true,"href":"https:\/\/www.ufsm.br\/pro-reitorias\/pre\/wp-json\/wp\/v2\/comments?post=2985"}],"version-history":[{"count":0,"href":"https:\/\/www.ufsm.br\/pro-reitorias\/pre\/wp-json\/wp\/v2\/pages\/2985\/revisions"}],"wp:attachment":[{"href":"https:\/\/www.ufsm.br\/pro-reitorias\/pre\/wp-json\/wp\/v2\/media?parent=2985"}],"wp:term":[{"taxonomy":"category","embeddable":true,"href":"https:\/\/www.ufsm.br\/pro-reitorias\/pre\/wp-json\/wp\/v2\/categories?post=2985"},{"taxonomy":"post_tag","embeddable":true,"href":"https:\/\/www.ufsm.br\/pro-reitorias\/pre\/wp-json\/wp\/v2\/tags?post=2985"}],"curies":[{"name":"wp","href":"https:\/\/api.w.org\/{rel}","templated":true}]}}