{"id":2991,"date":"2019-09-03T16:51:12","date_gmt":"2019-09-03T19:51:12","guid":{"rendered":"https:\/\/www.ufsm.br\/pro-reitorias\/pre\/?page_id=2991"},"modified":"2019-09-03T17:45:21","modified_gmt":"2019-09-03T20:45:21","slug":"valorizacao-e-divulgacao-do-patrimonio-paleontologico-de-cacapava-do-sul","status":"publish","type":"page","link":"https:\/\/www.ufsm.br\/pro-reitorias\/pre\/valorizacao-e-divulgacao-do-patrimonio-paleontologico-de-cacapava-do-sul","title":{"rendered":"Valoriza\u00e7\u00e3o e divulga\u00e7\u00e3o do patrim\u00f4nio paleontol\u00f3gico de Ca\u00e7apava do Sul"},"content":{"rendered":"\n<p align=\"justify\"><strong>Coordenador<\/strong>: \u00c1tila Augusto Stock da Rosa<\/p>\n<p align=\"justify\"><strong>Resumo:<\/strong> As a\u00e7\u00f5es t\u00eam como objetivos fortalecer, potencializar e divulgar o artesanato local para realizarem um trabalho diferenciado e voltado \u00e0 paleontologia e a geologia do local; qualifica\u00e7\u00e3o de artes\u00e3os (majoritariamente mulheres) para que seus trabalhos adquiram identidade local e valoriza\u00e7\u00e3o e qualifica\u00e7\u00e3o de professores para o ensino de Geoci\u00eancias e Paleontologia, com base em exemplos locais.<\/p>\n<p align=\"justify\">A\u00e7\u00f5es previstas:<\/p>\n<p>* Oficina de capacita\u00e7\u00e3o e qualifica\u00e7\u00e3o de artes\u00e3os de Ca\u00e7apava do Sul (majoritariamente mulheres), tendo como tema principal o patrim\u00f4nio paleontol\u00f3gico, as a\u00e7\u00f5es ser\u00e3o divididas em quatro etapas:<\/p>\n<ul>\n<li>I) Conhecer \u2013 investiga\u00e7\u00e3o, realiza\u00e7\u00e3o de pesquisas presenciais, entrevistas, visitas de campo, banco de imagens, relat\u00f3rios que permitam aproximar e compreender melhor o lugar e as pessoas, levantamento do artesanato local;<\/li>\n<li>II) Cocriar \u2013 Planejamento participativo, reuni\u00f5es criativas, desenho coletivo de solu\u00e7\u00f5es, potencializando ao m\u00e1ximo a coopera\u00e7\u00e3o de todos, com apresenta\u00e7\u00e3o de modelos, cores, texturas; cria\u00e7\u00e3o de uma marca que engloba todas as artes\u00e3s;<\/li>\n<li>III) Realizar \u2013 Fazer sair as boas id\u00e9ias do papel, com treinamentos, encontros de monitoramento e avalia\u00e7\u00e3o do trabalho que esta sendo feito;<\/li>\n<li>IV) Exposi\u00e7\u00e3o e Venda \u2013 Apresenta\u00e7\u00e3o ao publico local e tur\u00edstico dos produtos desenvolvidos ao longo das oficinas, que j\u00e1 estejam dispon\u00edveis para a venda.<\/li>\n<\/ul>\n<p>* Oficinas para capacita\u00e7\u00e3o de professores em Geoci\u00eancias e Paleontologia, tendo como tema principal a difus\u00e3o do conhecimento paleontol\u00f3gico local e experi\u00eancia pratica de aprendizado, adequadas ao calend\u00e1rio escolar, separadas nas seguintes etapas: Prepara\u00e7\u00e3o das oficinas; Realiza\u00e7\u00e3o das oficinas; monitoramento e avalia\u00e7\u00e3o do trabalho.<\/p>\n<p align=\"justify\">Para acessar o projeto no Portal de Projetos, clique <a href=\"https:\/\/portal.ufsm.br\/projetos\/publico\/projetos\/view.html?idProjeto=63376\">aqui<\/a>.<\/p>\n<p align=\"justify\"><br \/><br \/><\/p>\n","protected":false},"excerpt":{"rendered":"<p>Coordenador: \u00c1tila Augusto Stock da Rosa Resumo: As a\u00e7\u00f5es t\u00eam como objetivos fortalecer, potencializar e divulgar o artesanato local para realizarem um trabalho diferenciado e voltado \u00e0 paleontologia e a geologia do local; qualifica\u00e7\u00e3o de artes\u00e3os (majoritariamente mulheres) para que seus trabalhos adquiram identidade local e valoriza\u00e7\u00e3o e qualifica\u00e7\u00e3o de professores para o ensino de [&hellip;]<\/p>\n","protected":false},"author":1265,"featured_media":0,"parent":0,"menu_order":0,"comment_status":"closed","ping_status":"closed","template":"","meta":{"footnotes":""},"categories":[],"tags":[],"class_list":["post-2991","page","type-page","status-publish","hentry"],"acf":[],"_links":{"self":[{"href":"https:\/\/www.ufsm.br\/pro-reitorias\/pre\/wp-json\/wp\/v2\/pages\/2991","targetHints":{"allow":["GET"]}}],"collection":[{"href":"https:\/\/www.ufsm.br\/pro-reitorias\/pre\/wp-json\/wp\/v2\/pages"}],"about":[{"href":"https:\/\/www.ufsm.br\/pro-reitorias\/pre\/wp-json\/wp\/v2\/types\/page"}],"author":[{"embeddable":true,"href":"https:\/\/www.ufsm.br\/pro-reitorias\/pre\/wp-json\/wp\/v2\/users\/1265"}],"replies":[{"embeddable":true,"href":"https:\/\/www.ufsm.br\/pro-reitorias\/pre\/wp-json\/wp\/v2\/comments?post=2991"}],"version-history":[{"count":0,"href":"https:\/\/www.ufsm.br\/pro-reitorias\/pre\/wp-json\/wp\/v2\/pages\/2991\/revisions"}],"wp:attachment":[{"href":"https:\/\/www.ufsm.br\/pro-reitorias\/pre\/wp-json\/wp\/v2\/media?parent=2991"}],"wp:term":[{"taxonomy":"category","embeddable":true,"href":"https:\/\/www.ufsm.br\/pro-reitorias\/pre\/wp-json\/wp\/v2\/categories?post=2991"},{"taxonomy":"post_tag","embeddable":true,"href":"https:\/\/www.ufsm.br\/pro-reitorias\/pre\/wp-json\/wp\/v2\/tags?post=2991"}],"curies":[{"name":"wp","href":"https:\/\/api.w.org\/{rel}","templated":true}]}}