{"id":3001,"date":"2019-09-04T16:11:27","date_gmt":"2019-09-04T19:11:27","guid":{"rendered":"https:\/\/www.ufsm.br\/pro-reitorias\/pre\/?page_id=3001"},"modified":"2019-09-04T16:11:30","modified_gmt":"2019-09-04T19:11:30","slug":"turismo-rural-cultural-e-religioso-uma-convergencia-possivel-no-roteiro-dos-capiteis","status":"publish","type":"page","link":"https:\/\/www.ufsm.br\/pro-reitorias\/pre\/turismo-rural-cultural-e-religioso-uma-convergencia-possivel-no-roteiro-dos-capiteis","title":{"rendered":"Turismo Rural, Cultural e Religioso: uma converg\u00eancia poss\u00edvel no roteiro dos capit\u00e9is"},"content":{"rendered":"\n<p><strong>Coordenadora:<\/strong> Dalva Maria Righi Dotto<\/p>\n<p><strong>Resumo:<\/strong> Os capit\u00e9is s\u00e3o considerados um elemento singular da sacraliza\u00e7\u00e3o do territ\u00f3rio, mais comumente encontrados no norte da It\u00e1lia, com uma estrutura arquitet\u00f4nica religiosa crist\u00e3 similar a Igrejas, por\u00e9m de pequenas dimens\u00f5es, nascido de um culto popular transmitido ao longo dos s\u00e9culos. Esta tradi\u00e7\u00e3o foi reproduzida pelos imigrantes italianos no sul do Brasil, sendo que no munic\u00edpio de Nova Palma existem aproximadamente 40 capit\u00e9is, cujas constru\u00e7\u00f5es atingem o per\u00edodo de 1890 a 1982. Atualmente, na It\u00e1lia, muitos capit\u00e9is encontram-se preservados e s\u00e3o utilizados como atrativo tur\u00edstico principal de itiner\u00e1rios a exemplo do &#8220;II Percorso Dei Dieci Capitelli&#8221;, um caminho circular, com 8 km, aberto todo o ano, que serpenteia pelas belas vinhas da zona rural ao redor e acima de Monteforte d&#8217;Alpone, em Verona\/IT. Com esta perspectiva, este projeto tem como proposta a verifica\u00e7\u00e3o da situa\u00e7\u00e3o atual dos capit\u00e9is existentes em Nova Palma, com a realiza\u00e7\u00e3o de um mapeamento, caracteriza\u00e7\u00e3o e georreferenciamento destes capit\u00e9is, para estrutura\u00e7\u00e3o de um roteiro de turismo com o intuito de ampliar as atividades relacionadas ao turismo no referido munic\u00edpio.<\/p>\n<p>A\u00e7\u00f5es previstas:<\/p>\n<ul>\n<li>Realizar pesquisa bibliogr\u00e1fica sobre a hist\u00f3ria da constru\u00e7\u00e3o dos capit\u00e9is na It\u00e1lia e no Brasil;<\/li>\n<li>Realizar pesquisa sobre a exist\u00eancia de roteiros tur\u00edsticos que utilizem como principal atrativo tur\u00edstico os capit\u00e9is existentes nos espa\u00e7os rurais;<\/li>\n<li>Mapear, caracterizar e georreferenciar os capit\u00e9is existentes em Nova Palma;<\/li>\n<li>Inventariar os servi\u00e7os e equipamentos tur\u00edsticos deste Munic\u00edpio;<\/li>\n<li>Propor melhorias e inclus\u00e3o de novos roteiros tur\u00edsticos que utilizem os capiteis como atrativo tur\u00edstico no referido Munic\u00edpio;<\/li>\n<li>Elaborar material de divulga\u00e7\u00e3o, impresso e online, sobre os capit\u00e9is e os roteiros tur\u00edsticos.<\/li>\n<\/ul>\n<p>Essa proposta \u00e9 uma a\u00e7\u00e3o do projeto &#8220;Planejamento, implementa\u00e7\u00e3o e controle de atividades administrativas em organiza\u00e7\u00f5es p\u00fablicas e sociais&#8221;, para acess\u00e1-lo no Portal de Projetos, clique <a href=\"https:\/\/portal.ufsm.br\/projetos\/publico\/projetos\/view.html?idProjeto=54367\">aqui<\/a>.<\/p>\n","protected":false},"excerpt":{"rendered":"<p>Coordenadora: Dalva Maria Righi Dotto Resumo: Os capit\u00e9is s\u00e3o considerados um elemento singular da sacraliza\u00e7\u00e3o do territ\u00f3rio, mais comumente encontrados no norte da It\u00e1lia, com uma estrutura arquitet\u00f4nica religiosa crist\u00e3 similar a Igrejas, por\u00e9m de pequenas dimens\u00f5es, nascido de um culto popular transmitido ao longo dos s\u00e9culos. Esta tradi\u00e7\u00e3o foi reproduzida pelos imigrantes italianos no [&hellip;]<\/p>\n","protected":false},"author":1265,"featured_media":0,"parent":0,"menu_order":0,"comment_status":"closed","ping_status":"closed","template":"","meta":{"footnotes":""},"categories":[],"tags":[],"class_list":["post-3001","page","type-page","status-publish","hentry"],"acf":[],"_links":{"self":[{"href":"https:\/\/www.ufsm.br\/pro-reitorias\/pre\/wp-json\/wp\/v2\/pages\/3001","targetHints":{"allow":["GET"]}}],"collection":[{"href":"https:\/\/www.ufsm.br\/pro-reitorias\/pre\/wp-json\/wp\/v2\/pages"}],"about":[{"href":"https:\/\/www.ufsm.br\/pro-reitorias\/pre\/wp-json\/wp\/v2\/types\/page"}],"author":[{"embeddable":true,"href":"https:\/\/www.ufsm.br\/pro-reitorias\/pre\/wp-json\/wp\/v2\/users\/1265"}],"replies":[{"embeddable":true,"href":"https:\/\/www.ufsm.br\/pro-reitorias\/pre\/wp-json\/wp\/v2\/comments?post=3001"}],"version-history":[{"count":0,"href":"https:\/\/www.ufsm.br\/pro-reitorias\/pre\/wp-json\/wp\/v2\/pages\/3001\/revisions"}],"wp:attachment":[{"href":"https:\/\/www.ufsm.br\/pro-reitorias\/pre\/wp-json\/wp\/v2\/media?parent=3001"}],"wp:term":[{"taxonomy":"category","embeddable":true,"href":"https:\/\/www.ufsm.br\/pro-reitorias\/pre\/wp-json\/wp\/v2\/categories?post=3001"},{"taxonomy":"post_tag","embeddable":true,"href":"https:\/\/www.ufsm.br\/pro-reitorias\/pre\/wp-json\/wp\/v2\/tags?post=3001"}],"curies":[{"name":"wp","href":"https:\/\/api.w.org\/{rel}","templated":true}]}}