{"id":3974,"date":"2020-07-06T14:57:46","date_gmt":"2020-07-06T17:57:46","guid":{"rendered":"https:\/\/www.ufsm.br\/pro-reitorias\/pre\/?page_id=3974"},"modified":"2023-08-16T11:09:36","modified_gmt":"2023-08-16T14:09:36","slug":"nucleo-de-apoio-orcamentario","status":"publish","type":"page","link":"https:\/\/www.ufsm.br\/pro-reitorias\/pre\/nucleo-de-apoio-orcamentario","title":{"rendered":"N\u00facleo de Apoio Or\u00e7ament\u00e1rio"},"content":{"rendered":"\t\t<div data-elementor-type=\"wp-page\" data-elementor-id=\"3974\" class=\"elementor elementor-3974\">\n\t\t\t\t\t\t<section class=\"elementor-section elementor-top-section elementor-element elementor-element-def387d elementor-section-boxed elementor-section-height-default elementor-section-height-default\" data-id=\"def387d\" data-element_type=\"section\">\n\t\t\t\t\t\t<div class=\"elementor-container elementor-column-gap-default\">\n\t\t\t\t\t<div class=\"elementor-column elementor-col-100 elementor-top-column elementor-element elementor-element-f0e8707\" data-id=\"f0e8707\" data-element_type=\"column\">\n\t\t\t<div class=\"elementor-widget-wrap elementor-element-populated\">\n\t\t\t\t\t\t<div class=\"elementor-element elementor-element-096a9b9 elementor-widget-divider--view-line elementor-widget elementor-widget-divider\" data-id=\"096a9b9\" data-element_type=\"widget\" data-widget_type=\"divider.default\">\n\t\t\t\t<div class=\"elementor-widget-container\">\n\t\t\t\t\t<div class=\"elementor-divider\">\n\t\t\t<span class=\"elementor-divider-separator\">\n\t\t\t\t\t\t<\/span>\n\t\t<\/div>\n\t\t\t\t<\/div>\n\t\t\t\t<\/div>\n\t\t\t\t\t<\/div>\n\t\t<\/div>\n\t\t\t\t\t<\/div>\n\t\t<\/section>\n\t\t\t\t<section class=\"elementor-section elementor-top-section elementor-element elementor-element-d09b647 elementor-section-boxed elementor-section-height-default elementor-section-height-default\" data-id=\"d09b647\" data-element_type=\"section\">\n\t\t\t\t\t\t<div class=\"elementor-container elementor-column-gap-default\">\n\t\t\t\t\t<div class=\"elementor-column elementor-col-100 elementor-top-column elementor-element elementor-element-99ed5be\" data-id=\"99ed5be\" data-element_type=\"column\">\n\t\t\t<div class=\"elementor-widget-wrap elementor-element-populated\">\n\t\t\t\t\t\t<div class=\"elementor-element elementor-element-8b9e898 elementor-widget elementor-widget-text-editor\" data-id=\"8b9e898\" data-element_type=\"widget\" data-widget_type=\"text-editor.default\">\n\t\t\t\t<div class=\"elementor-widget-container\">\n\t\t\t\t\t\t\t<p align=\"justify\">O <b>N\u00facleo de Apoio Or\u00e7ament\u00e1rio<\/b> (NAO-PRE), criado pela <a href=\"https:\/\/www.ufsm.br\/pro-reitorias\/pre\/wp-content\/uploads\/sites\/346\/2020\/07\/RES_GR_2020_016.pdf\">Resolu\u00e7\u00e3o N. 016\/2020<\/a>, \u00e9 respons\u00e1vel pela gest\u00e3o dos recursos or\u00e7ament\u00e1rios destinados a Pr\u00f3-Reitoria de Extens\u00e3o.<i> <\/i><\/p><p align=\"justify\"><i>S<\/i><i>\u00e3o<\/i><i> suas compet\u00eancias: <\/i><\/p><p align=\"justify\"><i>I &#8211; consolidar o planejamento or\u00e7ament\u00e1rio anual da unidade; <\/i><\/p><p align=\"justify\"><i>II &#8211; administrar e controlar o or\u00e7amento da unidade; <\/i><\/p><p align=\"justify\"><i>III &#8211; gerenciar o processo de compra da unidade; <\/i><\/p><p align=\"justify\"><i>IV &#8211; apoiar a decis\u00e3o dos gestores na aloca\u00e7\u00e3o dos recursos da unidade; e <\/i><\/p><p align=\"justify\"><i>V &#8211; dar suporte ao desenvolvimento de pol\u00edticas para o uso racional dos recursos da unidade. <\/i><\/p>\t\t\t\t\t\t<\/div>\n\t\t\t\t<\/div>\n\t\t\t\t<div class=\"elementor-element elementor-element-e8494ea elementor-widget-divider--view-line elementor-widget elementor-widget-divider\" data-id=\"e8494ea\" data-element_type=\"widget\" data-widget_type=\"divider.default\">\n\t\t\t\t<div class=\"elementor-widget-container\">\n\t\t\t\t\t<div class=\"elementor-divider\">\n\t\t\t<span class=\"elementor-divider-separator\">\n\t\t\t\t\t\t<\/span>\n\t\t<\/div>\n\t\t\t\t<\/div>\n\t\t\t\t<\/div>\n\t\t\t\t<div class=\"elementor-element elementor-element-83fe979 elementor-widget elementor-widget-spacer\" data-id=\"83fe979\" data-element_type=\"widget\" data-widget_type=\"spacer.default\">\n\t\t\t\t<div class=\"elementor-widget-container\">\n\t\t\t\t\t<div class=\"elementor-spacer\">\n\t\t\t<div class=\"elementor-spacer-inner\"><\/div>\n\t\t<\/div>\n\t\t\t\t<\/div>\n\t\t\t\t<\/div>\n\t\t\t\t\t<\/div>\n\t\t<\/div>\n\t\t\t\t\t<\/div>\n\t\t<\/section>\n\t\t\t\t<section class=\"elementor-section elementor-top-section elementor-element elementor-element-a7eedfb elementor-section-boxed elementor-section-height-default elementor-section-height-default\" data-id=\"a7eedfb\" data-element_type=\"section\">\n\t\t\t\t\t\t<div class=\"elementor-container elementor-column-gap-default\">\n\t\t\t\t\t<div class=\"elementor-column elementor-col-100 elementor-top-column elementor-element elementor-element-198857a\" data-id=\"198857a\" data-element_type=\"column\">\n\t\t\t<div class=\"elementor-widget-wrap elementor-element-populated\">\n\t\t\t\t\t\t<div class=\"elementor-element elementor-element-52ccfdb elementor-widget elementor-widget-heading\" data-id=\"52ccfdb\" data-element_type=\"widget\" data-widget_type=\"heading.default\">\n\t\t\t\t<div class=\"elementor-widget-container\">\n\t\t\t<h5 class=\"elementor-heading-title elementor-size-default\">Equipe<\/h5>\t\t<\/div>\n\t\t\t\t<\/div>\n\t\t\t\t<div class=\"elementor-element elementor-element-8a09bd5 elementor-widget elementor-widget-text-editor\" data-id=\"8a09bd5\" data-element_type=\"widget\" data-widget_type=\"text-editor.default\">\n\t\t\t\t<div class=\"elementor-widget-container\">\n\t\t\t\t\t\t\t<table style=\"width: 100%;height: 142px\" width=\"100%\" cellspacing=\"0\" cellpadding=\"0\"><colgroup> <col width=\"107*\" \/> <col width=\"149*\" \/> <\/colgroup><tbody><tr valign=\"top\"><td style=\"width: 53.3613%\"><p align=\"center\"><b>Nome<\/b><\/p><\/td><td style=\"width: 45.7983%\"><p align=\"center\"><b>Cargo<\/b><\/p><\/td><\/tr><tr valign=\"top\"><td style=\"width: 53.3613%\"><p align=\"center\">\u00c1lisson Trevisan da Rosa<\/p><\/td><td style=\"width: 45.7983%\"><p align=\"center\">Assistente em administra\u00e7\u00e3o<\/p><\/td><\/tr><tr><td style=\"width: 53.3613%\"><p align=\"center\">Ana Carolina Cherobini Bortolin<\/p><\/td><td style=\"width: 45.7983%\"><p align=\"center\">Administradora<\/p><\/td><\/tr><\/tbody><\/table>\t\t\t\t\t\t<\/div>\n\t\t\t\t<\/div>\n\t\t\t\t<div class=\"elementor-element elementor-element-2305382 elementor-widget elementor-widget-spacer\" data-id=\"2305382\" data-element_type=\"widget\" data-widget_type=\"spacer.default\">\n\t\t\t\t<div class=\"elementor-widget-container\">\n\t\t\t\t\t<div class=\"elementor-spacer\">\n\t\t\t<div class=\"elementor-spacer-inner\"><\/div>\n\t\t<\/div>\n\t\t\t\t<\/div>\n\t\t\t\t<\/div>\n\t\t\t\t\t<\/div>\n\t\t<\/div>\n\t\t\t\t\t<\/div>\n\t\t<\/section>\n\t\t\t\t<section class=\"elementor-section elementor-top-section elementor-element elementor-element-4f1c834 elementor-section-boxed elementor-section-height-default elementor-section-height-default\" data-id=\"4f1c834\" data-element_type=\"section\">\n\t\t\t\t\t\t<div class=\"elementor-container elementor-column-gap-default\">\n\t\t\t\t\t<div class=\"elementor-column elementor-col-100 elementor-top-column elementor-element elementor-element-7621252\" data-id=\"7621252\" data-element_type=\"column\">\n\t\t\t<div class=\"elementor-widget-wrap elementor-element-populated\">\n\t\t\t\t\t\t<div class=\"elementor-element elementor-element-8a26ba6 elementor-widget elementor-widget-heading\" data-id=\"8a26ba6\" data-element_type=\"widget\" data-widget_type=\"heading.default\">\n\t\t\t\t<div class=\"elementor-widget-container\">\n\t\t\t<h5 class=\"elementor-heading-title elementor-size-default\">Contato<\/h5>\t\t<\/div>\n\t\t\t\t<\/div>\n\t\t\t\t<div class=\"elementor-element elementor-element-a738567 elementor-widget elementor-widget-text-editor\" data-id=\"a738567\" data-element_type=\"widget\" data-widget_type=\"text-editor.default\">\n\t\t\t\t<div class=\"elementor-widget-container\">\n\t\t\t\t\t\t\t<p style=\"text-align: center\"><strong>Pr\u00e9dio da Reitoria UFSM, 9\u00ba andar, sala 948. Cidade Universit\u00e1ria UFSM. Santa Maria (RS).<\/strong><\/p><p style=\"text-align: center\">Telefone: 55 3220 8328<\/p><p style=\"text-align: center\">E-mail: <a href=\"mailto:inanceiro.pre@ufsm.br\">financeiro.pre@ufsm.br<\/a><\/p><p style=\"text-align: center\">\u00a0<\/p><p style=\"text-align: center\"><strong>Atendimento:<\/strong>\u00a0segunda a sexta, das 08h \u00e0s 17h<\/p>\t\t\t\t\t\t<\/div>\n\t\t\t\t<\/div>\n\t\t\t\t<div class=\"elementor-element elementor-element-7b7222b elementor-widget elementor-widget-spacer\" data-id=\"7b7222b\" data-element_type=\"widget\" data-widget_type=\"spacer.default\">\n\t\t\t\t<div class=\"elementor-widget-container\">\n\t\t\t\t\t<div class=\"elementor-spacer\">\n\t\t\t<div class=\"elementor-spacer-inner\"><\/div>\n\t\t<\/div>\n\t\t\t\t<\/div>\n\t\t\t\t<\/div>\n\t\t\t\t\t<\/div>\n\t\t<\/div>\n\t\t\t\t\t<\/div>\n\t\t<\/section>\n\t\t\t\t<section class=\"elementor-section elementor-top-section elementor-element elementor-element-26ab560 elementor-section-boxed elementor-section-height-default elementor-section-height-default\" data-id=\"26ab560\" data-element_type=\"section\">\n\t\t\t\t\t\t<div class=\"elementor-container elementor-column-gap-default\">\n\t\t\t\t\t<div class=\"elementor-column elementor-col-100 elementor-top-column elementor-element elementor-element-026af03\" data-id=\"026af03\" data-element_type=\"column\">\n\t\t\t<div class=\"elementor-widget-wrap elementor-element-populated\">\n\t\t\t\t\t\t<div class=\"elementor-element elementor-element-de6702e elementor-widget elementor-widget-heading\" data-id=\"de6702e\" data-element_type=\"widget\" data-widget_type=\"heading.default\">\n\t\t\t\t<div class=\"elementor-widget-container\">\n\t\t\t<h5 class=\"elementor-heading-title elementor-size-default\">Links \u00dateis<\/h5>\t\t<\/div>\n\t\t\t\t<\/div>\n\t\t\t\t\t<\/div>\n\t\t<\/div>\n\t\t\t\t\t<\/div>\n\t\t<\/section>\n\t\t\t\t<section class=\"elementor-section elementor-top-section elementor-element elementor-element-2d6013a elementor-section-boxed elementor-section-height-default elementor-section-height-default\" data-id=\"2d6013a\" data-element_type=\"section\">\n\t\t\t\t\t\t<div class=\"elementor-container elementor-column-gap-default\">\n\t\t\t\t\t<div class=\"elementor-column elementor-col-50 elementor-top-column elementor-element elementor-element-814078f\" data-id=\"814078f\" data-element_type=\"column\">\n\t\t\t<div class=\"elementor-widget-wrap elementor-element-populated\">\n\t\t\t\t\t\t<div class=\"elementor-element elementor-element-2496c70 elementor-view-default elementor-widget elementor-widget-icon\" data-id=\"2496c70\" data-element_type=\"widget\" data-widget_type=\"icon.default\">\n\t\t\t\t<div class=\"elementor-widget-container\">\n\t\t\t\t\t<div class=\"elementor-icon-wrapper\">\n\t\t\t<a class=\"elementor-icon\" href=\"https:\/\/www.ufsm.br\/pro-reitorias\/pre\/transparencia\/\">\n\t\t\t<i aria-hidden=\"true\" class=\"fas fa-file-invoice-dollar\"><\/i>\t\t\t<\/a>\n\t\t<\/div>\n\t\t\t\t<\/div>\n\t\t\t\t<\/div>\n\t\t\t\t<div class=\"elementor-element elementor-element-4c7875a elementor-widget elementor-widget-heading\" data-id=\"4c7875a\" data-element_type=\"widget\" data-widget_type=\"heading.default\">\n\t\t\t\t<div class=\"elementor-widget-container\">\n\t\t\t<h6 class=\"elementor-heading-title elementor-size-default\">Execu\u00e7\u00e3o Or\u00e7ament\u00e1ria<\/h6>\t\t<\/div>\n\t\t\t\t<\/div>\n\t\t\t\t\t<\/div>\n\t\t<\/div>\n\t\t\t\t<div class=\"elementor-column elementor-col-50 elementor-top-column elementor-element elementor-element-2c1d888\" data-id=\"2c1d888\" data-element_type=\"column\">\n\t\t\t<div class=\"elementor-widget-wrap elementor-element-populated\">\n\t\t\t\t\t\t<div class=\"elementor-element elementor-element-0fcdb27 elementor-view-default elementor-widget elementor-widget-icon\" data-id=\"0fcdb27\" data-element_type=\"widget\" data-widget_type=\"icon.default\">\n\t\t\t\t<div class=\"elementor-widget-container\">\n\t\t\t\t\t<div class=\"elementor-icon-wrapper\">\n\t\t\t<a class=\"elementor-icon\" href=\"https:\/\/www.ufsm.br\/pro-reitorias\/pre\/busca\/?q=&#038;sites%5B%5D=346&#038;area=editais&#038;orderby=modified&#038;order=DESC\">\n\t\t\t<i aria-hidden=\"true\" class=\"fas fa-folder-open\"><\/i>\t\t\t<\/a>\n\t\t<\/div>\n\t\t\t\t<\/div>\n\t\t\t\t<\/div>\n\t\t\t\t<div class=\"elementor-element elementor-element-cc279e6 elementor-widget elementor-widget-heading\" data-id=\"cc279e6\" data-element_type=\"widget\" data-widget_type=\"heading.default\">\n\t\t\t\t<div class=\"elementor-widget-container\">\n\t\t\t<h6 class=\"elementor-heading-title elementor-size-default\">Editais de fomento \u00e0 extens\u00e3o<\/h6>\t\t<\/div>\n\t\t\t\t<\/div>\n\t\t\t\t\t<\/div>\n\t\t<\/div>\n\t\t\t\t\t<\/div>\n\t\t<\/section>\n\t\t\t\t<\/div>\n\t\t","protected":false},"excerpt":{"rendered":"<p>O N\u00facleo de Apoio Or\u00e7ament\u00e1rio (NAO-PRE), criado pela Resolu\u00e7\u00e3o N. 016\/2020, \u00e9 respons\u00e1vel pela gest\u00e3o dos recursos or\u00e7ament\u00e1rios destinados a Pr\u00f3-Reitoria de Extens\u00e3o. S\u00e3o suas compet\u00eancias: I &#8211; consolidar o planejamento or\u00e7ament\u00e1rio anual da unidade; II &#8211; administrar e controlar o or\u00e7amento da unidade; III &#8211; gerenciar o processo de compra da unidade; IV &#8211; [&hellip;]<\/p>\n","protected":false},"author":1452,"featured_media":0,"parent":0,"menu_order":0,"comment_status":"closed","ping_status":"closed","template":"","meta":{"footnotes":""},"categories":[],"tags":[],"class_list":["post-3974","page","type-page","status-publish","hentry"],"acf":[],"_links":{"self":[{"href":"https:\/\/www.ufsm.br\/pro-reitorias\/pre\/wp-json\/wp\/v2\/pages\/3974","targetHints":{"allow":["GET"]}}],"collection":[{"href":"https:\/\/www.ufsm.br\/pro-reitorias\/pre\/wp-json\/wp\/v2\/pages"}],"about":[{"href":"https:\/\/www.ufsm.br\/pro-reitorias\/pre\/wp-json\/wp\/v2\/types\/page"}],"author":[{"embeddable":true,"href":"https:\/\/www.ufsm.br\/pro-reitorias\/pre\/wp-json\/wp\/v2\/users\/1452"}],"replies":[{"embeddable":true,"href":"https:\/\/www.ufsm.br\/pro-reitorias\/pre\/wp-json\/wp\/v2\/comments?post=3974"}],"version-history":[{"count":0,"href":"https:\/\/www.ufsm.br\/pro-reitorias\/pre\/wp-json\/wp\/v2\/pages\/3974\/revisions"}],"wp:attachment":[{"href":"https:\/\/www.ufsm.br\/pro-reitorias\/pre\/wp-json\/wp\/v2\/media?parent=3974"}],"wp:term":[{"taxonomy":"category","embeddable":true,"href":"https:\/\/www.ufsm.br\/pro-reitorias\/pre\/wp-json\/wp\/v2\/categories?post=3974"},{"taxonomy":"post_tag","embeddable":true,"href":"https:\/\/www.ufsm.br\/pro-reitorias\/pre\/wp-json\/wp\/v2\/tags?post=3974"}],"curies":[{"name":"wp","href":"https:\/\/api.w.org\/{rel}","templated":true}]}}