{"id":4261,"date":"2020-08-20T16:56:27","date_gmt":"2020-08-20T19:56:27","guid":{"rendered":"https:\/\/www.ufsm.br\/pro-reitorias\/pre\/?page_id=4261"},"modified":"2020-12-14T09:26:33","modified_gmt":"2020-12-14T12:26:33","slug":"app-ods","status":"publish","type":"page","link":"https:\/\/www.ufsm.br\/pro-reitorias\/pre\/app-ods","title":{"rendered":"Objetivos de Desenvolvimento Sustent\u00e1vel"},"content":{"rendered":"\n<p style=\"text-align: center\"><strong>Participe da constru\u00e7\u00e3o de uma universidade sustent\u00e1vel e comprometida com a sociedade na qual est\u00e1 inserida.<\/strong><\/p>\n<p style=\"text-align: center\">Seu voto tamb\u00e9m orienta a distribui\u00e7\u00e3o dos recursos da UFSM nas a\u00e7\u00f5es de Extens\u00e3o.<\/p>\n\n\n\n<iframe height=\"1200\" width=\"100%\" src=\"https:\/\/odsufsm.github.io\/app-ods\/\"><\/iframe>\n","protected":false},"excerpt":{"rendered":"<p>Participe da constru\u00e7\u00e3o de uma universidade sustent\u00e1vel e comprometida com a sociedade na qual est\u00e1 inserida. Seu voto tamb\u00e9m orienta a distribui\u00e7\u00e3o dos recursos da UFSM nas a\u00e7\u00f5es de Extens\u00e3o.<\/p>\n","protected":false},"author":25,"featured_media":0,"parent":0,"menu_order":0,"comment_status":"closed","ping_status":"closed","template":"","meta":{"footnotes":""},"categories":[],"tags":[],"class_list":["post-4261","page","type-page","status-publish","hentry"],"acf":[],"_links":{"self":[{"href":"https:\/\/www.ufsm.br\/pro-reitorias\/pre\/wp-json\/wp\/v2\/pages\/4261","targetHints":{"allow":["GET"]}}],"collection":[{"href":"https:\/\/www.ufsm.br\/pro-reitorias\/pre\/wp-json\/wp\/v2\/pages"}],"about":[{"href":"https:\/\/www.ufsm.br\/pro-reitorias\/pre\/wp-json\/wp\/v2\/types\/page"}],"author":[{"embeddable":true,"href":"https:\/\/www.ufsm.br\/pro-reitorias\/pre\/wp-json\/wp\/v2\/users\/25"}],"replies":[{"embeddable":true,"href":"https:\/\/www.ufsm.br\/pro-reitorias\/pre\/wp-json\/wp\/v2\/comments?post=4261"}],"version-history":[{"count":0,"href":"https:\/\/www.ufsm.br\/pro-reitorias\/pre\/wp-json\/wp\/v2\/pages\/4261\/revisions"}],"wp:attachment":[{"href":"https:\/\/www.ufsm.br\/pro-reitorias\/pre\/wp-json\/wp\/v2\/media?parent=4261"}],"wp:term":[{"taxonomy":"category","embeddable":true,"href":"https:\/\/www.ufsm.br\/pro-reitorias\/pre\/wp-json\/wp\/v2\/categories?post=4261"},{"taxonomy":"post_tag","embeddable":true,"href":"https:\/\/www.ufsm.br\/pro-reitorias\/pre\/wp-json\/wp\/v2\/tags?post=4261"}],"curies":[{"name":"wp","href":"https:\/\/api.w.org\/{rel}","templated":true}]}}

Objetivos de Desenvolvimento Sustentável

<p style="text-align: center"><strong>Participe da construção de uma universidade sustentável e comprometida com a sociedade na qual está inserida.</strong></p>
<p style="text-align: center">Seu voto também orienta a distribuição dos recursos da UFSM nas ações de Extensão.</p>



<iframe height="1200" width="100%" src="https://odsufsm.github.io/app-ods/"></iframe>

<p>Participe da construção de uma universidade sustentável e comprometida com a sociedade na qual está inserida. Seu voto também orienta a distribuição dos recursos da UFSM nas ações de Extensão.</p>
