{"id":970,"date":"2018-07-27T14:38:42","date_gmt":"2018-07-27T17:38:42","guid":{"rendered":"https:\/\/www.ufsm.br\/pro-reitorias\/pre\/?page_id=970"},"modified":"2022-03-08T12:48:31","modified_gmt":"2022-03-08T15:48:31","slug":"rastros-de-extensao","status":"publish","type":"page","link":"https:\/\/www.ufsm.br\/pro-reitorias\/pre\/rastros-de-extensao","title":{"rendered":"Rastros de Extens\u00e3o"},"content":{"rendered":"\t\t<div data-elementor-type=\"wp-post\" data-elementor-id=\"970\" class=\"elementor elementor-970\">\n\t\t\t\t\t\t<section class=\"elementor-section elementor-top-section elementor-element elementor-element-cbba8cf elementor-section-boxed elementor-section-height-default elementor-section-height-default\" data-id=\"cbba8cf\" data-element_type=\"section\">\n\t\t\t\t\t\t<div class=\"elementor-container elementor-column-gap-default\">\n\t\t\t\t\t<div class=\"elementor-column elementor-col-100 elementor-top-column elementor-element elementor-element-c9e2368\" data-id=\"c9e2368\" data-element_type=\"column\">\n\t\t\t<div class=\"elementor-widget-wrap elementor-element-populated\">\n\t\t\t\t\t\t<div class=\"elementor-element elementor-element-7f813f4 elementor-widget-divider--view-line elementor-widget elementor-widget-divider\" data-id=\"7f813f4\" data-element_type=\"widget\" data-widget_type=\"divider.default\">\n\t\t\t\t<div class=\"elementor-widget-container\">\n\t\t\t\t\t<div class=\"elementor-divider\">\n\t\t\t<span class=\"elementor-divider-separator\">\n\t\t\t\t\t\t<\/span>\n\t\t<\/div>\n\t\t\t\t<\/div>\n\t\t\t\t<\/div>\n\t\t\t\t<div class=\"elementor-element elementor-element-6fab2d2 elementor-widget elementor-widget-text-editor\" data-id=\"6fab2d2\" data-element_type=\"widget\" data-widget_type=\"text-editor.default\">\n\t\t\t\t<div class=\"elementor-widget-container\">\n\t\t\t\t\t\t\t<p>O Projeto Rastros de Extens\u00e3o na Universidade Federal de Santa Maria\u00a0promoveu a difus\u00e3o do acervo documental, fotogr\u00e1fico e audiovisual sobre extens\u00e3o, custeado pela Pr\u00f3-Reitoria de Extens\u00e3o (PRE) e pelo Departamento de Arquivo Geral (DAG) da UFSM.<\/p><p>Organizou exposi\u00e7\u00f5es, inclusive virtuais, para disponibiliza\u00e7\u00e3o, no website da PRE, de projetos e eventos de extens\u00e3o realizados nesta universidade durante seus 54 anos de exist\u00eancia. Inicia-se pelo Extens\u00e3o Conta, promovido desde 1995, e, em seguida, os eventos Semin\u00e1rios de Extens\u00e3o Universit\u00e1ria da Regi\u00e3o Sul (SEURS) e Congresso Brasileiro de Extens\u00e3o Universit\u00e1ria (CBEU).<\/p><p>A primeira exposi\u00e7\u00e3o, chamada<em>\u00a0Extens\u00e3o Conta<\/em>, resgatou, desde o in\u00edcio desta iniciativa, o cat\u00e1logo\u00a0<em>A Extens\u00e3o Universit\u00e1ria Conta<\/em>, de 1995, publica\u00e7\u00e3o destinada a divulgar n\u00e3o s\u00f3 as a\u00e7\u00f5es desenvolvidas pela comunidade universit\u00e1ria junto \u00e0 popula\u00e7\u00e3o local e regional, mas tamb\u00e9m o Programa Extens\u00e3o Conta no V\u00eddeo, bem como o Programa Extens\u00e3o Conta na R\u00e1dio, at\u00e9 a cria\u00e7\u00e3o do evento F\u00f3rum Extens\u00e3o Conta, concomitante a 23\u00aa Jornada Acad\u00eamica Integrada (JAI) da UFSM. (1995 a\u00a02014)<\/p><p>A segunda exposi\u00e7\u00e3o, intitulada<em>\u00a0UFSM no Semin\u00e1rio de Extens\u00e3o Universit\u00e1ria da Regi\u00e3o Sul\u00a0<\/em>(<em>SEURS<\/em>), resgatou os projetos de extens\u00e3o da UFSM apresentados neste evento de \u00e2mbito regional. (1983 a\u00a02015)<\/p><p>A terceira exposi\u00e7\u00e3o, denominada<em>\u00a0UFSM\u00a0no\u00a0Congresso Brasileiro de Extens\u00e3o Universit\u00e1ria\u00a0<\/em>(<em>CBEU<\/em>), resgatou os projetos de extens\u00e3o da UFSM apresentados neste evento, que se constitui como o maior encontro brasileiro de extens\u00e3o universit\u00e1ria em Institui\u00e7\u00f5es P\u00fablicas de Ensino Superior. (2002 a\u00a02014)<\/p><p>A quarta exposi\u00e7\u00e3o, a Exposi\u00e7\u00e3o UFSM no Projeto Rondon, resgatou a participa\u00e7\u00e3o da UFSM no projeto de 1969 a 1985 e de 2005 a 2015. A UFSM foi pioneira em participar das opera\u00e7\u00f5es, em 1968, e em implantar o Campus Avan\u00e7ado no Territ\u00f3rio Federal de Roraima. Foi elaborado tamb\u00e9m um \u00edndice com o nome dos participantes do projeto. (1967 a 2015).<\/p><p><i>A\u00a0<\/i>Exposi\u00e7\u00e3o\u00a0Murais da UFSM, quinta exposi\u00e7\u00e3o produzida pelo Projeto Rastros de Extens\u00e3o da UFSM, \u00e9 composta por banners que exibiram 21 murais da UFSM, pintados de\u00a01971 a\u00a02018. Os pain\u00e9is resgataram tamb\u00e9m o registro fotogr\u00e1fico mais antigo de cada um dos murais, preservados no Arquivo Fotogr\u00e1fico da UFSM, no Departamento de Arquivo Geral. Esta exposi\u00e7\u00e3o gerou o <b><a href=\"https:\/\/drive.google.com\/file\/d\/1aoB-ripgKwzGgTuZR3aJ2HE3yd9hdCv-\/view\">Cat\u00e1logo Murais da UFSM:\u00a01971 a\u00a02021<\/a><\/b>.<\/p>\t\t\t\t\t\t<\/div>\n\t\t\t\t<\/div>\n\t\t\t\t<div class=\"elementor-element elementor-element-4b39fea elementor-widget-divider--view-line elementor-widget elementor-widget-divider\" data-id=\"4b39fea\" data-element_type=\"widget\" data-widget_type=\"divider.default\">\n\t\t\t\t<div class=\"elementor-widget-container\">\n\t\t\t\t\t<div class=\"elementor-divider\">\n\t\t\t<span class=\"elementor-divider-separator\">\n\t\t\t\t\t\t<\/span>\n\t\t<\/div>\n\t\t\t\t<\/div>\n\t\t\t\t<\/div>\n\t\t\t\t\t<\/div>\n\t\t<\/div>\n\t\t\t\t\t<\/div>\n\t\t<\/section>\n\t\t\t\t<section class=\"elementor-section elementor-top-section elementor-element elementor-element-7007ea7 elementor-section-boxed elementor-section-height-default elementor-section-height-default\" data-id=\"7007ea7\" data-element_type=\"section\">\n\t\t\t\t\t\t<div class=\"elementor-container elementor-column-gap-default\">\n\t\t\t\t\t<div class=\"elementor-column elementor-col-100 elementor-top-column elementor-element elementor-element-b26321b\" data-id=\"b26321b\" data-element_type=\"column\">\n\t\t\t<div class=\"elementor-widget-wrap elementor-element-populated\">\n\t\t\t\t\t\t<div class=\"elementor-element elementor-element-89ae1bc elementor-widget elementor-widget-heading\" data-id=\"89ae1bc\" data-element_type=\"widget\" data-widget_type=\"heading.default\">\n\t\t\t\t<div class=\"elementor-widget-container\">\n\t\t\t<h5 class=\"elementor-heading-title elementor-size-default\">Exposi\u00e7\u00f5es realizadas (clique nas imagens para acessar \u00e0s exposi\u00e7\u00f5es)<\/h5>\t\t<\/div>\n\t\t\t\t<\/div>\n\t\t\t\t\t<\/div>\n\t\t<\/div>\n\t\t\t\t\t<\/div>\n\t\t<\/section>\n\t\t\t\t<section class=\"elementor-section elementor-top-section elementor-element elementor-element-64bdbba elementor-section-boxed elementor-section-height-default elementor-section-height-default\" data-id=\"64bdbba\" data-element_type=\"section\">\n\t\t\t\t\t\t<div class=\"elementor-container elementor-column-gap-default\">\n\t\t\t\t\t<div class=\"elementor-column elementor-col-33 elementor-top-column elementor-element elementor-element-5228da6\" data-id=\"5228da6\" data-element_type=\"column\">\n\t\t\t<div class=\"elementor-widget-wrap elementor-element-populated\">\n\t\t\t\t\t\t<div class=\"elementor-element elementor-element-e0f0dd1 elementor-widget elementor-widget-image\" data-id=\"e0f0dd1\" data-element_type=\"widget\" data-widget_type=\"image.default\">\n\t\t\t\t<div class=\"elementor-widget-container\">\n\t\t\t\t\t\t\t\t\t\t\t\t\t\t<a href=\"https:\/\/www.ufsm.br\/pro-reitorias\/pre\/rastros-de-extensao\/exposicao-extensao-conta\/\">\n\t\t\t\t\t\t\t<img fetchpriority=\"high\" decoding=\"async\" width=\"240\" height=\"300\" src=\"https:\/\/www.ufsm.br\/app\/uploads\/sites\/346\/2018\/08\/UFSM.ExtensaoContaPainel01-240x300.jpg\" class=\"attachment-medium size-medium wp-image-1081\" alt=\"\" srcset=\"https:\/\/www.ufsm.br\/app\/uploads\/sites\/346\/2018\/08\/UFSM.ExtensaoContaPainel01-240x300.jpg 240w, https:\/\/www.ufsm.br\/app\/uploads\/sites\/346\/2018\/08\/UFSM.ExtensaoContaPainel01-768x960.jpg 768w, https:\/\/www.ufsm.br\/app\/uploads\/sites\/346\/2018\/08\/UFSM.ExtensaoContaPainel01-819x1024.jpg 819w, https:\/\/www.ufsm.br\/app\/uploads\/sites\/346\/2018\/08\/UFSM.ExtensaoContaPainel01.jpg 1920w\" sizes=\"(max-width: 240px) 100vw, 240px\" \/>\t\t\t\t\t\t\t\t<\/a>\n\t\t\t\t\t\t\t\t\t\t\t\t\t<\/div>\n\t\t\t\t<\/div>\n\t\t\t\t<div class=\"elementor-element elementor-element-87cfe5b elementor-widget elementor-widget-heading\" data-id=\"87cfe5b\" data-element_type=\"widget\" data-widget_type=\"heading.default\">\n\t\t\t\t<div class=\"elementor-widget-container\">\n\t\t\t<h6 class=\"elementor-heading-title elementor-size-default\">Exposi\u00e7\u00e3o Extens\u00e3o Conta<\/h6>\t\t<\/div>\n\t\t\t\t<\/div>\n\t\t\t\t\t<\/div>\n\t\t<\/div>\n\t\t\t\t<div class=\"elementor-column elementor-col-33 elementor-top-column elementor-element elementor-element-760a528\" data-id=\"760a528\" data-element_type=\"column\">\n\t\t\t<div class=\"elementor-widget-wrap elementor-element-populated\">\n\t\t\t\t\t\t<div class=\"elementor-element elementor-element-f8df63a elementor-widget elementor-widget-image\" data-id=\"f8df63a\" data-element_type=\"widget\" data-widget_type=\"image.default\">\n\t\t\t\t<div class=\"elementor-widget-container\">\n\t\t\t\t\t\t\t\t\t\t\t\t\t\t<a href=\"https:\/\/www.ufsm.br\/pro-reitorias\/pre\/rastros-de-extensao\/exposicao-ufsm-no-seminario-de-extensao-universitaria-da-regiao-sul-seurs\/\">\n\t\t\t\t\t\t\t<img decoding=\"async\" width=\"300\" height=\"249\" src=\"https:\/\/www.ufsm.br\/app\/uploads\/sites\/346\/2018\/08\/UFSM.ProjRastrosSEURSPainel01-300x249.jpg\" class=\"attachment-medium size-medium wp-image-1093\" alt=\"\" srcset=\"https:\/\/www.ufsm.br\/app\/uploads\/sites\/346\/2018\/08\/UFSM.ProjRastrosSEURSPainel01-300x249.jpg 300w, https:\/\/www.ufsm.br\/app\/uploads\/sites\/346\/2018\/08\/UFSM.ProjRastrosSEURSPainel01-768x638.jpg 768w, https:\/\/www.ufsm.br\/app\/uploads\/sites\/346\/2018\/08\/UFSM.ProjRastrosSEURSPainel01-1024x851.jpg 1024w, https:\/\/www.ufsm.br\/app\/uploads\/sites\/346\/2018\/08\/UFSM.ProjRastrosSEURSPainel01.jpg 1920w\" sizes=\"(max-width: 300px) 100vw, 300px\" \/>\t\t\t\t\t\t\t\t<\/a>\n\t\t\t\t\t\t\t\t\t\t\t\t\t<\/div>\n\t\t\t\t<\/div>\n\t\t\t\t<div class=\"elementor-element elementor-element-10ae519 elementor-widget elementor-widget-heading\" data-id=\"10ae519\" data-element_type=\"widget\" data-widget_type=\"heading.default\">\n\t\t\t\t<div class=\"elementor-widget-container\">\n\t\t\t<h6 class=\"elementor-heading-title elementor-size-default\">Exposi\u00e7\u00e3o UFSM no SEURS<\/h6>\t\t<\/div>\n\t\t\t\t<\/div>\n\t\t\t\t\t<\/div>\n\t\t<\/div>\n\t\t\t\t<div class=\"elementor-column elementor-col-33 elementor-top-column elementor-element elementor-element-1bc0667\" data-id=\"1bc0667\" data-element_type=\"column\">\n\t\t\t<div class=\"elementor-widget-wrap elementor-element-populated\">\n\t\t\t\t\t\t<div class=\"elementor-element elementor-element-1ef4838 elementor-widget elementor-widget-image\" data-id=\"1ef4838\" data-element_type=\"widget\" data-widget_type=\"image.default\">\n\t\t\t\t<div class=\"elementor-widget-container\">\n\t\t\t\t\t\t\t\t\t\t\t\t\t\t<a href=\"https:\/\/www.ufsm.br\/pro-reitorias\/pre\/rastros-de-extensao\/exposicao-ufsm-no-congresso-brasileiro-de-extensao-universitaria-cbeu\/\">\n\t\t\t\t\t\t\t<img decoding=\"async\" width=\"300\" height=\"249\" src=\"https:\/\/www.ufsm.br\/app\/uploads\/sites\/346\/2018\/08\/UFSM.ProjRastrosCBEUPainel01-300x249.jpg\" class=\"attachment-medium size-medium wp-image-1144\" alt=\"\" srcset=\"https:\/\/www.ufsm.br\/app\/uploads\/sites\/346\/2018\/08\/UFSM.ProjRastrosCBEUPainel01-300x249.jpg 300w, https:\/\/www.ufsm.br\/app\/uploads\/sites\/346\/2018\/08\/UFSM.ProjRastrosCBEUPainel01-768x638.jpg 768w, https:\/\/www.ufsm.br\/app\/uploads\/sites\/346\/2018\/08\/UFSM.ProjRastrosCBEUPainel01-1024x851.jpg 1024w, https:\/\/www.ufsm.br\/app\/uploads\/sites\/346\/2018\/08\/UFSM.ProjRastrosCBEUPainel01.jpg 1920w\" sizes=\"(max-width: 300px) 100vw, 300px\" \/>\t\t\t\t\t\t\t\t<\/a>\n\t\t\t\t\t\t\t\t\t\t\t\t\t<\/div>\n\t\t\t\t<\/div>\n\t\t\t\t<div class=\"elementor-element elementor-element-dd5fb86 elementor-widget elementor-widget-heading\" data-id=\"dd5fb86\" data-element_type=\"widget\" data-widget_type=\"heading.default\">\n\t\t\t\t<div class=\"elementor-widget-container\">\n\t\t\t<h6 class=\"elementor-heading-title elementor-size-default\">Exposi\u00e7\u00e3o UFSM no CBEU<\/h6>\t\t<\/div>\n\t\t\t\t<\/div>\n\t\t\t\t\t<\/div>\n\t\t<\/div>\n\t\t\t\t\t<\/div>\n\t\t<\/section>\n\t\t\t\t<section class=\"elementor-section elementor-top-section elementor-element elementor-element-bb987ab elementor-section-boxed elementor-section-height-default elementor-section-height-default\" data-id=\"bb987ab\" data-element_type=\"section\">\n\t\t\t\t\t\t<div class=\"elementor-container elementor-column-gap-default\">\n\t\t\t\t\t<div class=\"elementor-column elementor-col-100 elementor-top-column elementor-element elementor-element-dd4969d\" data-id=\"dd4969d\" data-element_type=\"column\">\n\t\t\t<div class=\"elementor-widget-wrap elementor-element-populated\">\n\t\t\t\t\t\t<div class=\"elementor-element elementor-element-907423e elementor-widget elementor-widget-spacer\" data-id=\"907423e\" data-element_type=\"widget\" data-widget_type=\"spacer.default\">\n\t\t\t\t<div class=\"elementor-widget-container\">\n\t\t\t\t\t<div class=\"elementor-spacer\">\n\t\t\t<div class=\"elementor-spacer-inner\"><\/div>\n\t\t<\/div>\n\t\t\t\t<\/div>\n\t\t\t\t<\/div>\n\t\t\t\t\t<\/div>\n\t\t<\/div>\n\t\t\t\t\t<\/div>\n\t\t<\/section>\n\t\t\t\t<section class=\"elementor-section elementor-top-section elementor-element elementor-element-a28f45a elementor-section-boxed elementor-section-height-default elementor-section-height-default\" data-id=\"a28f45a\" data-element_type=\"section\">\n\t\t\t\t\t\t<div class=\"elementor-container elementor-column-gap-default\">\n\t\t\t\t\t<div class=\"elementor-column elementor-col-50 elementor-top-column elementor-element elementor-element-6d0fde9\" data-id=\"6d0fde9\" data-element_type=\"column\">\n\t\t\t<div class=\"elementor-widget-wrap elementor-element-populated\">\n\t\t\t\t\t\t<div class=\"elementor-element elementor-element-ec1b200 elementor-widget elementor-widget-image\" data-id=\"ec1b200\" data-element_type=\"widget\" data-widget_type=\"image.default\">\n\t\t\t\t<div class=\"elementor-widget-container\">\n\t\t\t\t\t\t\t\t\t\t\t\t\t\t<a href=\"https:\/\/www.ufsm.br\/pro-reitorias\/pre\/rastros-de-extensao\/exposicao-ufsm-no-projeto-rondon\/\">\n\t\t\t\t\t\t\t<img loading=\"lazy\" decoding=\"async\" width=\"240\" height=\"300\" src=\"https:\/\/www.ufsm.br\/app\/uploads\/sites\/346\/2018\/08\/UFSM.ProjRastrosRONDONPainel01-240x300.jpg\" class=\"attachment-medium size-medium wp-image-1155\" alt=\"\" srcset=\"https:\/\/www.ufsm.br\/app\/uploads\/sites\/346\/2018\/08\/UFSM.ProjRastrosRONDONPainel01-240x300.jpg 240w, https:\/\/www.ufsm.br\/app\/uploads\/sites\/346\/2018\/08\/UFSM.ProjRastrosRONDONPainel01-768x960.jpg 768w, https:\/\/www.ufsm.br\/app\/uploads\/sites\/346\/2018\/08\/UFSM.ProjRastrosRONDONPainel01-819x1024.jpg 819w, https:\/\/www.ufsm.br\/app\/uploads\/sites\/346\/2018\/08\/UFSM.ProjRastrosRONDONPainel01.jpg 1920w\" sizes=\"(max-width: 240px) 100vw, 240px\" \/>\t\t\t\t\t\t\t\t<\/a>\n\t\t\t\t\t\t\t\t\t\t\t\t\t<\/div>\n\t\t\t\t<\/div>\n\t\t\t\t<div class=\"elementor-element elementor-element-0fcfad0 elementor-widget elementor-widget-heading\" data-id=\"0fcfad0\" data-element_type=\"widget\" data-widget_type=\"heading.default\">\n\t\t\t\t<div class=\"elementor-widget-container\">\n\t\t\t<h6 class=\"elementor-heading-title elementor-size-default\">Exposi\u00e7\u00e3o UFSM no Projeto Rondon<\/h6>\t\t<\/div>\n\t\t\t\t<\/div>\n\t\t\t\t\t<\/div>\n\t\t<\/div>\n\t\t\t\t<div class=\"elementor-column elementor-col-50 elementor-top-column elementor-element elementor-element-2fad91c\" data-id=\"2fad91c\" data-element_type=\"column\">\n\t\t\t<div class=\"elementor-widget-wrap elementor-element-populated\">\n\t\t\t\t\t\t<div class=\"elementor-element elementor-element-7076236 elementor-widget elementor-widget-image\" data-id=\"7076236\" data-element_type=\"widget\" data-widget_type=\"image.default\">\n\t\t\t\t<div class=\"elementor-widget-container\">\n\t\t\t\t\t\t\t\t\t\t\t\t\t\t<a href=\"https:\/\/www.ufsm.br\/pro-reitorias\/pre\/rastros-de-extensao\/exposicao-murais-da-ufsm\/\">\n\t\t\t\t\t\t\t<img loading=\"lazy\" decoding=\"async\" width=\"225\" height=\"300\" src=\"https:\/\/www.ufsm.br\/app\/uploads\/sites\/346\/2020\/07\/ExpMurais-Painel-1-1-225x300.jpg\" class=\"attachment-medium size-medium wp-image-4013\" alt=\"\" \/>\t\t\t\t\t\t\t\t<\/a>\n\t\t\t\t\t\t\t\t\t\t\t\t\t<\/div>\n\t\t\t\t<\/div>\n\t\t\t\t<div class=\"elementor-element elementor-element-69a434b elementor-widget elementor-widget-heading\" data-id=\"69a434b\" data-element_type=\"widget\" data-widget_type=\"heading.default\">\n\t\t\t\t<div class=\"elementor-widget-container\">\n\t\t\t<h6 class=\"elementor-heading-title elementor-size-default\">Exposi\u00e7\u00e3o Murais da UFSM<\/h6>\t\t<\/div>\n\t\t\t\t<\/div>\n\t\t\t\t\t<\/div>\n\t\t<\/div>\n\t\t\t\t\t<\/div>\n\t\t<\/section>\n\t\t\t\t<\/div>\n\t\t","protected":false},"excerpt":{"rendered":"<p>O Projeto Rastros de Extens\u00e3o na Universidade Federal de Santa Maria\u00a0promoveu a difus\u00e3o do acervo documental, fotogr\u00e1fico e audiovisual sobre extens\u00e3o, custeado pela Pr\u00f3-Reitoria de Extens\u00e3o (PRE) e pelo Departamento de Arquivo Geral (DAG) da UFSM. Organizou exposi\u00e7\u00f5es, inclusive virtuais, para disponibiliza\u00e7\u00e3o, no website da PRE, de projetos e eventos de extens\u00e3o realizados nesta universidade [&hellip;]<\/p>\n","protected":false},"author":117,"featured_media":0,"parent":0,"menu_order":0,"comment_status":"closed","ping_status":"closed","template":"","meta":{"footnotes":""},"categories":[],"tags":[],"class_list":["post-970","page","type-page","status-publish","hentry"],"acf":[],"_links":{"self":[{"href":"https:\/\/www.ufsm.br\/pro-reitorias\/pre\/wp-json\/wp\/v2\/pages\/970","targetHints":{"allow":["GET"]}}],"collection":[{"href":"https:\/\/www.ufsm.br\/pro-reitorias\/pre\/wp-json\/wp\/v2\/pages"}],"about":[{"href":"https:\/\/www.ufsm.br\/pro-reitorias\/pre\/wp-json\/wp\/v2\/types\/page"}],"author":[{"embeddable":true,"href":"https:\/\/www.ufsm.br\/pro-reitorias\/pre\/wp-json\/wp\/v2\/users\/117"}],"replies":[{"embeddable":true,"href":"https:\/\/www.ufsm.br\/pro-reitorias\/pre\/wp-json\/wp\/v2\/comments?post=970"}],"version-history":[{"count":0,"href":"https:\/\/www.ufsm.br\/pro-reitorias\/pre\/wp-json\/wp\/v2\/pages\/970\/revisions"}],"wp:attachment":[{"href":"https:\/\/www.ufsm.br\/pro-reitorias\/pre\/wp-json\/wp\/v2\/media?parent=970"}],"wp:term":[{"taxonomy":"category","embeddable":true,"href":"https:\/\/www.ufsm.br\/pro-reitorias\/pre\/wp-json\/wp\/v2\/categories?post=970"},{"taxonomy":"post_tag","embeddable":true,"href":"https:\/\/www.ufsm.br\/pro-reitorias\/pre\/wp-json\/wp\/v2\/tags?post=970"}],"curies":[{"name":"wp","href":"https:\/\/api.w.org\/{rel}","templated":true}]}}