{"id":11,"date":"2018-03-16T16:23:00","date_gmt":"2018-03-16T19:23:00","guid":{"rendered":"https:\/\/www.ufsm.br\/pro-reitorias\/progep\/?page_id=11"},"modified":"2025-07-02T10:51:03","modified_gmt":"2025-07-02T13:51:03","slug":"coordenadoria-de-concessoes-e-registros-ccre","status":"publish","type":"page","link":"https:\/\/www.ufsm.br\/pro-reitorias\/progep\/coordenadoria-de-concessoes-e-registros-ccre","title":{"rendered":"Coordenadoria de Concess\u00f5es e Registros (CCRE)"},"content":{"rendered":"\t\t<div data-elementor-type=\"wp-post\" data-elementor-id=\"11\" class=\"elementor elementor-11\">\n\t\t\t\t\t\t<section class=\"elementor-section elementor-top-section elementor-element elementor-element-d87dc8e elementor-section-boxed elementor-section-height-default elementor-section-height-default\" data-id=\"d87dc8e\" data-element_type=\"section\">\n\t\t\t\t\t\t<div class=\"elementor-container elementor-column-gap-default\">\n\t\t\t\t\t<div class=\"elementor-column elementor-col-100 elementor-top-column elementor-element elementor-element-919dd3f\" data-id=\"919dd3f\" data-element_type=\"column\">\n\t\t\t<div class=\"elementor-widget-wrap elementor-element-populated\">\n\t\t\t\t\t\t<div class=\"elementor-element elementor-element-ab2ebc4 elementor-widget elementor-widget-text-editor\" data-id=\"ab2ebc4\" data-element_type=\"widget\" data-widget_type=\"text-editor.default\">\n\t\t\t\t<div class=\"elementor-widget-container\">\n\t\t\t\t\t\t\t<p>A<strong>\u00a0Coordenadoria de Concess\u00f5es e Registros (CCRE)<\/strong>, tem a compet\u00eancia de orientar, controlar e coordenar a execu\u00e7\u00e3o das atividades de classifica\u00e7\u00e3o de cargos e empregos, cadastro e registros funcionais. Tamb\u00e9m analisa e orienta os processos de aposentadoria e pens\u00e3o e instrui os processos de pedidos de concess\u00f5es de direitos.<\/p><p>Constitui-se dos seguintes n\u00facleos: N\u00facleo de Cadastro (NUCAD), N\u00facleo de Pens\u00e3o e Aposentadoria (NPA) e N\u00facleo de Concess\u00f5es (NUC).<\/p>\t\t\t\t\t\t<\/div>\n\t\t\t\t<\/div>\n\t\t\t\t\t<\/div>\n\t\t<\/div>\n\t\t\t\t\t<\/div>\n\t\t<\/section>\n\t\t\t\t<section class=\"elementor-section elementor-top-section elementor-element elementor-element-d170ebc elementor-section-boxed elementor-section-height-default elementor-section-height-default\" data-id=\"d170ebc\" data-element_type=\"section\">\n\t\t\t\t\t\t<div class=\"elementor-container elementor-column-gap-default\">\n\t\t\t\t\t<div class=\"elementor-column elementor-col-100 elementor-top-column elementor-element elementor-element-2b5022d\" data-id=\"2b5022d\" data-element_type=\"column\">\n\t\t\t<div class=\"elementor-widget-wrap elementor-element-populated\">\n\t\t\t\t\t\t<div class=\"elementor-element elementor-element-8174f48 elementor-widget elementor-widget-toggle\" data-id=\"8174f48\" data-element_type=\"widget\" data-widget_type=\"toggle.default\">\n\t\t\t\t<div class=\"elementor-widget-container\">\n\t\t\t\t\t<div class=\"elementor-toggle\">\n\t\t\t\t\t\t\t<div class=\"elementor-toggle-item\">\n\t\t\t\t\t<div id=\"elementor-tab-title-1351\" class=\"elementor-tab-title\" data-tab=\"1\" role=\"button\" aria-controls=\"elementor-tab-content-1351\" aria-expanded=\"false\">\n\t\t\t\t\t\t\t\t\t\t\t\t<span class=\"elementor-toggle-icon elementor-toggle-icon-left\" aria-hidden=\"true\">\n\t\t\t\t\t\t\t\t\t\t\t\t\t\t\t<span class=\"elementor-toggle-icon-closed\"><i class=\"fas fa-caret-right\"><\/i><\/span>\n\t\t\t\t\t\t\t\t<span class=\"elementor-toggle-icon-opened\"><i class=\"elementor-toggle-icon-opened fas fa-caret-up\"><\/i><\/span>\n\t\t\t\t\t\t\t\t\t\t\t\t\t<\/span>\n\t\t\t\t\t\t\t\t\t\t\t\t<a class=\"elementor-toggle-title\" tabindex=\"0\">N\u00facleo de Cadastro (NUCAD)<\/a>\n\t\t\t\t\t<\/div>\n\n\t\t\t\t\t<div id=\"elementor-tab-content-1351\" class=\"elementor-tab-content elementor-clearfix\" data-tab=\"1\" role=\"region\" aria-labelledby=\"elementor-tab-title-1351\"><p><span style=\"font-family: Arial\">O <b>N\u00facleo de Cadastro<\/b>\u00a0\u00e9 respons\u00e1vel pela Inclus\u00e3o e atualiza\u00e7\u00e3o dos registros cadastrais e as ocorr\u00eancias funcionais no SIE. Gerenciar<\/span>\u00a0a inclus\u00e3o de documentos no Assentamento funcional Digital.\u00a0<span style=\"font-family: Arial;font-size: 1.125rem\">Gerir o sistema descentralizado de f\u00e9rias no SIE, bem como prestar orienta\u00e7\u00f5es a respeito da legisla\u00e7\u00e3o que rege as f\u00e9rias dos servidores.\u00a0<\/span><span style=\"font-family: Arial;font-size: 1.125rem\">Gerenciar o sistema do ponto eletr\u00f4nico dos servidores t\u00e9cnico-administrativos em educa\u00e7\u00e3o.\u00a0<\/span><\/p><div><span style=\"font-family: Helvetica, sans-serif;font-size: 10.5pt;font-weight: bold;color: #172938\">Mais informa\u00e7\u00f5es:<\/span><\/div><p style=\"line-height: 21pt;background-image: initial;background-position: initial\"><span style=\"font-family: Helvetica, sans-serif;font-size: 10.5pt\">Sala 442, 4\u00ba andar \u2013 Reitoria<\/span><\/p><p style=\"line-height: 21pt;background-image: initial;background-position: initial\"><span style=\"font-family: Helvetica, sans-serif;font-size: 10.5pt\">(55) 3220-8227<\/span><\/p><p style=\"line-height: 21pt;background-image: initial;background-position: initial\"><span style=\"font-family: Helvetica, sans-serif;font-size: 10.5pt\">cadastro@ufsm.br\u00a0<\/span><\/p><p style=\"line-height: 21pt;background-image: initial;background-position: initial\"><span style=\"font-family: Helvetica, sans-serif;font-size: 10.5pt\">Atendimento das\u00a0<\/span><span style=\"font-size: 1.125rem\">8h \u00e0s 12h e das 13h30 \u00e0s 17h<\/span><\/p><\/div>\n\t\t\t\t<\/div>\n\t\t\t\t\t\t\t<div class=\"elementor-toggle-item\">\n\t\t\t\t\t<div id=\"elementor-tab-title-1352\" class=\"elementor-tab-title\" data-tab=\"2\" role=\"button\" aria-controls=\"elementor-tab-content-1352\" aria-expanded=\"false\">\n\t\t\t\t\t\t\t\t\t\t\t\t<span class=\"elementor-toggle-icon elementor-toggle-icon-left\" aria-hidden=\"true\">\n\t\t\t\t\t\t\t\t\t\t\t\t\t\t\t<span class=\"elementor-toggle-icon-closed\"><i class=\"fas fa-caret-right\"><\/i><\/span>\n\t\t\t\t\t\t\t\t<span class=\"elementor-toggle-icon-opened\"><i class=\"elementor-toggle-icon-opened fas fa-caret-up\"><\/i><\/span>\n\t\t\t\t\t\t\t\t\t\t\t\t\t<\/span>\n\t\t\t\t\t\t\t\t\t\t\t\t<a class=\"elementor-toggle-title\" tabindex=\"0\">N\u00facleo de Pens\u00e3o e Aposentadoria (NPA)<\/a>\n\t\t\t\t\t<\/div>\n\n\t\t\t\t\t<div id=\"elementor-tab-content-1352\" class=\"elementor-tab-content elementor-clearfix\" data-tab=\"2\" role=\"region\" aria-labelledby=\"elementor-tab-title-1352\"><p style=\"text-align: left\">O <strong>N\u00facleo de Pens\u00e3o e Aposentadoria (NPA)<\/strong> \u00e9 respons\u00e1vel por prestar informa\u00e7\u00f5es acerca dos assuntos relacionados \u00e0 <strong>aposentadoria, c\u00e1lculo dos proventos, transforma\u00e7\u00e3o e revis\u00e3o de proventos, registro de designa\u00e7\u00e3o de dependente, pens\u00e3o civil, comunicado de falecimento <\/strong>(ativo, aposentado e pensionista)<strong>, aux\u00edlio-funeral e isen\u00e7\u00e3o de imposto de renda<\/strong>.<br>Al\u00e9m disso, \u00e9 respons\u00e1vel pela <strong>alimenta\u00e7\u00e3o do sistema SIE<\/strong>, com informa\u00e7\u00f5es sobre os assuntos de sua compet\u00eancia, sendo ainda respons\u00e1vel por cadastrar os atos de concess\u00e3o e altera\u00e7\u00e3o de aposentadoria e de pens\u00e3o no <strong>e-Pessoal<\/strong>. Tamb\u00e9m realiza a inclus\u00e3o no <strong>Assentamento Funcional Digital<\/strong> (AFD) dos processos de aposentadoria, pens\u00e3o, revis\u00f5es de aposentadoria e pens\u00e3o, isen\u00e7\u00e3o de imposto de renda, aux\u00edlio-funeral, comunicado de falecimento e termos de designa\u00e7\u00e3o de companheiro\/a.<br>Ademais, atende \u00e0s solicita\u00e7\u00f5es de <strong>atualiza\u00e7\u00e3o cadastral de aposentados e pensionistas<\/strong> nos sistemas SIE e SIAPE. Outrossim, compete ao N\u00facleo acompanhar os processos de <strong>recadastramento de aposentados e pensionistas<\/strong>, gerenciar as situa\u00e7\u00f5es relacionadas \u00e0 prova de vida, bem como, em conjunto com a Coordenadoria de Qualidade de Vida (CQVS), atender aos casos especiais em que \u00e9 necess\u00e1rio que a prova de vida seja realizada por meio de visitas domiciliares.<\/p>\n<p style=\"color: #1c1c1c;font-size: 16px;line-height: 21pt;background-image: initial;background-position: initial\"><span style=\"font-weight: bolder\">Mais informa\u00e7\u00f5es:<\/span><\/p>\n<p style=\"color: #1c1c1c;font-size: 16px;line-height: 21pt;background-image: initial;background-position: initial\"><span style=\"font-family: Helvetica, sans-serif;font-size: 10.5pt\">Sala 412, 4\u00ba andar \u2013 Reitoria<\/span><\/p>\n<p style=\"color: #1c1c1c;font-size: 16px;line-height: 21pt;background-image: initial;background-position: initial\"><span style=\"font-family: Helvetica, sans-serif;font-size: 10.5pt\">(55) 3220-8323<\/span><\/p>\n<p style=\"color: #1c1c1c;font-size: 16px;line-height: 21pt;background-image: initial;background-position: initial\"><span style=\"font-family: Helvetica, sans-serif;font-size: 10.5pt\">(55) 99167-6470 &#8211; Celular e WhatsApp<\/span><\/p>\n<p style=\"color: #1c1c1c;font-size: 16px;line-height: 21pt;background-image: initial;background-position: initial\"><span style=\"font-family: Helvetica, sans-serif;font-size: 10.5pt\">npa@ufsm.br<\/span><\/p><\/div>\n\t\t\t\t<\/div>\n\t\t\t\t\t\t\t<div class=\"elementor-toggle-item\">\n\t\t\t\t\t<div id=\"elementor-tab-title-1353\" class=\"elementor-tab-title\" data-tab=\"3\" role=\"button\" aria-controls=\"elementor-tab-content-1353\" aria-expanded=\"false\">\n\t\t\t\t\t\t\t\t\t\t\t\t<span class=\"elementor-toggle-icon elementor-toggle-icon-left\" aria-hidden=\"true\">\n\t\t\t\t\t\t\t\t\t\t\t\t\t\t\t<span class=\"elementor-toggle-icon-closed\"><i class=\"fas fa-caret-right\"><\/i><\/span>\n\t\t\t\t\t\t\t\t<span class=\"elementor-toggle-icon-opened\"><i class=\"elementor-toggle-icon-opened fas fa-caret-up\"><\/i><\/span>\n\t\t\t\t\t\t\t\t\t\t\t\t\t<\/span>\n\t\t\t\t\t\t\t\t\t\t\t\t<a class=\"elementor-toggle-title\" tabindex=\"0\">N\u00facleo de Concess\u00f5es (NUC)<\/a>\n\t\t\t\t\t<\/div>\n\n\t\t\t\t\t<div id=\"elementor-tab-content-1353\" class=\"elementor-tab-content elementor-clearfix\" data-tab=\"3\" role=\"region\" aria-labelledby=\"elementor-tab-title-1353\"><p style=\"text-align: justify\"><span style=\"font-family: Arial, sans-serif;font-size: 12pt;line-height: 17.12px\"><span style=\"font-weight: bold\">O N\u00facleo de Concess\u00f5es tem como principais atividades e orienta\u00e7\u00f5es quanto \u00e0:<\/span><\/span><\/p><ul><li><span style=\"font-family: Arial, sans-serif;font-size: 12pt\">\u00a0Abono de Perman\u00eancia<\/span><\/li><li><span style=\"font-family: Arial, sans-serif;font-size: 12pt\">\u00a0<\/span><span style=\"font-family: Arial, sans-serif;font-size: 12pt\">Adicional Noturno<\/span><\/li><li><span style=\"font-family: Arial, sans-serif;font-size: 12pt\">\u00a0Adicional por Servi\u00e7o Extraordin\u00e1rio<\/span><\/li><li><span style=\"font-family: Arial, sans-serif;font-size: 12pt\">\u00a0Aux\u00edlio Natalidade e Pr\u00e9-escolar<\/span><\/li><li><span style=\"font-family: Arial, sans-serif;font-size: 12pt\">\u00a0Concess\u00e3o por alistamento ou recadastramento como Eleitor<\/span><\/li><li><span style=\"font-family: Arial, sans-serif;font-size: 12pt\">\u00a0Concess\u00e3o por Casamento<\/span><\/li><li><span style=\"font-family: Arial, sans-serif;font-size: 12pt\">\u00a0Concess\u00e3o por Doa\u00e7\u00e3o de Sangue<\/span><\/li><li><span style=\"font-family: Arial, sans-serif;font-size: 12pt\">\u00a0Concess\u00e3o por Falecimento de Familiar<\/span><\/li><li><span style=\"font-family: Arial, sans-serif;font-size: 12pt\">\u00a0Contagem de Tempo de Contribui\u00e7\u00e3o<\/span><\/li><li><span style=\"font-family: Arial, sans-serif;font-size: 12pt\">\u00a0Exonera\u00e7\u00e3o e Vac\u00e2ncia.<\/span><\/li><li><span style=\"font-family: Arial, sans-serif;font-size: 12pt\">\u00a0Hor\u00e1rio Especial para Servidor Estudante<\/span><\/li><li><span style=\"font-family: Arial, sans-serif;font-size: 12pt\">\u00a0Licen\u00e7a Adotante<\/span><\/li><li><span style=\"font-family: Arial, sans-serif;font-size: 12pt\">\u00a0Licen\u00e7a Amamenta\u00e7\u00e3o<\/span><\/li><li><span style=\"font-family: Arial, sans-serif;font-size: 12pt\">\u00a0Licen\u00e7a para Atividade Pol\u00edtica<\/span><\/li><li><span style=\"font-family: Arial, sans-serif;font-size: 12pt\">\u00a0Licen\u00e7a para Tratar Interesses Particulares<\/span><\/li><li><span style=\"font-family: Arial, sans-serif;font-size: 12pt\">\u00a0Licen\u00e7a Paternidade<\/span><\/li><\/ul><div><span style=\"font-family: Helvetica, sans-serif;font-size: 10.5pt;font-weight: bold;color: #172938\">Mais informa\u00e7\u00f5es:<\/span><\/div><p style=\"line-height: 21pt;background-image: initial;background-position: initial\"><span style=\"font-family: Helvetica, sans-serif;font-size: 10.5pt\">Sala 439, 4\u00ba andar \u2013 Reitoria<\/span><\/p><p style=\"line-height: 21pt;background-image: initial;background-position: initial\"><span style=\"font-family: Helvetica, sans-serif;font-size: 10.5pt\">(55) 3220-8065<\/span><\/p><p style=\"line-height: 21pt;background-image: initial;background-position: initial\"><span style=\"font-family: Helvetica, sans-serif;font-size: 10.5pt\">nuc@ufsm.br\u00a0<br \/>Atendimento das\u00a0<\/span>8h \u00e0s 12h e das 13h30 \u00e0s 17h<\/p><\/div>\n\t\t\t\t<\/div>\n\t\t\t\t\t\t\t\t<\/div>\n\t\t\t\t<\/div>\n\t\t\t\t<\/div>\n\t\t\t\t\t<\/div>\n\t\t<\/div>\n\t\t\t\t\t<\/div>\n\t\t<\/section>\n\t\t\t\t<\/div>\n\t\t","protected":false},"excerpt":{"rendered":"<p>A\u00a0Coordenadoria de Concess\u00f5es e Registros (CCRE), tem a compet\u00eancia de orientar, controlar e coordenar a execu\u00e7\u00e3o das atividades de classifica\u00e7\u00e3o de cargos e empregos, cadastro e registros funcionais. Tamb\u00e9m analisa e orienta os processos de aposentadoria e pens\u00e3o e instrui os processos de pedidos de concess\u00f5es de direitos. Constitui-se dos seguintes n\u00facleos: N\u00facleo de Cadastro [&hellip;]<\/p>\n","protected":false},"author":27,"featured_media":0,"parent":0,"menu_order":0,"comment_status":"closed","ping_status":"closed","template":"","meta":{"footnotes":""},"categories":[],"tags":[],"class_list":["post-11","page","type-page","status-publish","hentry"],"acf":[],"_links":{"self":[{"href":"https:\/\/www.ufsm.br\/pro-reitorias\/progep\/wp-json\/wp\/v2\/pages\/11","targetHints":{"allow":["GET"]}}],"collection":[{"href":"https:\/\/www.ufsm.br\/pro-reitorias\/progep\/wp-json\/wp\/v2\/pages"}],"about":[{"href":"https:\/\/www.ufsm.br\/pro-reitorias\/progep\/wp-json\/wp\/v2\/types\/page"}],"author":[{"embeddable":true,"href":"https:\/\/www.ufsm.br\/pro-reitorias\/progep\/wp-json\/wp\/v2\/users\/27"}],"replies":[{"embeddable":true,"href":"https:\/\/www.ufsm.br\/pro-reitorias\/progep\/wp-json\/wp\/v2\/comments?post=11"}],"version-history":[{"count":0,"href":"https:\/\/www.ufsm.br\/pro-reitorias\/progep\/wp-json\/wp\/v2\/pages\/11\/revisions"}],"wp:attachment":[{"href":"https:\/\/www.ufsm.br\/pro-reitorias\/progep\/wp-json\/wp\/v2\/media?parent=11"}],"wp:term":[{"taxonomy":"category","embeddable":true,"href":"https:\/\/www.ufsm.br\/pro-reitorias\/progep\/wp-json\/wp\/v2\/categories?post=11"},{"taxonomy":"post_tag","embeddable":true,"href":"https:\/\/www.ufsm.br\/pro-reitorias\/progep\/wp-json\/wp\/v2\/tags?post=11"}],"curies":[{"name":"wp","href":"https:\/\/api.w.org\/{rel}","templated":true}]}}