{"id":19679,"date":"2018-08-07T11:30:10","date_gmt":"2018-08-07T14:30:10","guid":{"rendered":"https:\/\/www.ufsm.br\/pro-reitorias\/progep\/?page_id=19679"},"modified":"2026-02-06T12:33:50","modified_gmt":"2026-02-06T15:33:50","slug":"agentes-de-desenvolvimento","status":"publish","type":"page","link":"https:\/\/www.ufsm.br\/pro-reitorias\/progep\/agentes-de-desenvolvimento","title":{"rendered":"Agentes de Desenvolvimento"},"content":{"rendered":"\t\t<div data-elementor-type=\"wp-post\" data-elementor-id=\"19679\" class=\"elementor elementor-19679\">\n\t\t\t\t\t\t<section class=\"elementor-section elementor-top-section elementor-element elementor-element-f6c7828 elementor-section-boxed elementor-section-height-default elementor-section-height-default\" data-id=\"f6c7828\" data-element_type=\"section\">\n\t\t\t\t\t\t<div class=\"elementor-container elementor-column-gap-default\">\n\t\t\t\t\t<div class=\"elementor-column elementor-col-100 elementor-top-column elementor-element elementor-element-784c454\" data-id=\"784c454\" data-element_type=\"column\">\n\t\t\t<div class=\"elementor-widget-wrap elementor-element-populated\">\n\t\t\t\t\t\t<div class=\"elementor-element elementor-element-a78af0d elementor-widget elementor-widget-text-editor\" data-id=\"a78af0d\" data-element_type=\"widget\" data-widget_type=\"text-editor.default\">\n\t\t\t\t<div class=\"elementor-widget-container\">\n\t\t\t\t\t\t\t<p data-start=\"0\" data-end=\"30\">Com o objetivo de ampliar a atua\u00e7\u00e3o da Pr\u00f3-Reitoria de Gest\u00e3o de Pessoas (PROGEP) nos campi fora de sede, a PROGEP conta, desde 2018, com os <strong>Agentes de Desenvolvimento de Pessoas<\/strong>. Indicados pelos diretores de campus, os agentes atuam como intermediadores entre os servidores lotados nos campi e a PROGEP, contribuindo para o planejamento, a execu\u00e7\u00e3o, a avalia\u00e7\u00e3o e a proposi\u00e7\u00e3o de a\u00e7\u00f5es de desenvolvimento e capacita\u00e7\u00e3o de pessoas, al\u00e9m de fortalecer o di\u00e1logo institucional. A institucionaliza\u00e7\u00e3o dos Agentes de Desenvolvimento de Pessoas como comiss\u00f5es formais ocorreu em 2025, por meio da <a href=\"https:\/\/www.ufsm.br\/pro-reitorias\/proplan\/resolucao-ufsm-n-234-2025\">Resolu\u00e7\u00e3o UFSM n\u00ba 234, de 31 de outubro de 2025<\/a>.<\/p>\n<p data-start=\"0\" data-end=\"30\">Designa\u00e7\u00e3o dos membros pela&nbsp;<span style=\"font-size: 12pt\"><a href=\"https:\/\/portal.ufsm.br\/documentos\/publico\/documento.html?id=15711396\">Portaria de Pessoal UFSM N. 280, de 02 de fevereiro de 2026.<\/a><\/span><\/p>\n<p class=\"MsoNormal\" style=\"line-height: 150%\">\n<\/p><table style=\"border-collapse: collapse;width: 99.8392%;height: 128px\" border=\"1\">\n<tbody>\n<tr style=\"height: 36px\">\n<td style=\"width: 32.6405%;height: 36px;text-align: center\"><strong><u>Campus Cachoeira do Sul<\/u><\/strong><\/td>\n<td style=\"width: 33.919%;height: 36px;text-align: center\" width=\"372\"><strong><u>Campus Frederico Westphalen<\/u><\/strong><\/td>\n<td style=\"width: 33.2797%;height: 36px;text-align: center\" width=\"356\"><strong><u>Campus Palmeira das Miss\u00f5es<\/u><\/strong><\/td>\n<\/tr>\n<tr style=\"height: 72px\">\n<td style=\"width: 32.6405%;height: 72px;text-align: center\">\n<p>ALINE BRUM LORETO<\/p>\n<p>CRICI\u00c9LE CASTRO MARTINS<\/p>\n<p>DANIELA TRINDADE MORALES<\/p>\n<p>VITOR HUGO KARST F\u00c9LIX<\/p>\n<p><strong>E-mail: cs.agentesdesenvolvimento@ufsm.br<\/strong><\/p>\n<\/td>\n<td style=\"width: 33.919%;height: 72px;text-align: center\" width=\"372\">\n<p class=\"MsoNormal\" style=\"line-height: 150%\"><span style=\"font-size: 12.0pt;line-height: 150%\">ADRIANA SOARES PEREIRA<\/span><\/p>\n<p class=\"MsoNormal\" style=\"line-height: 150%\"><span style=\"font-size: 12.0pt;line-height: 150%\">ANDR\u00c9A DA ROCHA GIOVENARDI<\/span><\/p>\n<p class=\"MsoNormal\" style=\"line-height: 150%\"><span style=\"font-size: 12.0pt;line-height: 150%\">CESAR DE MORAIS COUTINHO<\/span><\/p>\n<p class=\"MsoNormal\" style=\"line-height: 150%\"><span style=\"font-size: 12.0pt;line-height: 150%\">GIZELLI MOIANO DE PAULA<\/span><\/p>\n<p class=\"MsoNormal\" style=\"line-height: 150%\"><span style=\"font-size: 12.0pt;line-height: 150%\">LUCINDO SOMAVILLA<\/span><\/p>\n<p class=\"MsoNormal\" style=\"line-height: 150%\"><span style=\"font-size: 12.0pt;line-height: 150%\">MARCELA DE MELO TORCHELSEN<\/span><\/p>\n<div><strong><span style=\"font-size: 16px;background-color: var(--bs-body-bg)\">E-mail:&nbsp;<\/span><span style=\"background-color: var(--bs-body-bg)\">agentesfw@ufsm.br<\/span><\/strong><\/div>\n<\/td>\n<td style=\"width: 33.2797%;height: 72px;text-align: center\" width=\"356\">\n<p><span style=\"background-color: var(--bs-body-bg)\">&nbsp;<\/span><\/p>\n<p class=\"MsoNormal\" style=\"line-height: 150%\"><span style=\"font-size: 12.0pt;line-height: 150%\">KATIANE FR\u00c9U<\/span><\/p>\n<p class=\"MsoNormal\" style=\"line-height: 150%\"><span style=\"font-size: 12.0pt;line-height: 150%\">LUCIANA FAGUNDES CHRISTOFARI<\/span><\/p>\n<p class=\"MsoNormal\" style=\"line-height: 150%\"><span style=\"font-size: 12.0pt;line-height: 150%\">MIGUEL ANGELO MAURER ARBOITTE<\/span><\/p>\n<p class=\"MsoNormal\" style=\"line-height: 150%\"><span style=\"font-size: 12.0pt;line-height: 150%\">RAQUEL PROCHNOW<\/span><\/p>\n<p class=\"MsoNormal\" style=\"line-height: 150%\"><span style=\"font-size: 12.0pt;line-height: 150%\">ROBERTA CORR\u00caA STANGHERLIN<\/span><\/p>\n<p class=\"MsoNormal\" style=\"line-height: 150%\"><span style=\"font-size: 12.0pt;line-height: 150%\">VIVIANE MARIA TIZIAN VORPAGEL<\/span><\/p>\n<p><strong>E-mail: desenvolvimento.pm@ufsm.br<\/strong><span style=\"background-color: var(--bs-body-bg)\">&nbsp;<\/span><\/p>\n<p><span style=\"font-size: 16px\">&nbsp;<\/span><\/p>\n<\/td>\n<\/tr>\n<\/tbody>\n<\/table>\t\t\t\t\t\t<\/div>\n\t\t\t\t<\/div>\n\t\t\t\t\t<\/div>\n\t\t<\/div>\n\t\t\t\t\t<\/div>\n\t\t<\/section>\n\t\t\t\t<\/div>\n\t\t","protected":false},"excerpt":{"rendered":"<p>Com o objetivo de ampliar a atua\u00e7\u00e3o da Pr\u00f3-Reitoria de Gest\u00e3o de Pessoas (PROGEP) nos campi fora de sede, a PROGEP conta, desde 2018, com os Agentes de Desenvolvimento de Pessoas. Indicados pelos diretores de campus, os agentes atuam como intermediadores entre os servidores lotados nos campi e a PROGEP, contribuindo para o planejamento, a [&hellip;]<\/p>\n","protected":false},"author":118,"featured_media":0,"parent":0,"menu_order":0,"comment_status":"closed","ping_status":"closed","template":"","meta":{"footnotes":""},"categories":[],"tags":[],"class_list":["post-19679","page","type-page","status-publish","hentry"],"acf":[],"_links":{"self":[{"href":"https:\/\/www.ufsm.br\/pro-reitorias\/progep\/wp-json\/wp\/v2\/pages\/19679","targetHints":{"allow":["GET"]}}],"collection":[{"href":"https:\/\/www.ufsm.br\/pro-reitorias\/progep\/wp-json\/wp\/v2\/pages"}],"about":[{"href":"https:\/\/www.ufsm.br\/pro-reitorias\/progep\/wp-json\/wp\/v2\/types\/page"}],"author":[{"embeddable":true,"href":"https:\/\/www.ufsm.br\/pro-reitorias\/progep\/wp-json\/wp\/v2\/users\/118"}],"replies":[{"embeddable":true,"href":"https:\/\/www.ufsm.br\/pro-reitorias\/progep\/wp-json\/wp\/v2\/comments?post=19679"}],"version-history":[{"count":0,"href":"https:\/\/www.ufsm.br\/pro-reitorias\/progep\/wp-json\/wp\/v2\/pages\/19679\/revisions"}],"wp:attachment":[{"href":"https:\/\/www.ufsm.br\/pro-reitorias\/progep\/wp-json\/wp\/v2\/media?parent=19679"}],"wp:term":[{"taxonomy":"category","embeddable":true,"href":"https:\/\/www.ufsm.br\/pro-reitorias\/progep\/wp-json\/wp\/v2\/categories?post=19679"},{"taxonomy":"post_tag","embeddable":true,"href":"https:\/\/www.ufsm.br\/pro-reitorias\/progep\/wp-json\/wp\/v2\/tags?post=19679"}],"curies":[{"name":"wp","href":"https:\/\/api.w.org\/{rel}","templated":true}]}}