{"id":1968,"date":"2018-04-27T09:06:50","date_gmt":"2018-04-27T12:06:50","guid":{"rendered":"https:\/\/www.ufsm.br\/pro-reitorias\/progep\/?page_id=1968"},"modified":"2018-07-04T10:59:40","modified_gmt":"2018-07-04T13:59:40","slug":"auxilio-funeral","status":"publish","type":"page","link":"https:\/\/www.ufsm.br\/pro-reitorias\/progep\/auxilio-funeral","title":{"rendered":"Aux\u00edlio Funeral"},"content":{"rendered":"<p>Benef\u00edcio devido \u00e0 fam\u00edlia ou a terceiro que tenha custeado o funeral do servidor falecido em atividade ou aposentado, mediante comprova\u00e7\u00e3o do falecimento do servidor e despesas com o funeral. Para encaminhar a solicita\u00e7\u00e3o de Aux\u00edlio Funeral, o familiar dever\u00e1 preencher o requerimento dispon\u00edvel em: <a href=\"https:\/\/www.ufsm.br\/pro-reitorias\/progep\/wp-content\/uploads\/sites\/341\/2018\/04\/requerimento_auxilio_funeral.pdf\">Auxilio Funeral<\/a>, no site da <strong>Pr\u00f3-reitoria de Gest\u00e3o de Pessoas (PROGEP)<\/strong>, e encaminhar junto com os documentos solicitados para abertura de processo administrativo, no Protocolo Geral da Institui\u00e7\u00e3o. O pedido ser\u00e1 avaliado pela<strong> Coordenadoria de Concess\u00f5es e Registros.<\/strong><\/p>\n","protected":false},"excerpt":{"rendered":"<p>Benef\u00edcio devido \u00e0 fam\u00edlia ou a terceiro que tenha custeado o funeral do servidor falecido em atividade ou aposentado, mediante comprova\u00e7\u00e3o do falecimento do servidor e despesas com o funeral. Para encaminhar a solicita\u00e7\u00e3o de Aux\u00edlio Funeral, o familiar dever\u00e1 preencher o requerimento dispon\u00edvel em: Auxilio Funeral, no site da Pr\u00f3-reitoria de Gest\u00e3o de Pessoas [&hellip;]<\/p>\n","protected":false},"author":35,"featured_media":0,"parent":0,"menu_order":0,"comment_status":"closed","ping_status":"closed","template":"","meta":{"footnotes":""},"categories":[],"tags":[],"class_list":["post-1968","page","type-page","status-publish","hentry"],"acf":[],"_links":{"self":[{"href":"https:\/\/www.ufsm.br\/pro-reitorias\/progep\/wp-json\/wp\/v2\/pages\/1968","targetHints":{"allow":["GET"]}}],"collection":[{"href":"https:\/\/www.ufsm.br\/pro-reitorias\/progep\/wp-json\/wp\/v2\/pages"}],"about":[{"href":"https:\/\/www.ufsm.br\/pro-reitorias\/progep\/wp-json\/wp\/v2\/types\/page"}],"author":[{"embeddable":true,"href":"https:\/\/www.ufsm.br\/pro-reitorias\/progep\/wp-json\/wp\/v2\/users\/35"}],"replies":[{"embeddable":true,"href":"https:\/\/www.ufsm.br\/pro-reitorias\/progep\/wp-json\/wp\/v2\/comments?post=1968"}],"version-history":[{"count":0,"href":"https:\/\/www.ufsm.br\/pro-reitorias\/progep\/wp-json\/wp\/v2\/pages\/1968\/revisions"}],"wp:attachment":[{"href":"https:\/\/www.ufsm.br\/pro-reitorias\/progep\/wp-json\/wp\/v2\/media?parent=1968"}],"wp:term":[{"taxonomy":"category","embeddable":true,"href":"https:\/\/www.ufsm.br\/pro-reitorias\/progep\/wp-json\/wp\/v2\/categories?post=1968"},{"taxonomy":"post_tag","embeddable":true,"href":"https:\/\/www.ufsm.br\/pro-reitorias\/progep\/wp-json\/wp\/v2\/tags?post=1968"}],"curies":[{"name":"wp","href":"https:\/\/api.w.org\/{rel}","templated":true}]}}