{"id":244,"date":"2018-04-24T10:19:17","date_gmt":"2018-04-24T13:19:17","guid":{"rendered":"https:\/\/www.ufsm.br\/pro-reitorias\/progep\/?page_id=244"},"modified":"2018-06-29T13:44:25","modified_gmt":"2018-06-29T16:44:25","slug":"saude-suplementar-ressarcimento-plano-de-saude-e-convenio-geap","status":"publish","type":"page","link":"https:\/\/www.ufsm.br\/pro-reitorias\/progep\/saude-suplementar-ressarcimento-plano-de-saude-e-convenio-geap","title":{"rendered":"Sa\u00fade Suplementar \u2013 Ressarcimento Plano de Sa\u00fade e conv\u00eanio GEAP"},"content":{"rendered":"<p>A assist\u00eancia \u00e0 sa\u00fade, destinada aos servidores, contempla a possibilidade de aux\u00edlio de car\u00e1ter indenizat\u00f3rio, conforme os artigos 26, 27 e 28 da Portaria Normativa N. 5, de 11 de outubro de 2010. Todos os servidores, titulares de plano de sa\u00fade, podem solicitar o ressarcimento de parte dos valores pagos ao plano para si e seus dependentes legais, para tanto deve formalizar processo administrativo seguindo as orienta\u00e7\u00f5es dispon\u00edveis no link <a href=\"https:\/\/www.ufsm.br\/pro-reitorias\/progep\/auxilio-assistencia-a-saude-ressarcimento\/\">AQUI<\/a>. Em caso de deferimento da solicita\u00e7\u00e3o, o ressarcimento dar-se-\u00e1 a partir da data de abertura do processo administrativo.<\/p>\n<p>O conv\u00eanio com a GEAP &#8211; Autogest\u00e3o em Sa\u00fade oferece quatro tipos de planos de sa\u00fade &#8211; GEAP-Refer\u00eancia, GEAP-Refer\u00eancia, GEAP-Essencial, GEAP-Cl\u00e1ssico e GEAP-Sa\u00fade, possibilitando o ingresso do servidor e de seu grupo familiar mediante ades\u00e3o. Informa\u00e7\u00f5es dispon\u00edveis no <a href=\"http:\/\/www.geap.com.br\">site da GEAP<\/a>, diretamente na CQVS e no link <a href=\"https:\/\/www.ufsm.br\/pro-reitorias\/progep\/informacoes-geap\/\">AQUI<\/a>.<\/p>\n<p>Mais informa\u00e7\u00f5es<\/p>\n<p>Pr\u00e9dio 48C (ao lado da Coperves)<\/p>\n<p>Telefones: (55) 3220-8134 e 3220-9677<\/p>\n","protected":false},"excerpt":{"rendered":"<p>A assist\u00eancia \u00e0 sa\u00fade, destinada aos servidores, contempla a possibilidade de aux\u00edlio de car\u00e1ter indenizat\u00f3rio, conforme os artigos 26, 27 e 28 da Portaria Normativa N. 5, de 11 de outubro de 2010. Todos os servidores, titulares de plano de sa\u00fade, podem solicitar o ressarcimento de parte dos valores pagos ao plano para si e [&hellip;]<\/p>\n","protected":false},"author":35,"featured_media":0,"parent":0,"menu_order":0,"comment_status":"closed","ping_status":"closed","template":"","meta":{"footnotes":""},"categories":[],"tags":[],"class_list":["post-244","page","type-page","status-publish","hentry"],"acf":[],"_links":{"self":[{"href":"https:\/\/www.ufsm.br\/pro-reitorias\/progep\/wp-json\/wp\/v2\/pages\/244","targetHints":{"allow":["GET"]}}],"collection":[{"href":"https:\/\/www.ufsm.br\/pro-reitorias\/progep\/wp-json\/wp\/v2\/pages"}],"about":[{"href":"https:\/\/www.ufsm.br\/pro-reitorias\/progep\/wp-json\/wp\/v2\/types\/page"}],"author":[{"embeddable":true,"href":"https:\/\/www.ufsm.br\/pro-reitorias\/progep\/wp-json\/wp\/v2\/users\/35"}],"replies":[{"embeddable":true,"href":"https:\/\/www.ufsm.br\/pro-reitorias\/progep\/wp-json\/wp\/v2\/comments?post=244"}],"version-history":[{"count":0,"href":"https:\/\/www.ufsm.br\/pro-reitorias\/progep\/wp-json\/wp\/v2\/pages\/244\/revisions"}],"wp:attachment":[{"href":"https:\/\/www.ufsm.br\/pro-reitorias\/progep\/wp-json\/wp\/v2\/media?parent=244"}],"wp:term":[{"taxonomy":"category","embeddable":true,"href":"https:\/\/www.ufsm.br\/pro-reitorias\/progep\/wp-json\/wp\/v2\/categories?post=244"},{"taxonomy":"post_tag","embeddable":true,"href":"https:\/\/www.ufsm.br\/pro-reitorias\/progep\/wp-json\/wp\/v2\/tags?post=244"}],"curies":[{"name":"wp","href":"https:\/\/api.w.org\/{rel}","templated":true}]}}