{"id":268,"date":"2018-04-24T10:29:22","date_gmt":"2018-04-24T13:29:22","guid":{"rendered":"https:\/\/www.ufsm.br\/pro-reitorias\/progep\/?page_id=268"},"modified":"2018-07-03T18:22:24","modified_gmt":"2018-07-03T21:22:24","slug":"servico-odontologico","status":"publish","type":"page","link":"https:\/\/www.ufsm.br\/pro-reitorias\/progep\/servico-odontologico","title":{"rendered":"Servi\u00e7o Odontol\u00f3gico"},"content":{"rendered":"<p>O<strong> Servi\u00e7o Odontol\u00f3gico<\/strong> presta atendimento a todos os servidores, mediante agendamento pr\u00e9vio. Os profissionais atuam na preven\u00e7\u00e3o, promo\u00e7\u00e3o da sa\u00fade bucal e interven\u00e7\u00e3o curativa com procedimentos de aten\u00e7\u00e3o b\u00e1sica e alguns eletivos, como tratamento endod\u00f4ntico e bucomaxilofacial. Para agendamento, o servidor deve seguir as orienta\u00e7\u00f5es dispon\u00edveis no link <a href=\"https:\/\/www.ufsm.br\/pro-reitorias\/progep\/servico-odontologico-agendamento\/\">AQUI<\/a>.<\/p>\n<p>&nbsp;<\/p>\n","protected":false},"excerpt":{"rendered":"<p>O Servi\u00e7o Odontol\u00f3gico presta atendimento a todos os servidores, mediante agendamento pr\u00e9vio. Os profissionais atuam na preven\u00e7\u00e3o, promo\u00e7\u00e3o da sa\u00fade bucal e interven\u00e7\u00e3o curativa com procedimentos de aten\u00e7\u00e3o b\u00e1sica e alguns eletivos, como tratamento endod\u00f4ntico e bucomaxilofacial. Para agendamento, o servidor deve seguir as orienta\u00e7\u00f5es dispon\u00edveis no link AQUI. &nbsp;<\/p>\n","protected":false},"author":35,"featured_media":0,"parent":0,"menu_order":0,"comment_status":"closed","ping_status":"closed","template":"","meta":{"footnotes":""},"categories":[],"tags":[],"class_list":["post-268","page","type-page","status-publish","hentry"],"acf":[],"_links":{"self":[{"href":"https:\/\/www.ufsm.br\/pro-reitorias\/progep\/wp-json\/wp\/v2\/pages\/268","targetHints":{"allow":["GET"]}}],"collection":[{"href":"https:\/\/www.ufsm.br\/pro-reitorias\/progep\/wp-json\/wp\/v2\/pages"}],"about":[{"href":"https:\/\/www.ufsm.br\/pro-reitorias\/progep\/wp-json\/wp\/v2\/types\/page"}],"author":[{"embeddable":true,"href":"https:\/\/www.ufsm.br\/pro-reitorias\/progep\/wp-json\/wp\/v2\/users\/35"}],"replies":[{"embeddable":true,"href":"https:\/\/www.ufsm.br\/pro-reitorias\/progep\/wp-json\/wp\/v2\/comments?post=268"}],"version-history":[{"count":0,"href":"https:\/\/www.ufsm.br\/pro-reitorias\/progep\/wp-json\/wp\/v2\/pages\/268\/revisions"}],"wp:attachment":[{"href":"https:\/\/www.ufsm.br\/pro-reitorias\/progep\/wp-json\/wp\/v2\/media?parent=268"}],"wp:term":[{"taxonomy":"category","embeddable":true,"href":"https:\/\/www.ufsm.br\/pro-reitorias\/progep\/wp-json\/wp\/v2\/categories?post=268"},{"taxonomy":"post_tag","embeddable":true,"href":"https:\/\/www.ufsm.br\/pro-reitorias\/progep\/wp-json\/wp\/v2\/tags?post=268"}],"curies":[{"name":"wp","href":"https:\/\/api.w.org\/{rel}","templated":true}]}}