{"id":274,"date":"2018-04-24T10:31:18","date_gmt":"2018-04-24T13:31:18","guid":{"rendered":"https:\/\/www.ufsm.br\/pro-reitorias\/progep\/?page_id=274"},"modified":"2018-07-04T09:38:57","modified_gmt":"2018-07-04T12:38:57","slug":"servico-social-e-espaco-alternativo","status":"publish","type":"page","link":"https:\/\/www.ufsm.br\/pro-reitorias\/progep\/servico-social-e-espaco-alternativo","title":{"rendered":"Servi\u00e7o Social e Espa\u00e7o Alternativo"},"content":{"rendered":"<p>O <strong>Servi\u00e7o Social e Espa\u00e7o Alternativo<\/strong> presta atendimentos individuais aos servidores, nos assuntos relacionados \u00e0 sa\u00fade, assist\u00eancia social e demais problemas no trabalho, colaborando em campanhas preventivas e no desenvolvimento de projetos de valoriza\u00e7\u00e3o e qualidade de vida.<\/p>\n<p>O Servi\u00e7o Social coordena o Projeto Espa\u00e7o Alternativo, direcionado aos servidores da Institui\u00e7\u00e3o que permanecem no setor de trabalho no intervalo dos turnos, tendo por objetivo contribuir para a melhoria do bem estar f\u00edsico, mental e social dos servidores. As atividades deste projeto acontecem diariamente, entre as 12h e as 14h, no pr\u00e9dio da Unidade de Aten\u00e7\u00e3o \u00e0 Sa\u00fade Ocupacional do Servidor da UFSM, com o desenvolvimento de atividades diversas, envolvendo: oficinas, mini-cursos, atividades f\u00edsicas, atividades grupais, exposi\u00e7\u00f5es, mostras, forma\u00e7\u00e3o de clubes, viagens did\u00e1ticas e de integra\u00e7\u00e3o, debates, entre outros. Atualmente s\u00e3o desenvolvidas as seguintes oficinas: yoga, dan\u00e7a de sal\u00e3o, medita\u00e7\u00e3o, alongamento e relaxamento, pilates, canto coral, fotografia, jardinagem e nutri\u00e7\u00e3o.<\/p>\n<p>Estas, acontecem, preferencialmente, entre os meses de mar\u00e7o a dezembro.<\/p>\n","protected":false},"excerpt":{"rendered":"<p>O Servi\u00e7o Social e Espa\u00e7o Alternativo presta atendimentos individuais aos servidores, nos assuntos relacionados \u00e0 sa\u00fade, assist\u00eancia social e demais problemas no trabalho, colaborando em campanhas preventivas e no desenvolvimento de projetos de valoriza\u00e7\u00e3o e qualidade de vida. O Servi\u00e7o Social coordena o Projeto Espa\u00e7o Alternativo, direcionado aos servidores da Institui\u00e7\u00e3o que permanecem no setor [&hellip;]<\/p>\n","protected":false},"author":35,"featured_media":0,"parent":0,"menu_order":0,"comment_status":"closed","ping_status":"closed","template":"","meta":{"footnotes":""},"categories":[],"tags":[],"class_list":["post-274","page","type-page","status-publish","hentry"],"acf":[],"_links":{"self":[{"href":"https:\/\/www.ufsm.br\/pro-reitorias\/progep\/wp-json\/wp\/v2\/pages\/274","targetHints":{"allow":["GET"]}}],"collection":[{"href":"https:\/\/www.ufsm.br\/pro-reitorias\/progep\/wp-json\/wp\/v2\/pages"}],"about":[{"href":"https:\/\/www.ufsm.br\/pro-reitorias\/progep\/wp-json\/wp\/v2\/types\/page"}],"author":[{"embeddable":true,"href":"https:\/\/www.ufsm.br\/pro-reitorias\/progep\/wp-json\/wp\/v2\/users\/35"}],"replies":[{"embeddable":true,"href":"https:\/\/www.ufsm.br\/pro-reitorias\/progep\/wp-json\/wp\/v2\/comments?post=274"}],"version-history":[{"count":0,"href":"https:\/\/www.ufsm.br\/pro-reitorias\/progep\/wp-json\/wp\/v2\/pages\/274\/revisions"}],"wp:attachment":[{"href":"https:\/\/www.ufsm.br\/pro-reitorias\/progep\/wp-json\/wp\/v2\/media?parent=274"}],"wp:term":[{"taxonomy":"category","embeddable":true,"href":"https:\/\/www.ufsm.br\/pro-reitorias\/progep\/wp-json\/wp\/v2\/categories?post=274"},{"taxonomy":"post_tag","embeddable":true,"href":"https:\/\/www.ufsm.br\/pro-reitorias\/progep\/wp-json\/wp\/v2\/tags?post=274"}],"curies":[{"name":"wp","href":"https:\/\/api.w.org\/{rel}","templated":true}]}}