{"id":297,"date":"2018-04-26T09:12:38","date_gmt":"2018-04-26T12:12:38","guid":{"rendered":"https:\/\/www.ufsm.br\/pro-reitorias\/progep\/?page_id=297"},"modified":"2018-07-04T09:48:56","modified_gmt":"2018-07-04T12:48:56","slug":"gratificacao-por-trabalhos-com-raio-x-ou-substancias-radioativas","status":"publish","type":"page","link":"https:\/\/www.ufsm.br\/pro-reitorias\/progep\/gratificacao-por-trabalhos-com-raio-x-ou-substancias-radioativas","title":{"rendered":"Gratifica\u00e7\u00e3o por Trabalhos com Raio X ou Subst\u00e2ncias Radioativas"},"content":{"rendered":"<p>Concedida a servidores que, cumulativamente:<\/p>\n<p>I &#8211; Operam direta, obrigat\u00f3ria e habitualmente com raio-X ou subst\u00e2ncias radioativas, junto \u00e0s fontes de irradia\u00e7\u00e3o por um per\u00edodo de 12 horas semanais, como parte integrante das atribui\u00e7\u00f5es do cargo ou fun\u00e7\u00e3o exercido.<\/p>\n<p>II &#8211; Sejam portadores de conhecimentos especializados de radiologia diagn\u00f3stica ou terap\u00eautica comprovada atrav\u00e9s de diplomas ou certificados expedidos por estabelecimentos oficiais ou reconhecidos pelos \u00f3rg\u00e3os de ensino competentes.<\/p>\n<p>III &#8211; Tenham sido designados por Portaria do dirigente do \u00f3rg\u00e3o onde tenham exerc\u00edcio para operar direta e habitualmente com raio-X ou subst\u00e2ncias radioativas.<\/p>\n<p>IV &#8211; Exer\u00e7am suas atividades em \u00e1rea controlada.<\/p>\n","protected":false},"excerpt":{"rendered":"<p>Concedida a servidores que, cumulativamente: I &#8211; Operam direta, obrigat\u00f3ria e habitualmente com raio-X ou subst\u00e2ncias radioativas, junto \u00e0s fontes de irradia\u00e7\u00e3o por um per\u00edodo de 12 horas semanais, como parte integrante das atribui\u00e7\u00f5es do cargo ou fun\u00e7\u00e3o exercido. II &#8211; Sejam portadores de conhecimentos especializados de radiologia diagn\u00f3stica ou terap\u00eautica comprovada atrav\u00e9s de diplomas [&hellip;]<\/p>\n","protected":false},"author":35,"featured_media":0,"parent":0,"menu_order":0,"comment_status":"closed","ping_status":"closed","template":"","meta":{"footnotes":""},"categories":[],"tags":[],"class_list":["post-297","page","type-page","status-publish","hentry"],"acf":[],"_links":{"self":[{"href":"https:\/\/www.ufsm.br\/pro-reitorias\/progep\/wp-json\/wp\/v2\/pages\/297","targetHints":{"allow":["GET"]}}],"collection":[{"href":"https:\/\/www.ufsm.br\/pro-reitorias\/progep\/wp-json\/wp\/v2\/pages"}],"about":[{"href":"https:\/\/www.ufsm.br\/pro-reitorias\/progep\/wp-json\/wp\/v2\/types\/page"}],"author":[{"embeddable":true,"href":"https:\/\/www.ufsm.br\/pro-reitorias\/progep\/wp-json\/wp\/v2\/users\/35"}],"replies":[{"embeddable":true,"href":"https:\/\/www.ufsm.br\/pro-reitorias\/progep\/wp-json\/wp\/v2\/comments?post=297"}],"version-history":[{"count":0,"href":"https:\/\/www.ufsm.br\/pro-reitorias\/progep\/wp-json\/wp\/v2\/pages\/297\/revisions"}],"wp:attachment":[{"href":"https:\/\/www.ufsm.br\/pro-reitorias\/progep\/wp-json\/wp\/v2\/media?parent=297"}],"wp:term":[{"taxonomy":"category","embeddable":true,"href":"https:\/\/www.ufsm.br\/pro-reitorias\/progep\/wp-json\/wp\/v2\/categories?post=297"},{"taxonomy":"post_tag","embeddable":true,"href":"https:\/\/www.ufsm.br\/pro-reitorias\/progep\/wp-json\/wp\/v2\/tags?post=297"}],"curies":[{"name":"wp","href":"https:\/\/api.w.org\/{rel}","templated":true}]}}