{"id":324,"date":"2018-04-26T09:56:46","date_gmt":"2018-04-26T12:56:46","guid":{"rendered":"https:\/\/www.ufsm.br\/pro-reitorias\/progep\/?page_id=324"},"modified":"2018-07-04T10:55:50","modified_gmt":"2018-07-04T13:55:50","slug":"previdencia-complementar","status":"publish","type":"page","link":"https:\/\/www.ufsm.br\/pro-reitorias\/progep\/previdencia-complementar","title":{"rendered":"Previd\u00eancia Complementar"},"content":{"rendered":"<p>Os servidores com ingresso no servi\u00e7o p\u00fablico federal a partir de 04 de fevereiro de 2013 est\u00e3o sujeitos ao novo regime de previd\u00eancia, institu\u00eddo pela Lei n. 12.618\/2012, no qual o valor da aposentadoria est\u00e1 limitado ao teto do Regime Geral de Previd\u00eancia Social \u2013 RGPS (R$ 4.663,75 em 2015). No entanto, esses servidores podem aderir \u00e0 Funda\u00e7\u00e3o de Previd\u00eancia Complementar do Servidor P\u00fablico Federal (Funpresp), a qual proporciona ao servidor um seguro previdenci\u00e1rio adicional, conforme sua disponibilidade de contribui\u00e7\u00e3o.<\/p>\n<p>O plano da Funpresp possibilita ao servidor optar por contribuir com um percentual da sua remunera\u00e7\u00e3o (8,5%, 8,0% ou 7,5%) sobre o valor que ultrapassar o teto do RGPS (Ativo Normal). O servidor torna-se participante do fundo de pens\u00e3o com a vantagem de ter como patrocinador o \u00f3rg\u00e3o em que trabalha. O patrocinador contribui com a mesma parcela do participante, no limite m\u00e1ximo de 8,5%. Essa contribui\u00e7\u00e3o se reverter\u00e1 em benef\u00edcios como aposentadoria normal, aposentadoria por invalidez e pens\u00e3o por falecimento. Caso o servidor ingresse com base de contribui\u00e7\u00e3o inferior ao teto do RGPS tamb\u00e9m poder\u00e1 aderir \u00e0 Funpresp, por\u00e9m o \u00f3rg\u00e3o n\u00e3o contribui com a mesma parcela do participante (Ativo Alternativo).<\/p>\n<p>&#8211; <a href=\"https:\/\/www.ufsm.br\/pro-reitorias\/progep\/wp-content\/uploads\/sites\/341\/2018\/04\/ORIENTA\u00c7\u00c3O_NORMATIVA_9_-_2015_-_FUNPRESP-1.pdf\">FUNPRESP: Ades\u00e3o autom\u00e1tica &#8211; ON SEGEP n\u00ba 09\/2015<\/a><\/p>\n<p>&#8211; <a href=\"https:\/\/www.ufsm.br\/pro-reitorias\/progep\/wp-content\/uploads\/sites\/341\/2018\/04\/ORIENTA\u00c7\u00c3O_NORMATIVA_10_-_2015-1.pdf\">FUNPRESP: Ades\u00e3o autom\u00e1tica &#8211; ON SEGEP n\u00ba 09\/2015 &#8211; Revoga Art. 6\u00ba<\/a><\/p>\n<p>&#8211; Art. 92 &#8211; Lei N\u00ba 13.328, de 29 de julho de 2016.<\/p>\n<p>Para mais informa\u00e7\u00f5es, consultar o site:<a href=\"http:\/\/www.funpresp-exe.com.br\">http:\/\/www.funpresp-exe.com.br<\/a>.<\/p>\n","protected":false},"excerpt":{"rendered":"<p>Os servidores com ingresso no servi\u00e7o p\u00fablico federal a partir de 04 de fevereiro de 2013 est\u00e3o sujeitos ao novo regime de previd\u00eancia, institu\u00eddo pela Lei n. 12.618\/2012, no qual o valor da aposentadoria est\u00e1 limitado ao teto do Regime Geral de Previd\u00eancia Social \u2013 RGPS (R$ 4.663,75 em 2015). No entanto, esses servidores podem [&hellip;]<\/p>\n","protected":false},"author":35,"featured_media":0,"parent":0,"menu_order":0,"comment_status":"closed","ping_status":"closed","template":"","meta":{"footnotes":""},"categories":[],"tags":[],"class_list":["post-324","page","type-page","status-publish","hentry"],"acf":[],"_links":{"self":[{"href":"https:\/\/www.ufsm.br\/pro-reitorias\/progep\/wp-json\/wp\/v2\/pages\/324","targetHints":{"allow":["GET"]}}],"collection":[{"href":"https:\/\/www.ufsm.br\/pro-reitorias\/progep\/wp-json\/wp\/v2\/pages"}],"about":[{"href":"https:\/\/www.ufsm.br\/pro-reitorias\/progep\/wp-json\/wp\/v2\/types\/page"}],"author":[{"embeddable":true,"href":"https:\/\/www.ufsm.br\/pro-reitorias\/progep\/wp-json\/wp\/v2\/users\/35"}],"replies":[{"embeddable":true,"href":"https:\/\/www.ufsm.br\/pro-reitorias\/progep\/wp-json\/wp\/v2\/comments?post=324"}],"version-history":[{"count":0,"href":"https:\/\/www.ufsm.br\/pro-reitorias\/progep\/wp-json\/wp\/v2\/pages\/324\/revisions"}],"wp:attachment":[{"href":"https:\/\/www.ufsm.br\/pro-reitorias\/progep\/wp-json\/wp\/v2\/media?parent=324"}],"wp:term":[{"taxonomy":"category","embeddable":true,"href":"https:\/\/www.ufsm.br\/pro-reitorias\/progep\/wp-json\/wp\/v2\/categories?post=324"},{"taxonomy":"post_tag","embeddable":true,"href":"https:\/\/www.ufsm.br\/pro-reitorias\/progep\/wp-json\/wp\/v2\/tags?post=324"}],"curies":[{"name":"wp","href":"https:\/\/api.w.org\/{rel}","templated":true}]}}